000
CXUS54 KFWD 110348
CF6DFW
PRELIMINARY LOCAL CLIMATOLOGICAL DATA (WS FORM: F-6)
STATION: DALLAS/FORT WORTH
MONTH: DECEMBER
YEAR: 2022
LATITUDE: 32 54 N
LONGITUDE: 97 2 W
TEMPERATURE IN F: :PCPN: SNOW: WIND :SUNSHINE: SKY :PK WND
================================================================================
1 2 3 4 5 6A 6B 7 8 9 10 11 12 13 14 15 16 17 18
12Z AVG MX 2MIN
DY MAX MIN AVG DEP HDD CDD WTR SNW DPTH SPD SPD DIR MIN PSBL S-S WX SPD DR
================================================================================
1 52 35 44 -7 21 0 T 0.0 0 8.1 18 180 M M 7 24 200
2 65 49 57 6 8 0 T 0.0 0 11.6 24 190 M M 9 1 29 190
3 60 46 53 2 12 0 0.00 0.0 0 13.5 29 360 M M 8 1 39 10
4 58 47 53 2 12 0 T 0.0 0 7.5 16 170 M M 9 1 21 160
5 81 52 67 17 0 2 0.00 0.0 0 14.2 22 190 M M 7 1 30 200
6 77 61 69 19 0 4 T 0.0 0 7.1 16 210 M M 7 20 230
7 74 58 66 16 0 1 0.06 0.0 0 6.7 15 350 M M 10 128 18 170
8 77 57 67 17 0 2 0.10 0.0 0 3.4 12 330 M M 9 128 13 330
9 68 58 63 14 2 0 0.06 0.0 0 6.8 15 10 M M 9 12 19 20
10 74 54 64 15 1 0 1.37 0.0 0 9.2 23 340 M M 10 123 30 330
11 58 52 55 6 10 0 0.04 0.0 0 6.9 15 10 M M 10 1 19 10
12 64 55 60 11 5 0 0.02 0.0 0 11.7 24 140 M M 10 1 33 140
13 69 54 62 14 3 0 0.73 0.0 0 13.0 41 230 M M 7 13 56 230
14 59 43 51 3 14 0 T 0.0 0 12.0 22 320 M M 5 31 290
15 55 37 46 -2 19 0 0.00 0.0 0 7.6 16 310 M M 0 25 270
16 50 37 44 -4 21 0 0.00 0.0 0 9.2 17 350 M M 6 22 340
17 52 35 44 -4 21 0 0.00 0.0 0 7.0 16 340 M M 1 20 330
18 55 31 43 -4 22 0 0.00 0.0 0 7.1 16 130 M M 5 22 140
19 49 44 47 0 18 0 0.01 0.0 0 10.5 20 150 M M 10 1 26 140
20 56 39 48 1 17 0 T 0.0 0 9.8 17 360 M M 6 1 23 10
21 52 31 42 -5 23 0 0.00 0.0 0 7.3 15 180 M M 7 20 180
22 45 11 28 -19 37 0 T T 0 22.1 38 330 M M 7 168 49 330
23 25 11 18 -29 47 0 0.00 0.0 0 15.6 24 350 M M 7 34 340
24 37 22 30 -16 35 0 0.00 0.0 0 5.3 12 310 M M 5 14 300
25 52 22 37 -9 28 0 0.00 0.0 0 7.5 15 190 M M 4 22 200
26 59 29 44 -2 21 0 0.00 0.0 0 10.6 26 350 M M 4 33 350
27 52 23 38 -8 27 0 0.00 0.0 0 9.0 16 160 M M 4 23 170
28 73 43 58 12 7 0 0.00 0.0 0 17.7 31 190 M M 5 41 190
29 74 55 65 19 0 0 0.00 0.0 0 10.6 28 190 M M 9 36 170
30 63 46 55 9 10 0 0.00 0.0 0 5.2 10 350 M M 9 14 360
31 74 46 60 14 5 0 0.00 0.0 0 11.3 25 220 M M 4 31 220
================================================================================
SM 1859 1283 446 9 2.39 T 305.1 M 210
================================================================================
AV 60.0 41.4 9.8 FASTST M M 7 MAX(MPH)
MISC ----> 41 230 56 230
================================================================================
NOTES:
# LAST OF SEVERAL OCCURRENCES
COLUMN 17 PEAK WIND IN M.P.H.
PRELIMINARY LOCAL CLIMATOLOGICAL DATA (WS FORM: F-6) , PAGE 2
STATION: DALLAS/FORT WORTH
MONTH: DECEMBER
YEAR: 2022
LATITUDE: 32 54 N
LONGITUDE: 97 2 W
[TEMPERATURE DATA] [PRECIPITATION DATA] SYMBOLS USED IN COLUMN 16
AVERAGE MONTHLY: 50.7 TOTAL FOR MONTH: 2.39 1 = FOG OR MIST
DPTR FM NORMAL: 2.6 DPTR FM NORMAL: -0.45 2 = FOG REDUCING VISIBILITY
HIGHEST: 81 ON 5 GRTST 24HR 1.41 ON 10-11 TO 1/4 MILE OR LESS
LOWEST: 11 ON 23,22 3 = THUNDER
SNOW, ICE PELLETS, HAIL 4 = ICE PELLETS
TOTAL MONTH: T 5 = HAIL
GRTST 24HR T ON 22-22 6 = FREEZING RAIN OR DRIZZLE
GRTST DEPTH: 0 7 = DUSTSTORM OR SANDSTORM:
VSBY 1/2 MILE OR LESS
8 = SMOKE OR HAZE
[NO. OF DAYS WITH] [WEATHER - DAYS WITH] 9 = BLOWING SNOW
X = TORNADO
MAX 32 OR BELOW: 1 0.01 INCH OR MORE: 8
MAX 90 OR ABOVE: 0 0.10 INCH OR MORE: 3
MIN 32 OR BELOW: 8 0.50 INCH OR MORE: 2
MIN 0 OR BELOW: 0 1.00 INCH OR MORE: 1
[HDD (BASE 65) ]
TOTAL THIS MO. 446 CLEAR (SCALE 0-3) 2
DPTR FM NORMAL -82 PTCLDY (SCALE 4-7) 18
TOTAL FM JUL 1 826 CLOUDY (SCALE 8-10) 11
DPTR FM NORMAL -59
[CDD (BASE 65) ]
TOTAL THIS MO. 9
DPTR FM NORMAL 5 [PRESSURE DATA]
TOTAL FM JAN 1 3481 HIGHEST SLP 30.80 ON 23
DPTR FM NORMAL 658 LOWEST SLP 29.54 ON 13
[REMARKS]
#FINAL-12-22#