000
CXUS54 KAMA 040544
CF6DHT
PRELIMINARY LOCAL CLIMATOLOGICAL DATA (WS FORM: F-6)
STATION: DALHART
MONTH: JANUARY
YEAR: 2023
LATITUDE: 36 1 N
LONGITUDE: 102 33 W
TEMPERATURE IN F: :PCPN: SNOW: WIND :SUNSHINE: SKY :PK WND
================================================================================
1 2 3 4 5 6A 6B 7 8 9 10 11 12 13 14 15 16 17 18
12Z AVG MX 2MIN
DY MAX MIN AVG DEP HDD CDD WTR SNW DPTH SPD SPD DIR MIN PSBL S-S WX SPD DR
================================================================================
1 60 37 49 14 16 0 0.00 M M 10.3 22 240 M M 0 30 240
2 49 27 38 3 27 0 0.03 M M 9.7 30 190 M M 3 39 210
3 43 19 31 -4 34 0 0.00 M M 7.3 17 360 M M 3 22 350
4 50 19 35 0 30 0 0.00 M M 8.5 24 320 M M 1 32 330
5 51 14 33 -2 32 0 0.00 M M 6.9 17 190 M M 0 22 200
6 67 26 47 12 18 0 0.00 M M 12.8 35 250 M M 0 49 240
7 54 21 38 2 27 0 0.00 M M 6.4 13 320 M M 0 16 330
8 61 15 38 2 27 0 0.00 M M 8.9 20 200 M M 0 27 190
9 63 23 43 7 22 0 0.00 M M 8.3 17 340 M M 0 24 320
10 72 34 53 17 12 0 0.00 M M 15.7 33 260 M M 0 8 47 270
11 60 31 46 10 19 0 0.00 M M 20.8 41 260 M M 2 8 56 250
12 52 26 39 3 26 0 0.00 M M 9.3 21 360 M M 2 26 340
13 60 20 40 4 25 0 0.00 M M 5.0 13 180 M M 0 17 190
14 72 22 47 11 18 0 0.00 M M 14.0 32 230 M M 0 41 250
15 65 39 52 16 13 0 0.00 M M 21.0 38 240 M M 1 8 54 260
16 59 32 46 10 19 0 0.00 M M 11.2 24 270 M M 0 32 260
17 58 29 44 8 21 0 M M M 12.8 30 230 M M 3 1 39 230
18 48 30 39 2 26 0 M M M 17.0 25 340 M M 2 37 340
19 49 20 35 -2 30 0 0.00 M M 9.1 14 210 M M 0 19 290
20 55 18 37 0 28 0 T M M 10.3 29 120 M M 2 41 160
21 43 25 34 -3 31 0 T M M 18.0 36 360 M M 7 46 360
22 47 18 33 -4 32 0 0.00 M M 7.7 14 260 M M 2 19 260
23 43 21 32 -5 33 0 0.00 M M 7.9 18 100 M M 3 23 80
24 33 29 31 -6 34 0 0.14 M M 9.8 25 360 M M 9 12 32 360
25 40 20 30 -7 35 0 0.00 M M 12.7 25 360 M M 4 32 340
26 45 18 32 -5 33 0 0.00 M M 10.4 21 240 M M 1 28 260
27 51 14 33 -4 32 0 0.00 M M 9.3 21 170 M M 0 27 180
28 53 19 36 -1 29 0 0.00 M M 10.2 26 40 M M 1 12 35 60
29 27 11 19 -19 46 0 T M M 12.5 20 30 M M 10 18 25 30
30 16 7 12 -26 53 0 T M M 9.5 16 30 M M 10 18 21 30
31 25 11 18 -20 47 0 T M M 7.1 14 270 M M 10 18 19 260
================================================================================
SM 1571 695 875 0 0.17 M 340.4 M 76
================================================================================
AV 50.7 22.4 11.0 FASTST M M 2 MAX(MPH)
MISC ----> 41 260 56 250
================================================================================
NOTES:
# LAST OF SEVERAL OCCURRENCES
COLUMN 17 PEAK WIND IN M.P.H.
PRELIMINARY LOCAL CLIMATOLOGICAL DATA (WS FORM: F-6) , PAGE 2
STATION: DALHART
MONTH: JANUARY
YEAR: 2023
LATITUDE: 36 1 N
LONGITUDE: 102 33 W
[TEMPERATURE DATA] [PRECIPITATION DATA] SYMBOLS USED IN COLUMN 16
AVERAGE MONTHLY: 36.5 TOTAL FOR MONTH: 0.17 1 = FOG OR MIST
DPTR FM NORMAL: 0.2 DPTR FM NORMAL: -0.30 2 = FOG REDUCING VISIBILITY
HIGHEST: 72 ON 14,10 GRTST 24HR 0.20 ON 24-24 TO 1/4 MILE OR LESS
LOWEST: 7 ON 30 3 = THUNDER
SNOW, ICE PELLETS, HAIL 4 = ICE PELLETS
TOTAL MONTH: M 5 = HAIL
GRTST 24HR M ON M 6 = FREEZING RAIN OR DRIZZLE
GRTST DEPTH: M ON M 7 = DUSTSTORM OR SANDSTORM:
VSBY 1/2 MILE OR LESS
8 = SMOKE OR HAZE
[NO. OF DAYS WITH] [WEATHER - DAYS WITH] 9 = BLOWING SNOW
X = TORNADO
MAX 32 OR BELOW: 3 0.01 INCH OR MORE: 2
MAX 90 OR ABOVE: 0 0.10 INCH OR MORE: 1
MIN 32 OR BELOW: 28 0.50 INCH OR MORE: 0
MIN 0 OR BELOW: 0 1.00 INCH OR MORE: 0
[HDD (BASE 65) ]
TOTAL THIS MO. 875 CLEAR (SCALE 0-3) 23
DPTR FM NORMAL -13 PTCLDY (SCALE 4-7) 4
TOTAL FM JUL 1 2704 CLOUDY (SCALE 8-10) 4
DPTR FM NORMAL 16
[CDD (BASE 65) ]
TOTAL THIS MO. 0
DPTR FM NORMAL 0 [PRESSURE DATA]
TOTAL FM JAN 1 0 HIGHEST SLP 30.50 ON 12
DPTR FM NORMAL 0 LOWEST SLP 29.35 ON 15
[REMARKS]
#FINAL-01-23#