000
CXUS54 KEPZ 011030
CF6DMN
PRELIMINARY LOCAL CLIMATOLOGICAL DATA (WS FORM: F-6)
STATION: DEMING
MONTH: AUGUST
YEAR: 2023
LATITUDE: 32 15 N
LONGITUDE: 107 42 W
TEMPERATURE IN F: :PCPN: SNOW: WIND :SUNSHINE: SKY :PK WND
================================================================================
1 2 3 4 5 6A 6B 7 8 9 10 11 12 13 14 15 16 17 18
12Z AVG MX 2MIN
DY MAX MIN AVG DEP HDD CDD WTR SNW DPTH SPD SPD DIR MIN PSBL S-S WX SPD DR
================================================================================
1 100 70 85 4 0 20 T M M 7.3 22 70 M M 1 3 33 60
2 101 70 86 5 0 21 0.08 M M 8.4 29 120 M M 1 3 45 120
3 98 70 84 3 0 19 0.00 M M 5.3 17 320 M M 0 3 22 320
4 105 67 86 5 0 21 0.00 M M 4.7 12 90 M M 0 18 190
5 107 66 87 6 0 22 0.00 M M 5.5 18 80 M M 0 26 80
6 108 75 92 12 0 27 0.00 M M 9.1 18 270 M M 0 27 250
7 104 74 89 9 0 24 0.00 M M 8.4 33 270 M M 1 8 46 260
8 100 71 86 6 0 21 0.22 M M 8.2 22 30 M M 1 3 32 20
9 99 64 82 2 0 17 0.13 M M 7.8 25 290 M M 1 3 37 280
10 97 69 83 3 0 18 0.04 M M 9.8 22 30 M M 2 3 32 290
11 93 71 82 2 0 17 0.00 M M 11.0 22 270 M M 2 3 32 270
12 96 70 83 3 0 18 0.00 M M 8.4 22 290 M M 2 34 290
13 91 71 81 1 0 16 0.00 M M 5.7 13 270 M M 2 20 260
14 91 69 80 0 0 15 0.28 M M 10.9 26 140 M M 4 3 39 140
15 93 64 79 -1 0 14 0.01 M M 9.2 21 90 M M 2 29 120
16 98 69 84 4 0 19 0.00 M M 5.9 13 80 M M 0 20 170
17 101 65 83 4 0 18 0.00 M M 5.8 14 110 M M 0 21 130
18 99 70 85 6 0 20 0.11 M M 6.9 29 150 M M 1 3 42 160
19 98 62 80 1 0 15 0.00 M M 9.8 23 130 M M 0 35 160
20 98 73 86 7 0 21 0.00 M M 12.7 25 110 M M 0 37 120
21 96 71 84 5 0 19 0.00 0.0 0 13.3 28 110 M M 1 41 120
22 96 71 84 5 0 19 0.01 M M 9.3 28 100 M M 1 3 40 80
23 77 64 71 -8 0 6 0.06 M M 8.4 23 40 M M 6 3 33 90
24 91 61 76 -2 0 11 0.00 M M 5.9 16 200 M M 2 23 220
25 93 68 81 3 0 16 0.09 M M 8.4 25 80 M M 3 3 36 110
26 95 69 82 4 0 17 0.00 0.0 0 7.9 18 70 M M 2 3 28 110
27 98 73 86 8 0 21 0.00 0.0 0 7.8 18 60 M M 0 23 60
28 98 72 85 7 0 20 0.00 M M 8.1 24 320 M M 0 3 36 330
29 92 69 81 3 0 16 0.00 M M 7.7 15 80 M M 1 3 21 70
30 95 67 81 4 0 16 0.00 M M 6.0 13 150 M M 1 19 100
31 99 66 83 6 0 18 0.00 M M 4.8 16 100 M M 0 25 50
================================================================================
SM 3007 2131 0 562 1.03 0.0 248.4 M 37
================================================================================
AV 97.0 68.7 8.0 FASTST M M 1 MAX(MPH)
MISC ----> 33 270 46 260
================================================================================
NOTES:
# LAST OF SEVERAL OCCURRENCES
COLUMN 17 PEAK WIND IN M.P.H.
PRELIMINARY LOCAL CLIMATOLOGICAL DATA (WS FORM: F-6) , PAGE 2
STATION: DEMING
MONTH: AUGUST
YEAR: 2023
LATITUDE: 32 15 N
LONGITUDE: 107 42 W
[TEMPERATURE DATA] [PRECIPITATION DATA] SYMBOLS USED IN COLUMN 16
AVERAGE MONTHLY: 82.9 TOTAL FOR MONTH: 1.03 1 = FOG OR MIST
DPTR FM NORMAL: 3.5 DPTR FM NORMAL: -0.98 2 = FOG REDUCING VISIBILITY
HIGHEST: 108 ON 6 GRTST 24HR 0.34 ON 8- 9 TO 1/4 MILE OR LESS
LOWEST: 61 ON 24 3 = THUNDER
SNOW, ICE PELLETS, HAIL 4 = ICE PELLETS
TOTAL MONTH: 0.0 INCH 5 = HAIL
GRTST 24HR 0.0 6 = FREEZING RAIN OR DRIZZLE
GRTST DEPTH: 0 7 = DUSTSTORM OR SANDSTORM:
VSBY 1/2 MILE OR LESS
8 = SMOKE OR HAZE
[NO. OF DAYS WITH] [WEATHER - DAYS WITH] 9 = BLOWING SNOW
X = TORNADO
MAX 32 OR BELOW: 0 0.01 INCH OR MORE: 10
MAX 90 OR ABOVE: 30 0.10 INCH OR MORE: 4
MIN 32 OR BELOW: 0 0.50 INCH OR MORE: 0
MIN 0 OR BELOW: 0 1.00 INCH OR MORE: 0
[HDD (BASE 65) ]
TOTAL THIS MO. 0 CLEAR (SCALE 0-3) 29
DPTR FM NORMAL 0 PTCLDY (SCALE 4-7) 2
TOTAL FM JUL 1 0 CLOUDY (SCALE 8-10) 0
DPTR FM NORMAL 0
[CDD (BASE 65) ]
TOTAL THIS MO. 562
DPTR FM NORMAL 117 [PRESSURE DATA]
TOTAL FM JAN 1 1832 HIGHEST SLP 30.14 ON 15
DPTR FM NORMAL 307 LOWEST SLP 29.71 ON 31
[REMARKS]
#FINAL-08-23#