000
CXUS52 KCAE 011400
CF6DNL
PRELIMINARY LOCAL CLIMATOLOGICAL DATA (WS FORM: F-6)
STATION: AUGUSTA DANIEL FIELD GA
MONTH: MAY
YEAR: 2022
LATITUDE: 33 28 N
LONGITUDE: 82 2 W
TEMPERATURE IN F: :PCPN: SNOW: WIND :SUNSHINE: SKY :PK WND
================================================================================
1 2 3 4 5 6A 6B 7 8 9 10 11 12 13 14 15 16 17 18
12Z AVG MX 2MIN
DY MAX MIN AVG DEP HDD CDD WTR SNW DPTH SPD SPD DIR MIN PSBL S-S WX SPD DR
================================================================================
1 87 63 75 4 0 10 T M M 6.4 14 200 M M 2 19 200
2 90 66 78 7 0 13 0.00 M M 4.8 13 210 M M 2 1 18 220
3 91 68 80 8 0 15 T M M 6.7 17 200 M M 2 3 23 210
4 89 68 79 7 0 14 T M M 4.6 10 290 M M 1 18 290
5 92 70 81 9 0 16 0.00 M M 5.9 14 220 M M 1 3 21 220
6 88 71 80 8 0 15 0.44 M M 9.1 33 210 M M 3 138 56 210
7 75 62 69 -4 0 4 0.00 M M 7.4 15 290 M M 3 25 270
8 73 57 65 -8 0 0 0.00 M M 8.9 17 50 M M 6 22 40
9 76 53 65 -8 0 0 0.00 M M 8.2 17 70 M M 2 22 70
10 85 57 71 -2 0 6 0.00 M M 8.6 16 40 M M 0 23 20
11 84 58 71 -3 0 6 0.00 M M 8.4 16 20 M M 0 24 20
12 85 62 74 0 0 9 T M M 10.5 18 80 M M 4 8 27 10
13 78 66 72 -2 0 7 0.33 M M 7.3 15 50 M M 8 138 19 70
14 85 64 75 1 0 10 0.00 M M 2.6 9 10 M M 5 12 14 330
15 90 68 79 4 0 14 0.00 M M 3.7 12 190 M M 1 16 160
16 93 68 81 6 0 16 0.00 M M 5.9 13 290 M M 1 20 270
17 88 68 78 3 0 13 0.00 M M 5.5 15 40 M M 0 19 350
18 92 64 78 3 0 13 0.00 M M 4.5 16 180 M M 0 8 22 140
19 96 72 84 8 0 19 0.00 M M 5.7 14 220 M M 1 24 220
20 96 74 85 9 0 20 0.00 M M 7.8 20 190 M M 1 26 180
21 92 74 83 7 0 18 0.02 M M 6.1 21 180 M M 2 3 27 180
22 91 71 81 5 0 16 0.09 M M 6.0 28 200 M M 5 13 37 190
23 83 69 76 0 0 11 0.68 M M 5.6 15 200 M M 4 13 25 260
24 90 70 80 3 0 15 T M M 4.1 14 60 M M 2 18 60
25 87 69 78 1 0 13 0.00 M M 8.7 15 110 M M 6 19 80
26 89 71 80 3 0 15 0.68 M M 8.0 21 170 M M 7 138 28 180
27 87 71 79 2 0 14 0.02 M M 5.7 14 220 M M 6 1 20 210
28 88 69 79 1 0 14 0.00 M M 4.1 10 250 M M 2 15 260
29 91 69 80 2 0 15 0.00 M M 4.3 14 140 M M 1 17 120
30 91 73 82 4 0 17 0.37 M M 4.4 22 180 M M 5 18 32 160
31 92 72 82 4 0 17 T M M 2.9 10 110 M M 3 18 14 70
================================================================================
SM 2714 2077 0 385 2.63 M 192.4 M 86
================================================================================
AV 87.5 67.0 6.2 FASTST M M 3 MAX(MPH)
MISC ----> 33 210 56 210
================================================================================
NOTES:
# LAST OF SEVERAL OCCURRENCES
COLUMN 17 PEAK WIND IN M.P.H.
PRELIMINARY LOCAL CLIMATOLOGICAL DATA (WS FORM: F-6) , PAGE 2
STATION: AUGUSTA DANIEL FIELD GA
MONTH: MAY
YEAR: 2022
LATITUDE: 33 28 N
LONGITUDE: 82 2 W
[TEMPERATURE DATA] [PRECIPITATION DATA] SYMBOLS USED IN COLUMN 16
AVERAGE MONTHLY: 77.3 TOTAL FOR MONTH: 2.63 1 = FOG OR MIST
DPTR FM NORMAL: 2.6 DPTR FM NORMAL: -0.19 2 = FOG REDUCING VISIBILITY
HIGHEST: 96 ON 20,19 GRTST 24HR 0.68 ON 23-23 TO 1/4 MILE OR LESS
LOWEST: 53 ON 9 3 = THUNDER
SNOW, ICE PELLETS, HAIL 4 = ICE PELLETS
TOTAL MONTH: M 5 = HAIL
GRTST 24HR M ON M 6 = FREEZING RAIN OR DRIZZLE
GRTST DEPTH: M ON M 7 = DUSTSTORM OR SANDSTORM:
VSBY 1/2 MILE OR LESS
8 = SMOKE OR HAZE
[NO. OF DAYS WITH] [WEATHER - DAYS WITH] 9 = BLOWING SNOW
X = TORNADO
MAX 32 OR BELOW: 0 0.01 INCH OR MORE: 8
MAX 90 OR ABOVE: 14 0.10 INCH OR MORE: 5
MIN 32 OR BELOW: 0 0.50 INCH OR MORE: 2
MIN 0 OR BELOW: 0 1.00 INCH OR MORE: 0
[HDD (BASE 65) ]
TOTAL THIS MO. 0 CLEAR (SCALE 0-3) 19
DPTR FM NORMAL -6 PTCLDY (SCALE 4-7) 12
TOTAL FM JUL 1 1487 CLOUDY (SCALE 8-10) 0
DPTR FM NORMAL -391
[CDD (BASE 65) ]
TOTAL THIS MO. 385
DPTR FM NORMAL 76 [PRESSURE DATA]
TOTAL FM JAN 1 581 HIGHEST SLP 30.27 ON 10
DPTR FM NORMAL 99 LOWEST SLP 29.62 ON 7
[REMARKS]
#FINAL-05-22#