000
CXUS52 KCAE 011400
CF6DNL
PRELIMINARY LOCAL CLIMATOLOGICAL DATA (WS FORM: F-6)
STATION: AUGUSTA DANIEL FIELD GA
MONTH: JUNE
YEAR: 2021
LATITUDE: 33 28 N
LONGITUDE: 82 2 W
TEMPERATURE IN F: :PCPN: SNOW: WIND :SUNSHINE: SKY :PK WND
================================================================================
1 2 3 4 5 6A 6B 7 8 9 10 11 12 13 14 15 16 17 18
12Z AVG MX 2MIN
DY MAX MIN AVG DEP HDD CDD WTR SNW DPTH SPD SPD DIR MIN PSBL S-S WX SPD DR
================================================================================
1 86 61 74 -4 0 9 0.00 M M 4.7 14 120 M M 4 18 120
2 89 67 78 -1 0 13 0.03 M M 3.0 14 210 M M 5 128 18 200
3 89 72 81 2 0 16 0.00 M M 5.9 13 140 M M 5 1 17 140
4 92 71 82 3 0 17 0.00 M M 5.8 10 140 M M 2 3 15 330
5 91 73 82 3 0 17 0.46 M M 4.4 15 160 M M 4 13 22 160
6 91 73 82 3 0 17 0.35 M M 3.5 28 190 M M 6 1238 36 200
7 88 73 81 1 0 16 1.34 M M 6.1 22 120 M M 8 13 30 110
8 84 72 78 -2 0 13 0.54 M M 4.0 18 170 M M 6 13 24 170
9 92 71 82 2 0 17 0.00 M M 4.4 14 220 M M 2 1 18 220
10 93 74 84 4 0 19 T M M 4.1 15 220 M M 2 20 200
11 90 74 82 2 0 17 0.06 M M 5.6 15 230 M M 2 3 21 250
12 92 74 83 3 0 18 T M M 4.7 18 340 M M 6 3 25 320
13 86 74 80 -1 0 15 0.01 M M 6.5 14 20 M M 6 22 40
14 93 71 82 1 0 17 0.00 M M 3.6 12 210 M M 2 3 13 200
15 96 75 86 5 0 21 0.00 M M 5.0 16 320 M M 1 22 320
16 90 72 81 0 0 16 0.00 M M 7.9 17 60 M M 2 23 70
17 90 69 80 -1 0 15 0.00 M M 5.2 13 80 M M 1 17 70
18 94 71 83 1 0 18 0.00 M M 5.5 13 170 M M 1 17 180
19 84 72 78 -4 0 13 0.86 M M 4.6 18 230 M M 5 13 26 220
20 80 74 77 -5 0 12 0.84 M M 9.1 28 180 M M 9 13 37 180
21 90 75 83 1 0 18 0.00 M M 8.3 20 220 M M 3 28 200
22 82 74 78 -4 0 13 0.08 M M 6.3 14 210 M M 7 1 19 230
23 88 70 79 -3 0 14 0.00 M M 7.5 14 80 M M 3 20 120
24 86 70 78 -4 0 13 0.00 M M 7.7 15 90 M M 3 21 120
25 87 67 77 -5 0 12 0.00 M M 6.0 14 30 M M 0 18 40
26 92 72 82 -1 0 17 0.00 M M 6.3 16 120 M M 3 22 120
27 92 75 84 1 0 19 T M M 4.9 15 10 M M 5 3 18 360
28 92 73 83 0 0 18 T M M 9.2 20 70 M M 4 27 80
29 92 75 84 1 0 19 0.03 M M 6.9 14 120 M M 6 18 110
30 91 75 83 0 0 18 0.00 M M 4.7 15 200 M M 2 3 21 150
================================================================================
SM 2682 2159 0 477 4.60 M 171.4 M 115
================================================================================
AV 89.4 72.0 5.7 FASTST M M 4 MAX(MPH)
MISC ----> # 28 190 37 180
================================================================================
NOTES:
# LAST OF SEVERAL OCCURRENCES
COLUMN 17 PEAK WIND IN M.P.H.
PRELIMINARY LOCAL CLIMATOLOGICAL DATA (WS FORM: F-6) , PAGE 2
STATION: AUGUSTA DANIEL FIELD GA
MONTH: JUNE
YEAR: 2021
LATITUDE: 33 28 N
LONGITUDE: 82 2 W
[TEMPERATURE DATA] [PRECIPITATION DATA] SYMBOLS USED IN COLUMN 16
AVERAGE MONTHLY: 80.7 TOTAL FOR MONTH: 4.60 1 = FOG OR MIST
DPTR FM NORMAL: -0.3 DPTR FM NORMAL: -0.12 2 = FOG REDUCING VISIBILITY
HIGHEST: 96 ON 15 GRTST 24HR 1.38 ON 19-20 TO 1/4 MILE OR LESS
LOWEST: 61 ON 1 3 = THUNDER
SNOW, ICE PELLETS, HAIL 4 = ICE PELLETS
TOTAL MONTH: M 5 = HAIL
GRTST 24HR M ON M 6 = FREEZING RAIN OR DRIZZLE
GRTST DEPTH: M ON M 7 = DUSTSTORM OR SANDSTORM:
VSBY 1/2 MILE OR LESS
8 = SMOKE OR HAZE
[NO. OF DAYS WITH] [WEATHER - DAYS WITH] 9 = BLOWING SNOW
X = TORNADO
MAX 32 OR BELOW: 0 0.01 INCH OR MORE: 11
MAX 90 OR ABOVE: 18 0.10 INCH OR MORE: 6
MIN 32 OR BELOW: 0 0.50 INCH OR MORE: 4
MIN 0 OR BELOW: 0 1.00 INCH OR MORE: 1
[HDD (BASE 65) ]
TOTAL THIS MO. 0 CLEAR (SCALE 0-3) 14
DPTR FM NORMAL 0 PTCLDY (SCALE 4-7) 14
TOTAL FM JUL 1 1709 CLOUDY (SCALE 8-10) 2
DPTR FM NORMAL -173
[CDD (BASE 65) ]
TOTAL THIS MO. 477
DPTR FM NORMAL -3 [PRESSURE DATA]
TOTAL FM JAN 1 961 HIGHEST SLP 30.28 ON 1
DPTR FM NORMAL -1 LOWEST SLP 29.72 ON 12
[REMARKS]
#FINAL-06-21#