000
CXUS52 KCAE 011222
CLMDNL
CLIMATE REPORT
NATIONAL WEATHER SERVICE COLUMBIA SC
722 AM EST MON JAN 01 2024
...................................
...THE AUGUSTA DANIEL FIELD GA CLIMATE SUMMARY FOR THE MONTH OF DECEMBER 2023...
CLIMATE NORMAL PERIOD: 1991 TO 2020
CLIMATE RECORD PERIOD: 9999 TO 9999
WEATHER OBSERVED NORMAL DEPART LAST YEAR`S
VALUE DATE(S) VALUE FROM VALUE
NORMAL
..............................................................
TEMPERATURE (F)
HIGHEST 77 12/09 MM MM
LOWEST 28 12/20 MM MM
AVG. MAXIMUM 61.0 60.2 0.8
AVG. MINIMUM 43.4 42.1 1.3
MEAN 52.2 51.1 1.1
DAYS MAX >= 90 0 0.0 0.0
DAYS MAX <= 32 0 0.0 0.0
DAYS MIN <= 32 3 5.0 -2.0
DAYS MIN <= 0 0 0.0 0.0
PRECIPITATION (INCHES)
TOTALS 3.66 3.82 -0.16
DAYS >= .01 5 9.7 -4.7
DAYS >= .10 3 6.0 -3.0
DAYS >= .50 3 2.5 0.5
DAYS >= 1.00 1 1.0 0.0
GREATEST
24 HR. TOTAL 2.10 12/16 TO 12/17
DAYS >= TRACE MM
DEGREE DAYS
HEATING TOTAL 390 437 -47
SINCE 7/1 690 734 -44
COOLING TOTAL 1 8 -7
SINCE 1/1 2362 2663 -301
..............................................................
WIND (MPH)
AVERAGE WIND SPEED 5.5
RESULTANT WIND SPEED/DIRECTION 1/040
HIGHEST WIND SPEED/DIRECTION 24/310 DATE 12/10
HIGHEST GUST SPEED/DIRECTION 40/300 DATE 12/18
SKY COVER
POSSIBLE SUNSHINE (PERCENT) MM
AVERAGE SKY COVER 0.31
NUMBER OF DAYS FAIR 18
NUMBER OF DAYS PC 8
NUMBER OF DAYS CLOUDY 5
AVERAGE RH (PERCENT) 62
WEATHER CONDITIONS. NUMBER OF DAYS WITH
THUNDERSTORM 1 MIXED PRECIP 0
HEAVY RAIN 4 RAIN 4
LIGHT RAIN 6 FREEZING RAIN 0
LT FREEZING RAIN 0 HAIL 0
HEAVY SNOW 0 SNOW 0
LIGHT SNOW 0 SLEET 0
FOG 6 FOG W/VIS <= 1/4 MILE 2
HAZE 2
- INDICATES NEGATIVE NUMBERS.
R INDICATES RECORD WAS SET OR TIED.
MM INDICATES DATA IS MISSING.
T INDICATES TRACE AMOUNT.
$$