000
CXUS55 KGJT 011622
CF6DRO
PRELIMINARY LOCAL CLIMATOLOGICAL DATA (WS FORM: F-6)
STATION: DURANGO AIRPORT CO
MONTH: JANUARY
YEAR: 2024
LATITUDE: 37 9 N
LONGITUDE: 107 45 W
TEMPERATURE IN F: :PCPN: SNOW: WIND :SUNSHINE: SKY :PK WND
================================================================================
1 2 3 4 5 6A 6B 7 8 9 10 11 12 13 14 15 16 17 18
12Z AVG MX 2MIN
DY MAX MIN AVG DEP HDD CDD WTR SNW DPTH SPD SPD DIR MIN PSBL S-S WX SPD DR
================================================================================
1 44 15 30 7 35 0 0.00 M M 1.7 10 10 M M 0 12 10
2 45 13 29 6 36 0 0.00 M M 3.9 15 210 M M 0 19 210
3 43 13 28 5 37 0 T M M 4.3 13 170 M M 2 1 18 180
4 36 23 30 7 35 0 0.14 M M 7.5 17 60 M M 9 12 25 60
5 32 15 24 1 41 0 0.00 M M 4.5 15 60 M M 8 12 17 60
6 32 10 21 -2 44 0 0.00 M M 4.4 16 260 M M 6 1 20 250
7 26 20 23 0 42 0 0.45 M M 4.7 18 200 M M 10 12 29 220
8 31 -7 12 -11 53 0 0.01 M M 6.9 21 330 M M 5 12 30 320
9 21 -16 3 -20 62 0 0.00 M M 4.6 10 70 M M 0 12 80
10 30 -7 12 -11 53 0 T M M 6.8 21 250 M M 4 28 260
11 31 7 19 -4 46 0 0.08 M M 5.5 24 260 M M 6 1 33 310
12 24 -8 8 -15 57 0 0.00 M M 10.2 29 260 M M 3 35 260
13 33 18 26 3 39 0 0.05 M M 10.7 25 260 M M 5 1 35 250
14 39 24 32 9 33 0 0.06 M M 9.3 28 270 M M 7 1 35 260
15 36 11 24 1 41 0 0.00 M M 10.9 25 250 M M 0 35 250
16 36 2 19 -4 46 0 0.00 M M 5.9 13 60 M M 0 17 80
17 34 0 17 -7 48 0 T M M 5.0 10 360 M M 6 12 10
18 45 17 31 7 34 0 0.00 M M 5.0 14 230 M M 3 18 230
19 41 11 26 2 39 0 0.00 M M 3.4 9 10 M M 1 12 11 10
20 45 17 31 7 34 0 0.00 M M 3.8 13 360 M M 3 15 360
21 37 31 34 10 31 0 0.09 M M 2.4 8 60 M M 10 1 11 110
22 44 26 35 11 30 0 T M M 2.0 7 100 M M 8 12 9 250
23 41 19 30 6 35 0 0.00 M M 2.4 8 20 M M 7 10 140
24 42 26 34 10 31 0 0.00 M M 3.9 14 250 M M 7 17 250
25 37 27 32 7 33 0 0.04 M M 1.7 8 360 M M 10 12 11 360
26 42 18 30 5 35 0 0.00 M M 3.9 10 210 M M 3 12 16 190
27 43 19 31 6 34 0 0.00 M M 3.0 9 30 M M 3 10 30
28 49 16 33 8 32 0 0.00 M M 2.6 9 10 M M 0 10 10
29 50 20 35 9 30 0 0.00 M M 3.5 10 360 M M 0 17 280
30 55 22 39 13 26 0 0.00 M M 3.3 9 20 M M 0 11 360
31 55 23 39 13 26 0 0.00 M M 2.3 13 260 M M 1 18 250
================================================================================
SM 1199 425 1198 0 0.92 M 150.0 M 127
================================================================================
AV 38.7 13.7 4.8 FASTST M M 4 MAX(MPH)
MISC ----> 29 260 # 35 260
================================================================================
NOTES:
# LAST OF SEVERAL OCCURRENCES
COLUMN 17 PEAK WIND IN M.P.H.
PRELIMINARY LOCAL CLIMATOLOGICAL DATA (WS FORM: F-6) , PAGE 2
STATION: DURANGO AIRPORT CO
MONTH: JANUARY
YEAR: 2024
LATITUDE: 37 9 N
LONGITUDE: 107 45 W
[TEMPERATURE DATA] [PRECIPITATION DATA] SYMBOLS USED IN COLUMN 16
AVERAGE MONTHLY: 26.2 TOTAL FOR MONTH: 0.92 1 = FOG OR MIST
DPTR FM NORMAL: 2.5 DPTR FM NORMAL: -0.36 2 = FOG REDUCING VISIBILITY
HIGHEST: 55 ON 31,30 GRTST 24HR 0.45 ON 7- 7 TO 1/4 MILE OR LESS
LOWEST: -16 ON 9 3 = THUNDER
SNOW, ICE PELLETS, HAIL 4 = ICE PELLETS
TOTAL MONTH: M 5 = HAIL
GRTST 24HR M ON M 6 = FREEZING RAIN OR DRIZZLE
GRTST DEPTH: M ON M 7 = DUSTSTORM OR SANDSTORM:
VSBY 1/2 MILE OR LESS
8 = SMOKE OR HAZE
[NO. OF DAYS WITH] [WEATHER - DAYS WITH] 9 = BLOWING SNOW
X = TORNADO
MAX 32 OR BELOW: 8 0.01 INCH OR MORE: 8
MAX 90 OR ABOVE: 0 0.10 INCH OR MORE: 2
MIN 32 OR BELOW: 31 0.50 INCH OR MORE: 0
MIN 0 OR BELOW: 5 1.00 INCH OR MORE: 0
[HDD (BASE 65) ]
TOTAL THIS MO. 1198 CLEAR (SCALE 0-3) 16
DPTR FM NORMAL -81 PTCLDY (SCALE 4-7) 11
TOTAL FM JUL 1 3678 CLOUDY (SCALE 8-10) 4
DPTR FM NORMAL -431
[CDD (BASE 65) ]
TOTAL THIS MO. 0
DPTR FM NORMAL 0 [PRESSURE DATA]
TOTAL FM JAN 1 0 HIGHEST SLP 30.62 ON 28
DPTR FM NORMAL 0 LOWEST SLP 29.54 ON 8
[REMARKS]
#FINAL-01-24#