000
CXUS53 KDMX 030735
CF6DSM
PRELIMINARY LOCAL CLIMATOLOGICAL DATA (WS FORM: F-6)
STATION: DES MOINES IA
MONTH: JUNE
YEAR: 2020
LATITUDE: 41 31 N
LONGITUDE: 93 39 W
TEMPERATURE IN F: :PCPN: SNOW: WIND :SUNSHINE: SKY :PK WND
================================================================================
1 2 3 4 5 6A 6B 7 8 9 10 11 12 13 14 15 16 17 18
12Z AVG MX 2MIN
DY MAX MIN AVG DEP HDD CDD WTR SNW DPTH SPD SPD DIR MIN PSBL S-S WX SPD DR
================================================================================
1 86 63 75 8 0 10 0.01 0.0 0 15.8 30 210 M M 7 42 220
2 91 68 80 12 0 15 0.00 0.0 0 13.6 24 210 M M 4 32 220
3 89 70 80 12 0 15 0.04 0.0 0 6.0 16 50 M M 6 13 22 360
4 89 71 80 12 0 15 0.00 0.0 0 7.8 15 210 M M 5 20 230
5 90 64 77 8 0 12 0.72 0.0 0 8.4 35 330 M M 6 135 58 320
6 87 70 79 10 0 14 0.00 0.0 0 10.3 20 150 M M 8 27 150
7 91 70 81 12 0 16 0.00 0.0 0 14.3 24 160 M M 6 35 170
8 91 73 82 12 0 17 0.00 0.0 0 13.3 22 140 M M 4 27 140
9 77 67 72 2 0 7 0.71 0.0 0 7.4 16 350 M M 9 13 22 350
10 74 58 66 -4 0 1 1.37 0.0 0 17.0 33 310 M M 6 13 46 330
11 85 55 70 -1 0 5 0.00 0.0 0 7.8 21 260 M M 2 8 33 260
12 88 57 73 2 0 8 0.00 0.0 0 2.9 12 340 M M 1 16 340
13 80 63 72 1 0 7 0.00 0.0 0 9.6 20 110 M M 2 30 110
14 82 59 71 -1 0 6 0.00 0.0 0 14.1 24 140 M M 6 33 120
15 86 65 76 4 0 11 0.00 0.0 0 13.6 20 150 M M 4 26 140
16 85 66 76 4 0 11 0.00 0.0 0 12.6 18 140 M M 1 27 160
17 85 63 74 2 0 9 0.00 0.0 0 13.1 22 140 M M 1 30 140
18 87 67 77 4 0 12 0.04 0.0 0 10.9 22 150 M M 8 13 29 160
19 78 70 74 1 0 9 0.16 0.0 0 5.0 13 340 M M 9 13 16 340
20 83 67 75 2 0 10 T 0.0 0 4.5 16 260 M M 6 1 26 270
21 89 66 78 4 0 13 0.15 0.0 0 9.1 31 330 M M 5 13 40 340
22 76 62 69 -5 0 4 1.65 0.0 0 7.6 25 340 M M 7 13 33 350
23 76 60 68 -6 0 3 0.00 0.0 0 9.8 20 310 M M 4 27 310
24 82 57 70 -4 0 5 0.00 0.0 0 5.1 14 280 M M 2 21 290
25 86 60 73 -1 0 8 0.00 0.0 0 6.9 17 160 M M 3 22 150
26 86 70 78 3 0 13 0.74 0.0 0 8.6 26 250 M M 7 138 41 260
27 86 70 78 3 0 13 0.22 0.0 0 4.9 14 220 M M 8 13 17 240
28 85 69 77 2 0 12 0.06 0.0 0 11.9 24 170 M M 6 13 33 150
29 87 74 81 6 0 16 0.00 0.0 0 12.3 20 170 M M 6 27 170
30 83 73 78 3 0 13 0.00 0.0 0 10.8 18 140 M M 9 24 120
================================================================================
SM 2540 1967 0 310 5.87 0.0 295.0 M 158
================================================================================
AV 84.7 65.6 9.8 FASTST M M 5 MAX(MPH)
MISC ----> # 35 330 # 58 320
================================================================================
NOTES:
# LAST OF SEVERAL OCCURRENCES
COLUMN 17 PEAK WIND IN M.P.H.
PRELIMINARY LOCAL CLIMATOLOGICAL DATA (WS FORM: F-6) , PAGE 2
STATION: DES MOINES IA
MONTH: JUNE
YEAR: 2020
LATITUDE: 41 31 N
LONGITUDE: 93 39 W
[TEMPERATURE DATA] [PRECIPITATION DATA] SYMBOLS USED IN COLUMN 16
AVERAGE MONTHLY: 75.1 TOTAL FOR MONTH: 5.87 1 = FOG OR MIST
DPTR FM NORMAL: 3.3 DPTR FM NORMAL: 0.93 2 = FOG REDUCING VISIBILITY
HIGHEST: 91 ON 8, 7 GRTST 24HR 1.65 ON 22-22 TO 1/4 MILE OR LESS
LOWEST: 55 ON 11 3 = THUNDER
SNOW, ICE PELLETS, HAIL 4 = ICE PELLETS
TOTAL MONTH: 0.0 INCH 5 = HAIL
GRTST 24HR 0.0 6 = FREEZING RAIN OR DRIZZLE
GRTST DEPTH: 0 7 = DUSTSTORM OR SANDSTORM:
VSBY 1/2 MILE OR LESS
8 = SMOKE OR HAZE
[NO. OF DAYS WITH] [WEATHER - DAYS WITH] 9 = BLOWING SNOW
X = TORNADO
MAX 32 OR BELOW: 0 0.01 INCH OR MORE: 12
MAX 90 OR ABOVE: 4 0.10 INCH OR MORE: 8
MIN 32 OR BELOW: 0 0.50 INCH OR MORE: 5
MIN 0 OR BELOW: 0 1.00 INCH OR MORE: 2
[HDD (BASE 65) ]
TOTAL THIS MO. 0 CLEAR (SCALE 0-3) 6
DPTR FM NORMAL -17 PTCLDY (SCALE 4-7) 20
TOTAL FM JUL 1 6009 CLOUDY (SCALE 8-10) 4
DPTR FM NORMAL -193
[CDD (BASE 65) ]
TOTAL THIS MO. 310
DPTR FM NORMAL 89 [PRESSURE DATA]
TOTAL FM JAN 1 358 HIGHEST SLP M ON M
DPTR FM NORMAL 61 LOWEST SLP 29.41 ON 9
[REMARKS]
#FINAL-06-20#