000
CXUS55 KTWC 050527
CF6DUG
PRELIMINARY LOCAL CLIMATOLOGICAL DATA (WS FORM: F-6)
STATION: DOUGLAS AZ
MONTH: DECEMBER
YEAR: 2023
LATITUDE: 31 28 N
LONGITUDE: 109 36 W
TEMPERATURE IN F: :PCPN: SNOW: WIND :SUNSHINE: SKY :PK WND
================================================================================
1 2 3 4 5 6A 6B 7 8 9 10 11 12 13 14 15 16 17 18
12Z AVG MX 2MIN
DY MAX MIN AVG DEP HDD CDD WTR SNW DPTH SPD SPD DIR MIN PSBL S-S WX SPD DR
================================================================================
1 60 34 47 0 18 0 0.02 M M 6.3 28 220 M M 6 1 33 210
2 59 27 43 -4 22 0 0.00 M M 4.5 14 350 M M 2 12 19 350
3 65 22 44 -3 21 0 0.00 M M 4.9 13 320 M M 0 19 340
4 70 25 48 2 17 0 0.00 M M 3.5 13 350 M M M 15 350
5 73 28 51 5 14 0 0.00 M M 4.4 15 80 M M M 20 70
6 72 31 52 6 13 0 0.00 M M 3.4 13 350 M M M 14 10
7 78 27 53 7 12 0 0.00 M M 5.5 22 270 M M 0 37 230
8 71 31 51 5 14 0 0.00 M M 6.2 20 320 M M 0 23 330
9 64 30 47 2 18 0 0.00 M M 6.2 18 80 M M M 26 80
10 61 19 40 -5 25 0 0.00 M M 7.1 22 80 M M M 31 80
11 68 18 43 -2 22 0 0.00 M M 2.3 7 290 M M 0 8 110
12 72 32 52 7 13 0 0.00 M M 7.1 22 180 M M 0 34 180
13 70 33 52 7 13 0 0.00 M M 8.7 22 170 M M 0 42 160
14 62 24 43 -2 22 0 0.00 M M 4.5 13 330 M M 0 17 350
15 66 21 44 0 21 0 0.00 M M 10.0 20 80 M M 0 27 90
16 68 24 46 2 19 0 0.00 M M 7.8 17 80 M M 0 23 80
17 70 24 47 3 18 0 0.00 M M 2.2 10 80 M M 0 11 190
18 66 29 48 4 17 0 0.00 M M 3.1 8 320 M M 0 10 340
19 70 36 53 9 12 0 0.00 M M 5.1 14 170 M M 1 17 170
20 64 41 53 9 12 0 T M M 5.1 15 120 M M 4 17 110
21 69 30 50 6 15 0 0.00 M M 5.4 17 170 M M 0 25 170
22 60 34 47 3 18 0 0.62 M M 7.5 29 280 M M 6 138 37 280
23 57 41 49 5 16 0 0.34 M M 11.2 23 230 M M 7 13 34 240
24 55 30 43 -1 22 0 0.00 M M 5.1 12 310 M M 1 12 14 320
25 57 29 43 -1 22 0 0.00 M M 5.6 17 300 M M 0 1 21 300
26 58 26 42 -2 23 0 0.00 M M 7.2 20 310 M M 0 28 310
27 56 23 40 -4 25 0 0.00 M M 2.0 8 350 M M 0 10 360
28 62 26 44 0 21 0 0.00 M M 3.6 10 10 M M 0 12 350
29 62 23 43 -1 22 0 0.00 M M 6.1 13 90 M M 0 17 80
30 63 27 45 1 20 0 0.00 M M 6.0 15 160 M M 0 18 160
31 64 29 47 3 18 0 0.00 M M 5.9 21 250 M M 0 27 250
================================================================================
SM 2012 874 565 0 0.98 M 173.5 M 27
================================================================================
AV 64.9 28.2 5.6 FASTST M M 1 MAX(MPH)
MISC ----> 29 280 42 160
================================================================================
NOTES:
# LAST OF SEVERAL OCCURRENCES
COLUMN 17 PEAK WIND IN M.P.H.
PRELIMINARY LOCAL CLIMATOLOGICAL DATA (WS FORM: F-6) , PAGE 2
STATION: DOUGLAS AZ
MONTH: DECEMBER
YEAR: 2023
LATITUDE: 31 28 N
LONGITUDE: 109 36 W
[TEMPERATURE DATA] [PRECIPITATION DATA] SYMBOLS USED IN COLUMN 16
AVERAGE MONTHLY: 46.5 TOTAL FOR MONTH: 0.98 1 = FOG OR MIST
DPTR FM NORMAL: 1.7 DPTR FM NORMAL: 0.21 2 = FOG REDUCING VISIBILITY
HIGHEST: 78 ON 7 GRTST 24HR 0.96 ON 22-23 TO 1/4 MILE OR LESS
LOWEST: 18 ON 11 3 = THUNDER
SNOW, ICE PELLETS, HAIL 4 = ICE PELLETS
TOTAL MONTH: M 5 = HAIL
GRTST 24HR M ON M 6 = FREEZING RAIN OR DRIZZLE
GRTST DEPTH: M ON M 7 = DUSTSTORM OR SANDSTORM:
VSBY 1/2 MILE OR LESS
8 = SMOKE OR HAZE
[NO. OF DAYS WITH] [WEATHER - DAYS WITH] 9 = BLOWING SNOW
X = TORNADO
MAX 32 OR BELOW: 0 0.01 INCH OR MORE: 3
MAX 90 OR ABOVE: 0 0.10 INCH OR MORE: 2
MIN 32 OR BELOW: 25 0.50 INCH OR MORE: 1
MIN 0 OR BELOW: 0 1.00 INCH OR MORE: 0
[HDD (BASE 65) ]
TOTAL THIS MO. 565 CLEAR (SCALE 0-3) 22
DPTR FM NORMAL -61 PTCLDY (SCALE 4-7) 4
TOTAL FM JUL 1 901 CLOUDY (SCALE 8-10) 5
DPTR FM NORMAL -180
[CDD (BASE 65) ]
TOTAL THIS MO. 0
DPTR FM NORMAL 0 [PRESSURE DATA]
TOTAL FM JAN 1 2078 HIGHEST SLP 30.41 ON 10
DPTR FM NORMAL 369 LOWEST SLP 29.79 ON 23
[REMARKS]
#FINAL-12-23#