000
CXUS55 KDVN 011000
CF6DVN
PRELIMINARY LOCAL CLIMATOLOGICAL DATA (WS FORM: F-6)
STATION: DAVENPORT IA
MONTH: JULY
YEAR: 2021
LATITUDE: 41 37 N
LONGITUDE: 90 35 W
TEMPERATURE IN F: :PCPN: SNOW: WIND :SUNSHINE: SKY :PK WND
================================================================================
1 2 3 4 5 6A 6B 7 8 9 10 11 12 13 14 15 16 17 18
12Z AVG MX 2MIN
DY MAX MIN AVG DEP HDD CDD WTR SNW DPTH SPD SPD DIR MIN PSBL S-S WX SPD DR
================================================================================
1 84 65 75 2 0 10 0.00 0.0 0 7.8 15 60 M M 1 12 22 40
2 79 59 69 -5 0 4 0.00 0.0 0 4.7 10 60 M M 1 13 10
3 82 56 69 -5 0 4 0.00 0.0 0 4.3 12 270 M M 0 18 15 280
4 85 64 75 1 0 10 0.00 0.0 0 7.7 14 230 M M 0 8 18 220
5 89 69 79 5 0 14 0.00 0.0 0 10.5 18 240 M M 0 26 230
6 87 72 80 6 0 15 0.00 0.0 0 8.8 16 220 M M 1 8 23 220
7 85 65 75 1 0 10 0.52 0.0 0 7.4 26 270 M M 4 138 37 280
8 73 61 67 -7 0 2 T 0.0 0 7.7 15 350 M M 7 1 21 350
9 75 59 67 -7 0 2 0.24 0.0 0 6.5 15 100 M M 5 13 19 100
10 71 63 67 -7 0 2 0.09 0.0 0 10.8 16 30 M M 8 1 23 50
11 72 63 68 -6 0 3 0.70 0.0 0 13.4 23 50 M M 10 1 34 50
12 71 64 68 -6 0 3 T 0.0 0 7.5 13 20 M M 10 1 17 30
13 81 66 74 0 0 9 T 0.0 0 6.4 15 260 M M 6 1 20 260
14 83 67 75 1 0 10 1.68 0.0 0 10.5 31 280 M M 1 123 44 270
15 77 64 71 -3 0 6 0.44 0.0 0 5.8 17 210 M M 7 13 29 210
16 78 60 69 -5 0 4 0.00 0.0 0 7.2 14 50 M M 5 12 20 60
17 81 56 69 -5 0 4 0.00 0.0 0 4.3 14 20 M M 1 18 19 30
18 83 60 72 -2 0 7 0.00 0.0 0 7.7 14 50 M M 1 1 19 50
19 84 63 74 0 0 9 0.00 0.0 0 3.8 10 40 M M 1 1 15 360
20 84 60 72 -2 0 7 0.00 0.0 0 5.2 12 320 M M 1 1 16 330
21 85 66 76 2 0 11 0.00 0.0 0 5.9 13 60 M M 1 18 16 60
22 86 68 77 3 0 12 0.00 0.0 0 5.9 12 220 M M 1 18 18 200
23 88 68 78 4 0 13 0.00 0.0 0 7.5 14 220 M M 1 18 20 210
24 90 71 81 7 0 16 0.00 0.0 0 8.9 18 260 M M 1 18 27 260
25 86 62 74 0 0 9 0.00 0.0 0 4.4 12 290 M M 0 16 290
26 87 58 73 -1 0 8 0.00 0.0 0 2.3 9 250 M M 0 18 14 250
27 86 63 75 1 0 10 0.00 0.0 0 5.5 17 210 M M 0 8 25 200
28 88 72 80 6 0 15 T 0.0 0 6.3 13 200 M M 2 18 19 240
29 87 71 79 5 0 14 0.31 0.0 0 8.2 25 30 M M 3 138 33 30
30 73 65 69 -4 0 4 T 0.0 0 7.3 16 70 M M 3 1 20 60
31 79 64 72 -1 0 7 0.00 0.0 0 5.1 10 230 M M 4 18 14 230
================================================================================
SM 2539 1984 0 254 3.98 0.0 215.3 M 86
================================================================================
AV 81.9 64.0 6.9 FASTST M M 3 MAX(MPH)
MISC ----> 31 280 44 270
================================================================================
NOTES:
# LAST OF SEVERAL OCCURRENCES
COLUMN 17 PEAK WIND IN M.P.H.
PRELIMINARY LOCAL CLIMATOLOGICAL DATA (WS FORM: F-6) , PAGE 2
STATION: DAVENPORT IA
MONTH: JULY
YEAR: 2021
LATITUDE: 41 37 N
LONGITUDE: 90 35 W
[TEMPERATURE DATA] [PRECIPITATION DATA] SYMBOLS USED IN COLUMN 16
AVERAGE MONTHLY: 73.0 TOTAL FOR MONTH: 3.98 1 = FOG OR MIST
DPTR FM NORMAL: -0.7 DPTR FM NORMAL: -0.09 2 = FOG REDUCING VISIBILITY
HIGHEST: 90 ON 24 GRTST 24HR 2.12 ON 14-15 TO 1/4 MILE OR LESS
LOWEST: 56 ON 17, 3 3 = THUNDER
SNOW, ICE PELLETS, HAIL 4 = ICE PELLETS
TOTAL MONTH: 0.0 INCH 5 = HAIL
GRTST 24HR 0.0 6 = FREEZING RAIN OR DRIZZLE
GRTST DEPTH: 0 7 = DUSTSTORM OR SANDSTORM:
VSBY 1/2 MILE OR LESS
8 = SMOKE OR HAZE
[NO. OF DAYS WITH] [WEATHER - DAYS WITH] 9 = BLOWING SNOW
X = TORNADO
MAX 32 OR BELOW: 0 0.01 INCH OR MORE: 7
MAX 90 OR ABOVE: 1 0.10 INCH OR MORE: 6
MIN 32 OR BELOW: 0 0.50 INCH OR MORE: 3
MIN 0 OR BELOW: 0 1.00 INCH OR MORE: 1
[HDD (BASE 65) ]
TOTAL THIS MO. 0 CLEAR (SCALE 0-3) 20
DPTR FM NORMAL -4 PTCLDY (SCALE 4-7) 9
TOTAL FM JUL 1 0 CLOUDY (SCALE 8-10) 2
DPTR FM NORMAL 0
[CDD (BASE 65) ]
TOTAL THIS MO. 254
DPTR FM NORMAL -20 [PRESSURE DATA]
TOTAL FM JAN 1 643 HIGHEST SLP 30.22 ON 18
DPTR FM NORMAL 89 LOWEST SLP 29.84 ON 24
[REMARKS]
#FINAL-07-21#