000
CXUS54 KMAF 011110
CF6E38
PRELIMINARY LOCAL CLIMATOLOGICAL DATA (WS FORM: F-6)
STATION: ALPINE-CASPARIS MUNICIPAL
MONTH: AUGUST
YEAR: 2021
LATITUDE: 30 23 N
LONGITUDE: 103 41 W
TEMPERATURE IN F: :PCPN: SNOW: WIND :SUNSHINE: SKY :PK WND
================================================================================
1 2 3 4 5 6A 6B 7 8 9 10 11 12 13 14 15 16 17 18
12Z AVG MX 2MIN
DY MAX MIN AVG DEP HDD CDD WTR SNW DPTH SPD SPD DIR MIN PSBL S-S WX SPD DR
================================================================================
1 86 65 76 M 0 11 0.47 M M 5.3 22 240 M M 5 3 30 80
2 76 64 70 M 0 5 0.03 M M 7.1 16 10 M M 8 24 10
3 83 62 73 M 0 8 M M M 3.1 12 60 M M 4 17 70
4 87 58 73 M 0 8 M M M 5.6 14 120 M M 1 21 120
5 85 60 73 M 0 8 M M M 5.3 13 120 M M 2 3 24 110
6 91 62 77 M 0 12 M M M 5.8 13 160 M M 2 18 160
7 94 68 81 M 0 16 M M M 8.1 13 210 M M 1 18 220
8 97 72 85 M 0 20 M M M 9.1 17 160 M M 0 21 160
9 93 72 83 M 0 18 M M M 7.6 17 260 M M 0 3 22 120
10 90 60 75 M 0 10 0.68 M M 6.6 22 330 M M 3 3 28 330
11 80 67 74 M 0 9 M M M 5.7 12 240 M M 8 3 17 220
12 87 64 76 M 0 11 0.99 M M 5.2 17 310 M M 6 37 330
13 85 67 76 M 0 11 M M M 4.8 14 140 M M 5 21 200
14 78 65 72 M 0 7 M M M 6.5 16 50 M M 6 3 20 50
15 78 65 72 M 0 7 M M M 3.2 15 70 M M 5 18 60
16 78 65 72 M 0 7 0.10 M M 6.0 17 250 M M 5 3 28 250
17 84 66 75 M 0 10 0.26 M M 5.1 14 40 M M 7 3 21 40
18 88 64 76 M 0 11 M M M 6.7 13 50 M M 1 16 230
19 89 69 79 M 0 14 0.01 M M 8.7 14 170 M M 3 3 21 120
20 84 67 76 M 0 11 M M M 6.5 14 220 M M 2 3 17 220
21 86 66 76 M 0 11 M M M 6.0 15 160 M M 1 3 18 160
22 88 65 77 M 0 12 M M M 6.9 14 160 M M 1 20 150
23 91 61 76 M 0 11 M M M 6.9 12 120 M M 0 18 120
24 92 63 78 M 0 13 M M M 6.4 13 150 M M 0 17 40
25 89 63 76 M 0 11 M M M 7.1 13 140 M M 0 21 130
26 89 65 77 M 0 12 M M M 4.9 12 120 M M 1 21 180
27 89 62 76 M 0 11 M M M 4.5 10 120 M M 2 21 120
28 89 62 76 M 0 11 M M M 5.6 15 150 M M 2 22 150
29 85 60 73 M 0 8 M M M 5.1 9 140 M M 2 16 80
30 79 64 72 M 0 7 0.08 M M 3.3 13 150 M M 2 18 150
31 85 67 76 M 0 11 M M M 4.7 14 160 M M 4 3 23 80
================================================================================
SM 2675 2000 0 332 2.62 M 183.3 M 89
================================================================================
AV 86.3 64.5 5.9 FASTST M M 3 MAX(MPH)
MISC ----> # 22 240 37 330
================================================================================
NOTES:
# LAST OF SEVERAL OCCURRENCES
COLUMN 17 PEAK WIND IN M.P.H.
PRELIMINARY LOCAL CLIMATOLOGICAL DATA (WS FORM: F-6) , PAGE 2
STATION: ALPINE-CASPARIS MUNICIPAL
MONTH: AUGUST
YEAR: 2021
LATITUDE: 30 23 N
LONGITUDE: 103 41 W
[TEMPERATURE DATA] [PRECIPITATION DATA] SYMBOLS USED IN COLUMN 16
AVERAGE MONTHLY: 75.4 TOTAL FOR MONTH: 2.62 1 = FOG OR MIST
DPTR FM NORMAL: 0.0 DPTR FM NORMAL: M 2 = FOG REDUCING VISIBILITY
HIGHEST: 97 ON 8 GRTST 24HR 0.99 ON 12-12 TO 1/4 MILE OR LESS
LOWEST: 58 ON 4 3 = THUNDER
SNOW, ICE PELLETS, HAIL 4 = ICE PELLETS
TOTAL MONTH: M 5 = HAIL
GRTST 24HR M ON M 6 = FREEZING RAIN OR DRIZZLE
GRTST DEPTH: M ON M 7 = DUSTSTORM OR SANDSTORM:
VSBY 1/2 MILE OR LESS
8 = SMOKE OR HAZE
[NO. OF DAYS WITH] [WEATHER - DAYS WITH] 9 = BLOWING SNOW
X = TORNADO
MAX 32 OR BELOW: 0 0.01 INCH OR MORE: 8
MAX 90 OR ABOVE: 7 0.10 INCH OR MORE: 5
MIN 32 OR BELOW: 0 0.50 INCH OR MORE: 2
MIN 0 OR BELOW: 0 1.00 INCH OR MORE: 0
[HDD (BASE 65) ]
TOTAL THIS MO. 0 CLEAR (SCALE 0-3) 18
DPTR FM NORMAL M PTCLDY (SCALE 4-7) 13
TOTAL FM JUL 1 0 CLOUDY (SCALE 8-10) 0
DPTR FM NORMAL M
[CDD (BASE 65) ]
TOTAL THIS MO. 332
DPTR FM NORMAL M [PRESSURE DATA]
TOTAL FM JAN 1 1414 HIGHEST SLP M ON M
DPTR FM NORMAL M LOWEST SLP M ON M
[REMARKS]
#FINAL-08-21#