000
CXUS55 KEAX 010736
CF6EAX
PRELIMINARY LOCAL CLIMATOLOGICAL DATA (WS FORM: F-6)
STATION: PLEASANT HILL NWS MO
MONTH: JUNE
YEAR: 2020
LATITUDE: 38 48 N
LONGITUDE: 94 16 W
TEMPERATURE IN F: :PCPN: SNOW: WIND :SUNSHINE: SKY :PK WND
================================================================================
1 2 3 4 5 6A 6B 7 8 9 10 11 12 13 14 15 16 17 18
12Z AVG MX 2MIN
DY MAX MIN AVG DEP HDD CDD WTR SNW DPTH SPD SPD DIR MIN PSBL S-S WX SPD DR
================================================================================
1 83 64 74 5 0 9 0.00 0.0 0 M M M M M M M M
2 86 63 75 5 0 10 0.00 0.0 0 M M M M M M M M
3 90 68 79 9 0 14 0.00 0.0 0 M M M M M M M M
4 89 60 75 5 0 10 1.03 0.0 0 M M M M M M M M
5 89 M M M M M 0.28 0.0 0 M M M M M M M M
6 91 67 79 8 0 14 0.00 0.0 0 M M M M M M M M
7 91 70 81 10 0 16 0.00 0.0 0 M M M M M M M M
8 88 M M M M M T 0.0 0 M M M M M M M M
9 89 M M M M M 0.03 0.0 0 M M M M M M M M
10 76 M M M M M 0.01 0.0 0 M M M M M M M M
11 86 56 71 -1 0 6 0.00 0.0 0 M M M M M M M M
12 89 63 76 4 0 11 0.00 0.0 0 M M M M M M M M
13 90 67 79 6 0 14 0.00 0.0 0 M M M M M M M M
14 90 66 78 5 0 13 0.00 0.0 0 M M M M M M M M
15 90 69 80 7 0 15 0.00 0.0 0 M M M M M M M M
16 88 68 78 5 0 13 0.00 0.0 0 M M M M M M M M
17 87 65 76 2 0 11 0.00 0.0 0 M M M M M M M M
18 90 66 78 4 0 13 0.00 0.0 0 M M M M M M M M
19 79 69 74 0 0 9 0.20 0.0 0 M M M M M M 3 M M
20 82 66 74 0 0 9 T 0.0 0 M M M M M M M M
21 88 66 77 2 0 12 0.00 0.0 0 M M M M M M M M
22 87 69 78 3 0 13 0.00 0.0 0 M M M M M M M M
23 80 64 72 -3 0 7 0.00 0.0 0 M M M M M M M M
24 85 61 73 -2 0 8 0.00 0.0 0 M M M M M M M M
25 90 66 78 2 0 13 0.03 0.0 0 M M M M M M M M
26 90 66 78 2 0 13 T 0.0 0 M M M M M M M M
27 81 66 74 -2 0 9 1.14 0.0 0 M M M M M M M M
28 88 73 81 5 0 16 0.00 0.0 0 M M M M M M M M
29 86 75 81 5 0 16 0.00 0.0 0 M M M M M M M M
30 89 73 81 5 0 16 0.00 0.0 0 M M M M M M M M
================================================================================
SM 2607 1726 0 310 2.72 0.0 M M M
================================================================================
AV 86.9 66.4 M FASTST M M M MAX(MPH)
MISC ----> M M M M
================================================================================
NOTES:
# LAST OF SEVERAL OCCURRENCES
COLUMN 17 PEAK WIND IN M.P.H.
PRELIMINARY LOCAL CLIMATOLOGICAL DATA (WS FORM: F-6) , PAGE 2
STATION: PLEASANT HILL NWS MO
MONTH: JUNE
YEAR: 2020
LATITUDE: 38 48 N
LONGITUDE: 94 16 W
[TEMPERATURE DATA] [PRECIPITATION DATA] SYMBOLS USED IN COLUMN 16
AVERAGE MONTHLY: 76.6 TOTAL FOR MONTH: 2.72 1 = FOG OR MIST
DPTR FM NORMAL: 3.4 DPTR FM NORMAL: -3.33 2 = FOG REDUCING VISIBILITY
HIGHEST: 91 ON 7, 6 GRTST 24HR 1.14 ON 27-27 TO 1/4 MILE OR LESS
LOWEST: 56 ON 11 3 = THUNDER
SNOW, ICE PELLETS, HAIL 4 = ICE PELLETS
TOTAL MONTH: 0.0 INCH 5 = HAIL
GRTST 24HR 0.0 6 = FREEZING RAIN OR DRIZZLE
GRTST DEPTH: 0 7 = DUSTSTORM OR SANDSTORM:
VSBY 1/2 MILE OR LESS
8 = SMOKE OR HAZE
[NO. OF DAYS WITH] [WEATHER - DAYS WITH] 9 = BLOWING SNOW
X = TORNADO
MAX 32 OR BELOW: 0 0.01 INCH OR MORE: 7
MAX 90 OR ABOVE: 9 0.10 INCH OR MORE: 4
MIN 32 OR BELOW: 0 0.50 INCH OR MORE: 2
MIN 0 OR BELOW: 0 1.00 INCH OR MORE: 2
[HDD (BASE 65) ]
TOTAL THIS MO. 0 CLEAR (SCALE 0-3) 0
DPTR FM NORMAL -9 PTCLDY (SCALE 4-7) 0
TOTAL FM JUL 1 4749 CLOUDY (SCALE 8-10) 30
DPTR FM NORMAL -405
[CDD (BASE 65) ]
TOTAL THIS MO. 310
DPTR FM NORMAL 57 [PRESSURE DATA]
TOTAL FM JAN 1 372 HIGHEST SLP M ON M
DPTR FM NORMAL 23 LOWEST SLP M ON M
[REMARKS]
#FINAL-06-20#