000
CXUS52 KTAE 010900
CF6ECP
PRELIMINARY LOCAL CLIMATOLOGICAL DATA (WS FORM: F-6)
STATION: PANAMA CITY NW
MONTH: JANUARY
YEAR: 2022
LATITUDE: 30 21 N
LONGITUDE: 85 48 W
TEMPERATURE IN F: :PCPN: SNOW: WIND :SUNSHINE: SKY :PK WND
================================================================================
1 2 3 4 5 6A 6B 7 8 9 10 11 12 13 14 15 16 17 18
12Z AVG MX 2MIN
DY MAX MIN AVG DEP HDD CDD WTR SNW DPTH SPD SPD DIR MIN PSBL S-S WX SPD DR
================================================================================
1 77 72 75 23 0 10 T 0.0 0 12.6 24 170 M M 9 1 32 170
2 78 52 65 13 0 0 0.87 0.0 0 15.1 32 280 M M 10 138 41 280
3 52 33 43 -9 22 0 0.00 0.0 M 13.1 30 270 M M 5 37 300
4 54 30 42 -10 23 0 0.00 0.0 0 3.2 9 180 M M 3 11 30
5 68 47 58 6 7 0 0.00 0.0 M 3.1 12 320 M M 8 14 320
6 69 47 58 6 7 0 0.42 0.0 M 6.1 24 310 M M 6 12 29 310
7 57 38 48 -4 17 0 0.00 0.0 M 9.0 21 330 M M 0 26 330
8 67 39 53 1 12 0 0.00 0.0 0 7.4 15 50 M M 2 21 90
9 74 59 67 15 0 2 0.22 0.0 0 9.1 23 150 M M 9 13 28 150
10 64 43 54 2 11 0 T 0.0 0 9.4 22 350 M M 4 12 27 350
11 56 36 46 -6 19 0 0.00 0.0 0 8.8 17 30 M M 0 8 23 20
12 58 35 47 -5 18 0 0.00 0.0 0 3.6 10 20 M M 1 13 30
13 64 36 50 -2 15 0 0.00 0.0 0 5.0 14 210 M M 0 19 220
14 66 37 52 0 13 0 0.00 0.0 0 4.4 12 210 M M 0 13 210
15 68 39 54 2 11 0 1.68 0.0 0 5.3 18 140 M M 4 1 23 140
16 63 41 52 0 13 0 0.30 0.0 0 15.5 26 240 M M 10 18 39 230
17 58 34 46 -6 19 0 0.00 0.0 0 8.1 18 270 M M 1 25 260
18 58 30 44 -8 21 0 0.00 0.0 0 2.3 13 180 M M 0 15 180
19 66 34 50 -2 15 0 0.00 0.0 M 6.6 17 140 M M 0 22 130
20 64 44 54 2 11 0 0.78 0.0 0 8.0 21 320 M M 7 1 26 330
21 44 38 41 -12 24 0 0.07 0.0 0 10.8 17 350 M M 9 1 22 340
22 44 30 37 -16 28 0 0.00 M M 8.4 15 360 M M 8 21 360
23 54 25 40 -13 25 0 0.00 0.0 0 2.6 12 290 M M 0 16 290
24 57 29 43 -10 22 0 0.00 0.0 0 2.6 13 180 M M 1 16 160
25 50 47 49 -4 16 0 0.59 0.0 M 8.0 16 50 M M 10 1 20 30
26 61 44 53 0 12 0 T 0.0 M 9.5 17 360 M M 5 23 360
27 63 37 50 -3 15 0 0.00 0.0 0 6.2 14 30 M M 0 17 10
28 59 40 50 -3 15 0 0.00 0.0 0 8.2 22 310 M M 2 27 310
29 48 28 38 -15 27 0 0.00 0.0 0 9.9 22 320 M M 0 29 310
30 60 24 42 -12 23 0 T M M 5.8 23 220 M M 0 28 240
31 66 36 51 -3 14 0 0.00 0.0 M 3.0 14 190 M M 0 1 19 140
================================================================================
SM 1887 1204 475 12 4.93 0.0 230.7 M 114
================================================================================
AV 60.9 38.8 7.4 FASTST M M 4 MAX(MPH)
MISC ----> 32 280 41 280
================================================================================
NOTES:
# LAST OF SEVERAL OCCURRENCES
COLUMN 17 PEAK WIND IN M.P.H.
PRELIMINARY LOCAL CLIMATOLOGICAL DATA (WS FORM: F-6) , PAGE 2
STATION: PANAMA CITY NW
MONTH: JANUARY
YEAR: 2022
LATITUDE: 30 21 N
LONGITUDE: 85 48 W
[TEMPERATURE DATA] [PRECIPITATION DATA] SYMBOLS USED IN COLUMN 16
AVERAGE MONTHLY: 49.9 TOTAL FOR MONTH: 4.93 1 = FOG OR MIST
DPTR FM NORMAL: -2.6 DPTR FM NORMAL: 0.24 2 = FOG REDUCING VISIBILITY
HIGHEST: 78 ON 2 GRTST 24HR 1.68 ON 15-15 TO 1/4 MILE OR LESS
LOWEST: 24 ON 30 3 = THUNDER
SNOW, ICE PELLETS, HAIL 4 = ICE PELLETS
TOTAL MONTH: 0.0 INCH 5 = HAIL
GRTST 24HR 0.0 6 = FREEZING RAIN OR DRIZZLE
GRTST DEPTH: 0 7 = DUSTSTORM OR SANDSTORM:
VSBY 1/2 MILE OR LESS
8 = SMOKE OR HAZE
[NO. OF DAYS WITH] [WEATHER - DAYS WITH] 9 = BLOWING SNOW
X = TORNADO
MAX 32 OR BELOW: 0 0.01 INCH OR MORE: 8
MAX 90 OR ABOVE: 0 0.10 INCH OR MORE: 7
MIN 32 OR BELOW: 7 0.50 INCH OR MORE: 4
MIN 0 OR BELOW: 0 1.00 INCH OR MORE: 1
[HDD (BASE 65) ]
TOTAL THIS MO. 475 CLEAR (SCALE 0-3) 16
DPTR FM NORMAL 79 PTCLDY (SCALE 4-7) 9
TOTAL FM JUL 1 857 CLOUDY (SCALE 8-10) 6
DPTR FM NORMAL -75
[CDD (BASE 65) ]
TOTAL THIS MO. 12
DPTR FM NORMAL 2 [PRESSURE DATA]
TOTAL FM JAN 1 12 HIGHEST SLP 30.52 ON 11
DPTR FM NORMAL 2 LOWEST SLP 29.59 ON 16
[REMARKS]
#FINAL-01-22#