000
CXUS55 KVEF 030326
CF6EED
PRELIMINARY LOCAL CLIMATOLOGICAL DATA (WS FORM: F-6)
STATION: NEEDLES CA
MONTH: APRIL
YEAR: 2020
LATITUDE: 34 46 N
LONGITUDE: 114 37 W
TEMPERATURE IN F: :PCPN: SNOW: WIND :SUNSHINE: SKY :PK WND
================================================================================
1 2 3 4 5 6A 6B 7 8 9 10 11 12 13 14 15 16 17 18
12Z AVG MX 2MIN
DY MAX MIN AVG DEP HDD CDD WTR SNW DPTH SPD SPD DIR MIN PSBL S-S WX SPD DR
================================================================================
1 88 57 73 5 0 8 0.00 M M 9.1 21 200 M M 0 26 200
2 79 60 70 2 0 5 0.00 M M 8.8 18 260 M M 0 23 340
3 82 52 67 -1 0 2 0.00 M M 6.4 16 10 M M 0 20 10
4 82 54 68 0 0 3 0.00 M M 7.9 18 170 M M 0 25 160
5 81 59 70 1 0 5 0.00 M M 11.5 25 190 M M 0 33 190
6 77 58 68 -1 0 3 0.00 M M 10.4 24 170 M M 0 31 150
7 79 56 68 -1 0 3 0.00 M M 6.6 16 130 M M 3 22 140
8 75 51 63 -7 2 0 0.37 M M 8.1 36 220 M M 2 13 45 240
9 69 49 59 -11 6 0 0.00 M M 4.4 12 270 M M 2 16 200
10 66 56 61 -9 4 0 T M M 5.5 21 280 M M 10 25 280
11 77 55 66 -4 0 1 0.06 M M 7.9 16 190 M M 4 20 200
12 79 56 68 -3 0 3 T M M 8.2 22 340 M M 2 3 27 350
13 81 58 70 -1 0 5 0.00 M M 6.1 16 330 M M 1 23 340
14 77 57 67 -4 0 2 0.00 M M 16.7 28 360 M M 1 34 360
15 85 49 67 -5 0 2 0.00 M M 5.6 14 220 M M 0 18 210
16 88 56 72 0 0 7 0.00 M M 5.8 17 140 M M 0 24 150
17 86 60 73 1 0 8 0.00 M M 9.3 25 220 M M 1 32 220
18 81 60 71 -1 0 6 0.00 M M 6.9 14 230 M M 2 19 200
19 85 57 71 -2 0 6 0.00 M M 7.3 20 180 M M 0 25 200
20 86 60 73 0 0 8 0.00 M M 8.0 20 240 M M 1 25 220
21 86 64 75 1 0 10 0.00 M M 7.9 16 10 M M 0 23 20
22 94 62 78 4 0 13 0.00 M M 7.9 22 10 M M 0 28 20
23 99 63 81 7 0 16 0.00 M M 4.0 15 350 M M 0 20 350
24 94 69 82 7 0 17 0.00 M M 12.5 26 360 M M 0 33 350
25 101 65 83 8 0 18 0.00 M M 5.4 13 360 M M 0 16 360
26 104 69 87 12 0 22 0.00 M M 6.9 18 210 M M 0 25 180
27 101 71 86 10 0 21 0.00 M M 5.3 16 250 M M 0 22 260
28 105 69 87 11 0 22 0.00 M M 5.2 13 340 M M 0 16 10
29 107 72 90 14 0 25 0.00 M M 6.3 18 220 M M 0 25 260
30 103 77 90 13 0 25 0.00 M M 8.1 20 180 M M 0 27 180
================================================================================
SM 2597 1801 12 266 0.43 M 230.0 M 29
================================================================================
AV 86.6 60.0 7.7 FASTST M M 1 MAX(MPH)
MISC ----> 36 220 45 240
================================================================================
NOTES:
# LAST OF SEVERAL OCCURRENCES
COLUMN 17 PEAK WIND IN M.P.H.
PRELIMINARY LOCAL CLIMATOLOGICAL DATA (WS FORM: F-6) , PAGE 2
STATION: NEEDLES CA
MONTH: APRIL
YEAR: 2020
LATITUDE: 34 46 N
LONGITUDE: 114 37 W
[TEMPERATURE DATA] [PRECIPITATION DATA] SYMBOLS USED IN COLUMN 16
AVERAGE MONTHLY: 73.3 TOTAL FOR MONTH: 0.43 1 = FOG OR MIST
DPTR FM NORMAL: 1.4 DPTR FM NORMAL: 0.21 2 = FOG REDUCING VISIBILITY
HIGHEST: 107 ON 29 GRTST 24HR 0.37 ON 8- 8 TO 1/4 MILE OR LESS
LOWEST: 49 ON 15, 9 3 = THUNDER
SNOW, ICE PELLETS, HAIL 4 = ICE PELLETS
TOTAL MONTH: M 5 = HAIL
GRTST 24HR M ON M 6 = FREEZING RAIN OR DRIZZLE
GRTST DEPTH: M ON M 7 = DUSTSTORM OR SANDSTORM:
VSBY 1/2 MILE OR LESS
8 = SMOKE OR HAZE
[NO. OF DAYS WITH] [WEATHER - DAYS WITH] 9 = BLOWING SNOW
X = TORNADO
MAX 32 OR BELOW: 0 0.01 INCH OR MORE: 2
MAX 90 OR ABOVE: 9 0.10 INCH OR MORE: 1
MIN 32 OR BELOW: 0 0.50 INCH OR MORE: 0
MIN 0 OR BELOW: 0 1.00 INCH OR MORE: 0
[HDD (BASE 65) ]
TOTAL THIS MO. 12 CLEAR (SCALE 0-3) 28
DPTR FM NORMAL -10 PTCLDY (SCALE 4-7) 1
TOTAL FM JUL 1 1056 CLOUDY (SCALE 8-10) 1
DPTR FM NORMAL -111
[CDD (BASE 65) ]
TOTAL THIS MO. 266
DPTR FM NORMAL 37 [PRESSURE DATA]
TOTAL FM JAN 1 289 HIGHEST SLP M ON M
DPTR FM NORMAL -23 LOWEST SLP 29.55 ON 1
[REMARKS]
#FINAL-04-20#