000
CXUS55 KGJT 011010
CF6EEO
PRELIMINARY LOCAL CLIMATOLOGICAL DATA (WS FORM: F-6)
STATION: MEEKER CO
MONTH: FEBRUARY
YEAR: 2022
LATITUDE: 40 2 N
LONGITUDE: 107 53 W
TEMPERATURE IN F: :PCPN: SNOW: WIND :SUNSHINE: SKY :PK WND
================================================================================
1 2 3 4 5 6A 6B 7 8 9 10 11 12 13 14 15 16 17 18
12Z AVG MX 2MIN
DY MAX MIN AVG DEP HDD CDD WTR SNW DPTH SPD SPD DIR MIN PSBL S-S WX SPD DR
================================================================================
1 24 -4 10 -13 55 0 0.00 M M 6.0 21 20 M M 2 25 30
2 18 -13 3 -20 62 0 0.00 M M 5.4 21 360 M M 0 27 360
3 20 -15 3 -20 62 0 0.00 M M 2.8 9 180 M M 1 12 170
4 30 -4 13 -10 52 0 0.00 M M 3.4 10 60 M M 1 19 130
5 37 -3 17 -7 48 0 0.00 M M 2.0 10 40 M M 1 13 40
6 32 8 20 -4 45 0 0.01 M M 5.0 15 50 M M 5 1 19 60
7 37 1 19 -5 46 0 0.00 M M 3.5 12 100 M M 0 14 110
8 42 5 24 0 41 0 0.00 M M 4.1 9 40 M M 0 13 210
9 42 14 28 3 37 0 0.00 M M 3.5 15 310 M M 7 21 320
10 45 15 30 5 35 0 0.00 M M 2.1 9 140 M M 4 12 130
11 45 13 29 4 36 0 0.00 M M 9.2 33 20 M M 1 42 20
12 38 8 23 -2 42 0 0.00 M M 3.2 10 130 M M 0 15 100
13 46 7 27 1 38 0 0.00 M M 3.2 9 50 M M 0 13 70
14 47 13 30 4 35 0 0.00 M M 4.1 15 190 M M 0 22 190
15 48 24 36 10 29 0 0.00 M M 5.9 23 220 M M 2 31 230
16 34 21 28 2 37 0 T M M 6.8 20 20 M M 10 1 25 10
17 31 7 19 -8 46 0 0.00 M M 3.0 9 170 M M 2 13 140
18 41 12 27 0 38 0 0.00 M M 3.2 14 250 M M 4 18 250
19 44 13 29 1 36 0 0.00 M M 5.0 16 200 M M 0 21 190
20 49 16 33 5 32 0 0.00 M M 7.5 29 220 M M 0 40 220
21 40 15 28 0 37 0 0.31 M M 11.5 25 200 M M 7 12 35 190
22 15 0 8 -21 57 0 0.09 M M 2.5 17 320 M M 8 18 24 320
23 11 -6 3 -26 62 0 0.14 M M 3.4 22 250 M M 10 128 27 250
24 20 -5 8 -21 57 0 0.01 M M 2.0 10 270 M M 7 18 12 270
25 24 -12 6 -24 59 0 T M M 2.9 15 260 M M 6 1 20 260
26 25 -14 6 -24 59 0 0.00 M M 1.3 8 100 M M 0 12 90
27 34 -10 12 -18 53 0 0.00 M M 1.3 9 50 M M 0 12 40
28 40 0 20 -11 45 0 0.00 M M 1.2 7 40 M M 1 9 30
================================================================================
SM 959 106 1281 0 0.56 M 115.0 M 79
================================================================================
AV 34.3 3.8 4.1 FASTST M M 3 MAX(MPH)
MISC ----> 33 20 42 20
================================================================================
NOTES:
# LAST OF SEVERAL OCCURRENCES
COLUMN 17 PEAK WIND IN M.P.H.
PRELIMINARY LOCAL CLIMATOLOGICAL DATA (WS FORM: F-6) , PAGE 2
STATION: MEEKER CO
MONTH: FEBRUARY
YEAR: 2022
LATITUDE: 40 2 N
LONGITUDE: 107 53 W
[TEMPERATURE DATA] [PRECIPITATION DATA] SYMBOLS USED IN COLUMN 16
AVERAGE MONTHLY: 19.0 TOTAL FOR MONTH: 0.56 1 = FOG OR MIST
DPTR FM NORMAL: -7.4 DPTR FM NORMAL: -0.20 2 = FOG REDUCING VISIBILITY
HIGHEST: 49 ON 20 GRTST 24HR 0.36 ON 21-22 TO 1/4 MILE OR LESS
LOWEST: -15 ON 3 3 = THUNDER
SNOW, ICE PELLETS, HAIL 4 = ICE PELLETS
TOTAL MONTH: M 5 = HAIL
GRTST 24HR M ON M 6 = FREEZING RAIN OR DRIZZLE
GRTST DEPTH: M ON M 7 = DUSTSTORM OR SANDSTORM:
VSBY 1/2 MILE OR LESS
8 = SMOKE OR HAZE
[NO. OF DAYS WITH] [WEATHER - DAYS WITH] 9 = BLOWING SNOW
X = TORNADO
MAX 32 OR BELOW: 11 0.01 INCH OR MORE: 5
MAX 90 OR ABOVE: 0 0.10 INCH OR MORE: 2
MIN 32 OR BELOW: 28 0.50 INCH OR MORE: 0
MIN 0 OR BELOW: 12 1.00 INCH OR MORE: 0
[HDD (BASE 65) ]
TOTAL THIS MO. 1281 CLEAR (SCALE 0-3) 18
DPTR FM NORMAL 199 PTCLDY (SCALE 4-7) 7
TOTAL FM JUL 1 5525 CLOUDY (SCALE 8-10) 3
DPTR FM NORMAL -25
[CDD (BASE 65) ]
TOTAL THIS MO. 0
DPTR FM NORMAL 0 [PRESSURE DATA]
TOTAL FM JAN 1 0 HIGHEST SLP 30.89 ON 4
DPTR FM NORMAL 0 LOWEST SLP 29.44 ON 21
[REMARKS]
#FINAL-02-22#