000
CXUS55 KGJT 010910
CF6EEO
PRELIMINARY LOCAL CLIMATOLOGICAL DATA (WS FORM: F-6)
STATION: MEEKER CO
MONTH: SEPTEMBER
YEAR: 2023
LATITUDE: 40 2 N
LONGITUDE: 107 53 W
TEMPERATURE IN F: :PCPN: SNOW: WIND :SUNSHINE: SKY :PK WND
================================================================================
1 2 3 4 5 6A 6B 7 8 9 10 11 12 13 14 15 16 17 18
12Z AVG MX 2MIN
DY MAX MIN AVG DEP HDD CDD WTR SNW DPTH SPD SPD DIR MIN PSBL S-S WX SPD DR
================================================================================
1 86 50 68 5 0 3 T M M 6.1 24 220 M M 2 3 34 230
2 79 51 65 2 0 0 T M M 5.6 21 200 M M 5 29 200
3 76 50 63 0 2 0 0.27 M M 4.7 21 220 M M 4 13 31 220
4 63 46 55 -8 10 0 0.28 M M 5.0 25 260 M M 6 123 36 300
5 74 38 56 -6 9 0 0.00 M M 3.2 9 60 M M 0 8 13 100
6 82 39 61 -1 4 0 0.00 M M 6.1 21 190 M M 0 34 210
7 83 39 61 -1 4 0 0.00 M M 3.2 15 270 M M 0 20 280
8 83 36 60 -1 5 0 0.00 M M 6.0 24 250 M M 0 32 250
9 83 38 61 0 4 0 0.00 M M 2.9 17 250 M M 0 27 310
10 77 51 64 3 1 0 T M M 4.2 14 50 M M 5 3 23 10
11 75 42 59 -1 6 0 0.00 M M 4.1 13 30 M M 2 19 20
12 78 36 57 -3 8 0 0.00 M M 4.5 15 30 M M 0 22 50
13 73 37 55 -5 10 0 T M M 6.7 29 260 M M 4 3 37 260
14 68 45 57 -2 8 0 0.00 M M 5.4 18 40 M M 6 26 40
15 72 36 54 -5 11 0 0.00 M M 4.7 14 360 M M 2 1 28 250
16 75 33 54 -5 11 0 0.00 M M 3.6 10 350 M M 0 18 200
17 77 34 56 -2 9 0 0.00 M M 5.0 20 240 M M 3 26 230
18 73 39 56 -2 9 0 0.01 M M 5.4 26 230 M M 3 36 230
19 71 36 54 -3 11 0 0.01 M M 5.4 21 280 M M 2 3 27 280
20 76 36 56 -1 9 0 0.00 M M 6.2 21 180 M M 1 29 210
21 74 38 56 -1 9 0 T M M 9.2 26 190 M M 1 38 40 180
22 72 34 53 -3 12 0 0.00 M M 11.0 30 240 M M 1 8 44 220
23 67 27 47 -9 18 0 0.00 M M 5.2 16 260 M M 0 27 230
24 73 26 50 -5 15 0 0.00 M M 3.9 15 110 M M 0 21 100
25 76 29 53 -2 12 0 0.00 M M 2.9 14 100 M M 0 20 90
26 79 30 55 1 10 0 0.00 M M 4.6 20 200 M M 0 25 200
27 80 33 57 3 8 0 0.00 M M 4.3 16 200 M M 0 8 23 210
28 79 32 56 2 9 0 0.00 M M 6.2 22 200 M M 0 36 230
29 78 32 55 2 10 0 0.00 M M 6.4 22 200 M M 0 32 200
30 79 35 57 4 8 0 T M M 10.4 32 190 M M 1 51 210
================================================================================
SM 2281 1128 242 3 0.57 M 162.1 M 48
================================================================================
AV 76.0 37.6 5.4 FASTST M M 2 MAX(MPH)
MISC ----> 32 190 51 210
================================================================================
NOTES:
# LAST OF SEVERAL OCCURRENCES
COLUMN 17 PEAK WIND IN M.P.H.
PRELIMINARY LOCAL CLIMATOLOGICAL DATA (WS FORM: F-6) , PAGE 2
STATION: MEEKER CO
MONTH: SEPTEMBER
YEAR: 2023
LATITUDE: 40 2 N
LONGITUDE: 107 53 W
[TEMPERATURE DATA] [PRECIPITATION DATA] SYMBOLS USED IN COLUMN 16
AVERAGE MONTHLY: 56.8 TOTAL FOR MONTH: 0.57 1 = FOG OR MIST
DPTR FM NORMAL: -1.7 DPTR FM NORMAL: -1.11 2 = FOG REDUCING VISIBILITY
HIGHEST: 86 ON 1 GRTST 24HR 0.28 ON 4- 4 TO 1/4 MILE OR LESS
LOWEST: 26 ON 24 3 = THUNDER
SNOW, ICE PELLETS, HAIL 4 = ICE PELLETS
TOTAL MONTH: M 5 = HAIL
GRTST 24HR M ON M 6 = FREEZING RAIN OR DRIZZLE
GRTST DEPTH: M ON M 7 = DUSTSTORM OR SANDSTORM:
VSBY 1/2 MILE OR LESS
8 = SMOKE OR HAZE
[NO. OF DAYS WITH] [WEATHER - DAYS WITH] 9 = BLOWING SNOW
X = TORNADO
MAX 32 OR BELOW: 0 0.01 INCH OR MORE: 4
MAX 90 OR ABOVE: 0 0.10 INCH OR MORE: 2
MIN 32 OR BELOW: 6 0.50 INCH OR MORE: 0
MIN 0 OR BELOW: 0 1.00 INCH OR MORE: 0
[HDD (BASE 65) ]
TOTAL THIS MO. 242 CLEAR (SCALE 0-3) 24
DPTR FM NORMAL 38 PTCLDY (SCALE 4-7) 6
TOTAL FM JUL 1 258 CLOUDY (SCALE 8-10) 0
DPTR FM NORMAL 20
[CDD (BASE 65) ]
TOTAL THIS MO. 3
DPTR FM NORMAL -6 [PRESSURE DATA]
TOTAL FM JAN 1 187 HIGHEST SLP M ON M
DPTR FM NORMAL -57 LOWEST SLP 29.63 ON 30
[REMARKS]
#FINAL-09-23#