000
CXUS56 KEKA 012216
CF6EKA
PRELIMINARY LOCAL CLIMATOLOGICAL DATA (WS FORM: F-6)
STATION: EUREKA CA
MONTH: FEBRUARY
YEAR: 2023
LATITUDE: 40 47 N
LONGITUDE: 124 10 W
TEMPERATURE IN F: :PCPN: SNOW: WIND :SUNSHINE: SKY :PK WND
================================================================================
1 2 3 4 5 6A 6B 7 8 9 10 11 12 13 14 15 16 17 18
12Z AVG MX 2MIN
DY MAX MIN AVG DEP HDD CDD WTR SNW DPTH SPD SPD DIR MIN PSBL S-S WX SPD DR
================================================================================
1 54 32 43 -5 22 0 0.00 0.0 0 5.2 9 270 M M 5 8 9 M
2 65 32 49 1 16 0 0.00 0.0 0 5.0 14 170 M M 8 29 M
3 60 43 52 4 13 0 0.30 0.0 0 8.0 17 170 M M 8 35 M
4 64 42 53 5 12 0 0.59 0.0 0 8.2 21 160 M M 10 39 M
5 50 46 48 0 17 0 0.52 0.0 0 7.3 12 230 M M 9 20 M
6 53 36 45 -3 20 0 0.00 0.0 0 3.8 12 340 M M 5 14 M
7 58 36 47 -1 18 0 0.00 0.0 0 2.1 7 340 M M 8 7 M
8 52 40 46 -2 19 0 0.00 0.0 0 1.3 7 340 M M 6 1 8 M
9 57 37 47 -1 18 0 0.00 0.0 0 2.5 9 230 M M 2 12 15 M
10 51 42 47 -1 18 0 0.20 0.0 0 4.2 10 360 M M 9 1 15 M
11 55 41 48 0 17 0 0.01 0.0 0 5.8 20 350 M M 1 8 23 M
12 55 38 47 -1 18 0 0.00 0.0 0 3.9 14 360 M M 3 1 17 M
13 52 40 46 -2 19 0 0.14 0.0 0 M 16 360 M M 7 5 31 M
14 47 33 40 -8 25 0 0.20 0.0 0 8.0 17 360 M M 8 5 26 M
15 51 28 40 -8 25 0 0.00 0.0 0 1.5 5 30 M M 10 8 M
16 49 32 41 -7 24 0 0.00 0.0 0 1.5 10 350 M M 9 12 M
17 56 32 44 -4 21 0 0.00 0.0 0 3.3 14 350 M M 1 15 M
18 51 33 42 -6 23 0 0.00 0.0 0 4.1 14 360 M M 7 8 17 M
19 53 37 45 -3 20 0 0.00 0.0 0 5.0 14 10 M M 2 12 22 M
20 52 41 47 -1 18 0 0.00 0.0 0 4.3 8 360 M M 8 1 9 M
21 48 36 42 -6 23 0 0.47 0.0 0 7.8 20 30 M M 9 15 33 M
22 40 32 36 -12 29 0 0.74 0.2 0 3.7 7 300 M M 9 15 16 M
23 38 32 35 -13 30 0 0.32 0.8 0 5.9 12 190 M M 9 1 17 M
24 49 31 40 -8 25 0 0.00 0.0 0 8.1 8 30 M M 0 16 M
25 51 31 41 -7 24 0 0.00 0.0 0 5.3 12 240 M M 0 M M
26 50 40 45 -3 20 0 0.40 0.0 0 5.6 10 350 M M 7 1 20 350
27 46 37 42 -6 23 0 1.02 0.0 0 9.2 17 310 M M 10 1 29 M
28 47 32 40 -8 25 0 0.83 0.0 0 7.8 14 180 M M 10 24 M
================================================================================
SM 1454 1012 582 0 5.74 1.0 138.4 M 180
================================================================================
AV 51.9 36.1 5.1 FASTST M M 6 MAX(MPH)
MISC ----> 21 160 39 9999
================================================================================
NOTES:
# LAST OF SEVERAL OCCURRENCES
COLUMN 17 PEAK WIND IN M.P.H.
PRELIMINARY LOCAL CLIMATOLOGICAL DATA (WS FORM: F-6) , PAGE 2
STATION: EUREKA CA
MONTH: FEBRUARY
YEAR: 2023
LATITUDE: 40 47 N
LONGITUDE: 124 10 W
[TEMPERATURE DATA] [PRECIPITATION DATA] SYMBOLS USED IN COLUMN 16
AVERAGE MONTHLY: 44.0 TOTAL FOR MONTH: 5.74 1 = FOG OR MIST
DPTR FM NORMAL: -4.4 DPTR FM NORMAL: 0.10 2 = FOG REDUCING VISIBILITY
HIGHEST: 65 ON 2 GRTST 24HR 1.18 ON 27-28 TO 1/4 MILE OR LESS
LOWEST: 28 ON 15 3 = THUNDER
SNOW, ICE PELLETS, HAIL 4 = ICE PELLETS
TOTAL MONTH: 1.0 INCH 5 = HAIL
GRTST 24HR 0.8 ON 23-23 6 = FREEZING RAIN OR DRIZZLE
GRTST DEPTH: 0 7 = DUSTSTORM OR SANDSTORM:
VSBY 1/2 MILE OR LESS
8 = SMOKE OR HAZE
[NO. OF DAYS WITH] [WEATHER - DAYS WITH] 9 = BLOWING SNOW
X = TORNADO
MAX 32 OR BELOW: 0 0.01 INCH OR MORE: 13
MAX 90 OR ABOVE: 0 0.10 INCH OR MORE: 12
MIN 32 OR BELOW: 10 0.50 INCH OR MORE: 5
MIN 0 OR BELOW: 0 1.00 INCH OR MORE: 1
[HDD (BASE 65) ]
TOTAL THIS MO. 582 CLEAR (SCALE 0-3) 7
DPTR FM NORMAL 116 PTCLDY (SCALE 4-7) 11
TOTAL FM JUL 1 3076 CLOUDY (SCALE 8-10) 10
DPTR FM NORMAL 100
[CDD (BASE 65) ]
TOTAL THIS MO. 0
DPTR FM NORMAL 0 [PRESSURE DATA]
TOTAL FM JAN 1 0 HIGHEST SLP 30.55 ON 6
DPTR FM NORMAL 0 LOWEST SLP 29.56 ON 23
[REMARKS]
#FINAL-02-23#