000
CXUS51 KRLX 011935
CF6EKN
PRELIMINARY LOCAL CLIMATOLOGICAL DATA (WS FORM: F-6)
STATION: ELKINS WV
MONTH: MARCH
YEAR: 2024
LATITUDE: 38 52 N
LONGITUDE: 79 51 W
TEMPERATURE IN F: :PCPN: SNOW: WIND :SUNSHINE: SKY :PK WND
================================================================================
1 2 3 4 5 6A 6B 7 8 9 10 11 12 13 14 15 16 17 18
12Z AVG MX 2MIN
DY MAX MIN AVG DEP HDD CDD WTR SNW DPTH SPD SPD DIR MIN PSBL S-S WX SPD DR
================================================================================
1 51 18 35 -2 30 0 0.03 0.0 0 6.4 20 160 M M 4 33 170
2 55 44 50 13 15 0 0.25 0.0 0 3.5 18 160 M M 10 1 31 200
3 69 44 57 20 8 0 0.00 0.0 0 2.4 13 180 M M 5 12 19 180
4 76 34 55 18 10 0 0.00 0.0 0 2.7 14 130 M M 1 12 20 110
5 68 36 52 14 13 0 0.01 0.0 0 1.9 12 170 M M 3 1 16 180
6 62 47 55 17 10 0 0.19 0.0 0 2.0 9 360 M M 9 1 12 360
7 60 42 51 13 14 0 0.06 0.0 0 2.8 13 300 M M 9 1 17 340
8 62 38 50 12 15 0 0.01 0.0 0 6.5 18 170 M M 6 12 27 140
9 54 40 47 8 18 0 0.97 0.0 0 7.5 21 290 M M 10 1 33 280
10 40 29 35 -4 30 0 0.18 0.9 T 13.9 25 280 M M 10 12 42 280
11 48 28 38 -1 27 0 T T T 7.6 21 290 M M 4 32 280
12 64 26 45 5 20 0 0.00 0.0 0 5.8 16 230 M M 0 28 280
13 69 29 49 9 16 0 0.00 0.0 0 2.9 15 290 M M 0 21 290
14 75 31 53 13 12 0 0.00 0.0 0 1.7 15 290 M M 0 21 280
15 64 43 54 14 11 0 0.40 0.0 0 5.4 23 330 M M 9 1 33 330
16 61 33 47 6 18 0 T 0.0 0 5.9 22 200 M M 6 12 33 210
17 58 39 49 8 16 0 0.00 0.0 0 13.2 26 240 M M 5 41 250
18 39 28 34 -8 31 0 T T 0 10.3 18 290 M M 10 29 300
19 47 26 37 -5 28 0 T T T 11.2 23 250 M M 7 39 260
20 56 33 45 3 20 0 0.00 0.0 0 16.0 32 250 M M 3 52 230
21 46 20 33 -9 32 0 0.00 0.0 0 4.1 15 290 M M 0 21 330
22 66 22 44 1 21 0 0.08 0.0 0 5.5 20 210 M M 2 1 28 220
23 49 28 39 -4 26 0 0.42 0.0 0 6.3 17 350 M M 10 1 24 340
24 56 21 39 -4 26 0 0.00 0.0 0 3.7 14 140 M M 2 20 140
25 69 29 49 5 16 0 0.00 0.0 0 8.6 17 150 M M 0 28 130
26 60 43 52 8 13 0 0.37 0.0 0 8.3 22 160 M M 4 1 32 160
27 65 46 56 12 9 0 0.00 0.0 0 5.2 14 330 M M 8 22 340
28 50 38 44 -1 21 0 0.00 0.0 0 8.2 20 290 M M 6 1 29 280
29 59 36 48 3 17 0 T T 0 8.9 24 310 M M 6 4 43 310
30 71 30 51 5 14 0 0.43 0.0 0 5.8 28 230 M M 4 13 45 280
31 61 45 53 7 12 0 0.06 0.0 0 1.2 7 360 M M 9 123 11 200
================================================================================
SM 1830 1046 569 0 3.46 0.9 195.4 M 162
================================================================================
AV 59.0 33.7 6.3 FASTST M M 5 MAX(MPH)
MISC ----> 32 250 52 230
================================================================================
NOTES:
# LAST OF SEVERAL OCCURRENCES
COLUMN 17 PEAK WIND IN M.P.H.
PRELIMINARY LOCAL CLIMATOLOGICAL DATA (WS FORM: F-6) , PAGE 2
STATION: ELKINS WV
MONTH: MARCH
YEAR: 2024
LATITUDE: 38 52 N
LONGITUDE: 79 51 W
[TEMPERATURE DATA] [PRECIPITATION DATA] SYMBOLS USED IN COLUMN 16
AVERAGE MONTHLY: 46.4 TOTAL FOR MONTH: 3.46 1 = FOG OR MIST
DPTR FM NORMAL: 5.4 DPTR FM NORMAL: -0.52 2 = FOG REDUCING VISIBILITY
HIGHEST: 76 ON 4 GRTST 24HR 0.98 ON 9-10 TO 1/4 MILE OR LESS
LOWEST: 18 ON 1 3 = THUNDER
SNOW, ICE PELLETS, HAIL 4 = ICE PELLETS
TOTAL MONTH: 0.9 INCH 5 = HAIL
GRTST 24HR 0.9 ON 10-10 6 = FREEZING RAIN OR DRIZZLE
GRTST DEPTH: T 7 = DUSTSTORM OR SANDSTORM:
VSBY 1/2 MILE OR LESS
8 = SMOKE OR HAZE
[NO. OF DAYS WITH] [WEATHER - DAYS WITH] 9 = BLOWING SNOW
X = TORNADO
MAX 32 OR BELOW: 0 0.01 INCH OR MORE: 14
MAX 90 OR ABOVE: 0 0.10 INCH OR MORE: 8
MIN 32 OR BELOW: 14 0.50 INCH OR MORE: 1
MIN 0 OR BELOW: 0 1.00 INCH OR MORE: 0
[HDD (BASE 65) ]
TOTAL THIS MO. 569 CLEAR (SCALE 0-3) 10
DPTR FM NORMAL -175 PTCLDY (SCALE 4-7) 12
TOTAL FM JUL 1 4219 CLOUDY (SCALE 8-10) 9
DPTR FM NORMAL -589
[CDD (BASE 65) ]
TOTAL THIS MO. 0
DPTR FM NORMAL 0 [PRESSURE DATA]
TOTAL FM JAN 1 0 HIGHEST SLP 30.52 ON 1
DPTR FM NORMAL 0 LOWEST SLP 29.61 ON 9
[REMARKS]
#FINAL-03-24#