000
CXUS56 KLKN 040651
CF6ELY
PRELIMINARY LOCAL CLIMATOLOGICAL DATA (WS FORM: F-6)
STATION: ELY AIRPORT NV
MONTH: JANUARY
YEAR: 2022
LATITUDE: 39 16 N
LONGITUDE: 114 51 W
TEMPERATURE IN F: :PCPN: SNOW: WIND :SUNSHINE: SKY :PK WND
================================================================================
1 2 3 4 5 6A 6B 7 8 9 10 11 12 13 14 15 16 17 18
12Z AVG MX 2MIN
DY MAX MIN AVG DEP HDD CDD WTR SNW DPTH SPD SPD DIR MIN PSBL S-S WX SPD DR
================================================================================
1 22 -5 9 -17 56 0 0.00 0.0 9 7.9 18 180 M M 0 23 180
2 34 -5 15 -11 50 0 0.00 0.0 9 7.7 20 180 M M 0 25 180
3 34 5 20 -6 45 0 0.00 0.0 9 10.4 24 220 M M 0 31 220
4 40 13 27 1 38 0 0.00 0.0 9 4.8 21 50 M M 6 29 50
5 48 27 38 12 27 0 0.00 0.0 8 5.1 13 310 M M 7 18 300
6 51 25 38 12 27 0 0.00 0.0 7 6.9 13 200 M M 4 14 190
7 44 29 37 11 28 0 0.01 0.1 7 10.9 23 210 M M 1 1 29 210
8 39 13 26 0 39 0 T T 7 5.3 14 180 M M 4 17 340
9 36 8 22 -4 43 0 0.00 0.0 7 7.2 15 180 M M 0 20 180
10 44 5 25 -1 40 0 0.00 0.0 7 10.3 18 190 M M 0 23 190
11 44 9 27 1 38 0 0.00 0.0 6 7.6 17 200 M M 0 22 190
12 48 16 32 6 33 0 0.00 0.0 6 8.1 16 180 M M 0 20 170
13 51 22 37 10 28 0 0.00 0.0 6 7.3 17 230 M M 0 21 230
14 42 18 30 3 35 0 0.00 0.0 6 10.4 21 40 M M 0 27 40
15 40 10 25 -2 40 0 0.00 0.0 5 10.4 17 180 M M 0 22 180
16 50 10 30 3 35 0 0.00 0.0 5 9.9 18 180 M M 0 22 180
17 47 14 31 4 34 0 0.00 0.0 5 7.2 17 180 M M 1 21 180
18 45 17 31 4 34 0 0.00 0.0 5 7.2 15 170 M M 0 18 170
19 42 15 29 2 36 0 0.00 0.0 5 7.8 14 330 M M 2 19 320
20 46 12 29 2 36 0 0.00 0.0 5 6.8 13 170 M M 2 16 180
21 33 15 24 -3 41 0 0.21 2.8 4 14.8 32 360 M M 5 12 44 360
22 34 3 19 -8 46 0 0.00 0.0 5 10.8 20 20 M M 0 24 20
23 38 4 21 -6 44 0 0.00 0.0 5 8.7 17 180 M M 0 21 180
24 49 9 29 2 36 0 0.00 0.0 5 9.7 20 180 M M 0 24 170
25 32 8 20 -7 45 0 0.00 0.0 4 12.7 28 10 M M 3 37 20
26 37 1 19 -8 46 0 0.00 0.0 4 8.6 16 180 M M 0 21 170
27 35 3 19 -8 46 0 0.00 0.0 4 11.8 23 10 M M 0 30 10
28 42 0 21 -6 44 0 0.00 0.0 4 8.7 16 170 M M 0 20 180
29 50 4 27 -1 38 0 0.00 0.0 4 9.2 18 180 M M 0 22 180
30 49 5 27 -1 38 0 0.00 0.0 4 9.5 18 180 M M 0 24 180
31 45 14 30 2 35 0 0.00 0.0 4 9.6 20 180 M M 0 23 180
================================================================================
SM 1291 324 1201 0 0.22 2.9 273.3 M 35
================================================================================
AV 41.6 10.5 8.8 FASTST M M 1 MAX(MPH)
MISC ----> 32 360 44 360
================================================================================
NOTES:
# LAST OF SEVERAL OCCURRENCES
COLUMN 17 PEAK WIND IN M.P.H.
PRELIMINARY LOCAL CLIMATOLOGICAL DATA (WS FORM: F-6) , PAGE 2
STATION: ELY AIRPORT NV
MONTH: JANUARY
YEAR: 2022
LATITUDE: 39 16 N
LONGITUDE: 114 51 W
[TEMPERATURE DATA] [PRECIPITATION DATA] SYMBOLS USED IN COLUMN 16
AVERAGE MONTHLY: 26.0 TOTAL FOR MONTH: 0.22 1 = FOG OR MIST
DPTR FM NORMAL: -0.7 DPTR FM NORMAL: -0.53 2 = FOG REDUCING VISIBILITY
HIGHEST: 51 ON 13, 6 GRTST 24HR 0.21 ON 21-21 TO 1/4 MILE OR LESS
LOWEST: -5 ON 2, 1 3 = THUNDER
SNOW, ICE PELLETS, HAIL 4 = ICE PELLETS
TOTAL MONTH: 3.1 INCHES 5 = HAIL
GRTST 24HR 2.8 ON 21-21 6 = FREEZING RAIN OR DRIZZLE
GRTST DEPTH: 9 ON 4, 3 7 = DUSTSTORM OR SANDSTORM:
VSBY 1/2 MILE OR LESS
8 = SMOKE OR HAZE
[NO. OF DAYS WITH] [WEATHER - DAYS WITH] 9 = BLOWING SNOW
X = TORNADO
MAX 32 OR BELOW: 2 0.01 INCH OR MORE: 2
MAX 90 OR ABOVE: 0 0.10 INCH OR MORE: 1
MIN 32 OR BELOW: 31 0.50 INCH OR MORE: 0
MIN 0 OR BELOW: 3 1.00 INCH OR MORE: 0
[HDD (BASE 65) ]
TOTAL THIS MO. 1201 CLEAR (SCALE 0-3) 25
DPTR FM NORMAL 14 PTCLDY (SCALE 4-7) 6
TOTAL FM JUL 1 3939 CLOUDY (SCALE 8-10) 0
DPTR FM NORMAL -177
[CDD (BASE 65) ]
TOTAL THIS MO. 0
DPTR FM NORMAL 0 [PRESSURE DATA]
TOTAL FM JAN 1 0 HIGHEST SLP 30.86 ON 28
DPTR FM NORMAL 0 LOWEST SLP 29.68 ON 7
[REMARKS]
#FINAL-01-22#