000
CXUS55 KLKN 022333
CLMELY
CLIMATE REPORT
NATIONAL WEATHER SERVICE ELKO, NV
433 PM PDT WED AUG 02 2023
...................................
...THE ELY AIRPORT NV CLIMATE SUMMARY FOR THE MONTH OF JULY 2023...
CLIMATE NORMAL PERIOD 1991 TO 2020
CLIMATE RECORD PERIOD 1893 TO 2023
WEATHER OBSERVED NORMAL DEPART LAST YEAR`S
VALUE DATE(S) VALUE FROM VALUE DATE(S)
NORMAL
................................................................
TEMPERATURE (F)
RECORD
HIGH 101 07/12/2002
07/18/1998
LOW 30 07/10/1983
07/29/1948
07/07/1897
HIGHEST 100 07/16 96 4 97 07/22
LOWEST 45 07/01 37 8 45 07/02
07/13
AVG. MAXIMUM 91.3 89.4 1.9 91.2
AVG. MINIMUM 51.5 49.1 2.4 53.3
MEAN 71.4 69.3 2.1 72.2
DAYS MAX >= 90 22 14.8 7.2 22
DAYS MAX <= 32 0 0.0 0.0 0
DAYS MIN <= 32 0 0.2 -0.2 0
DAYS MIN <= 0 0 0.0 0.0 0
PRECIPITATION (INCHES)
RECORD
MAXIMUM 2.30 1987
MINIMUM T 2000
TOTALS TR 0.63 -0.63 0.07
DAILY AVG. T 0.02 -0.02 0.00
DAYS >= .01 0 5.2 -5.2 4
DAYS >= .10 0 1.8 -1.8 0
DAYS >= .50 0 0.2 -0.2 0
DAYS >= 1.00 0 0.0 0.0 0
GREATEST
24 HR. TOTAL T 07/26 TO 07/26 0.04
07/27 TO 07/27
07/30 TO 07/30
SNOWFALL (INCHES)
RECORDS
TOTAL T 2011
TOTALS 0.0 0.0 0.0 0.0
SINCE 7/1 0.0 0.0 0.0 MM
SNOWDEPTH AVG. 0 0
DAYS >= TRACE 0 0.0 0.0 0
DAYS >= 1.0 0 0.0 0.0 0
DAYS >= 1.0 0 0
GREATEST
SNOW DEPTH 0 0
24 HR TOTAL MM MM
DEGREE DAYS
HEATING TOTAL 0 14 -14 0
SINCE 7/1 0 9 -9 MM
COOLING TOTAL 205 146 59 233
SINCE 1/1 206 184 22 MM
................................................................
WIND (MPH)
AVERAGE WIND SPEED 11.0
HIGHEST WIND SPEED/DIRECTION 33/160 DATE 07/30
HIGHEST GUST SPEED/DIRECTION 48/190 DATE 07/26
AVERAGE RH (PERCENT) 39
WEATHER CONDITIONS. NUMBER OF DAYS WITH
THUNDERSTORM 10 MIXED PRECIP 0
HEAVY RAIN 0 RAIN 0
LIGHT RAIN 7 FREEZING RAIN 0
LT FREEZING RAIN 0 HAIL 0
HEAVY SNOW 0 SNOW 0
LIGHT SNOW 0 SLEET 0
FOG 0 FOG W/VIS <= 1/4 MILE 0
HAZE 0
- INDICATES NEGATIVE NUMBERS.
R INDICATES RECORD WAS SET OR TIED.
MM INDICATES DATA IS MISSING.
T INDICATES TRACE AMOUNT.
======================================================================
...JULY 2023 IN ELY WAS WARMER AND DRIER THAN NORMAL...
...TIED FOR 7TH WARMEST JULY ON RECORD FOR ELY...
...TIED FOR 1ST DRIEST JULY ON RECORD FOR ELY...
...A RECORD DAILY MAXIMUM TEMPERATURE OF 100 WAS SET ON JULY 16TH...
...A RECORD DAILY MAXIMUM TEMPERATURE OF 96 WAS SET ON JULY 21ST...
...A RECORD DAILY MAXIMUM TEMPERATURE OF 96 WAS SET ON JULY 23RD...
$$