000
CXUS53 KTOP 010910
CF6EMP
PRELIMINARY LOCAL CLIMATOLOGICAL DATA (WS FORM: F-6)
STATION: EMPORIA KS
MONTH: DECEMBER
YEAR: 2021
LATITUDE: 38 19 N
LONGITUDE: 96 12 W
TEMPERATURE IN F: :PCPN: SNOW: WIND :SUNSHINE: SKY :PK WND
================================================================================
1 2 3 4 5 6A 6B 7 8 9 10 11 12 13 14 15 16 17 18
12Z AVG MX 2MIN
DY MAX MIN AVG DEP HDD CDD WTR SNW DPTH SPD SPD DIR MIN PSBL S-S WX SPD DR
================================================================================
1 69 36 53 15 12 0 0.00 M M 8.0 17 240 M M 0 26 260
2 79 48 64 26 1 0 0.00 M M 7.8 15 260 M M 0 27 250
3 68 39 54 16 11 0 0.00 M M 7.7 17 10 M M 0 24 10
4 56 35 46 9 19 0 0.00 M M 9.4 17 80 M M 2 24 90
5 68 41 55 18 10 0 0.00 M M 13.5 30 350 M M 4 18 42 340
6 41 27 34 -3 31 0 0.00 M M 11.5 30 340 M M 1 46 330
7 43 27 35 -1 30 0 0.00 M M 9.9 20 190 M M 0 27 190
8 58 26 42 6 23 0 0.00 M M 11.0 21 160 M M 0 31 150
9 69 42 56 20 9 0 0.00 M M 10.1 24 160 M M 0 37 170
10 69 34 52 16 13 0 T M M 17.1 32 290 M M 3 18 45 300
11 48 27 38 3 27 0 0.00 M M 13.0 30 310 M M 2 44 310
12 57 28 43 8 22 0 0.00 M M 14.0 26 190 M M 0 39 190
13 60 26 43 8 22 0 0.00 M M 10.3 18 170 M M 0 25 180
14 68 43 56 22 9 0 0.00 M M 16.9 24 180 M M 3 18 36 170
15 76 43 60 26 5 0 0.16 M M 27.5 49 220 M M 6 38 70 230
16 52 29 41 7 24 0 0.00 M M 6.7 21 300 M M 1 28 290
17 53 29 41 7 24 0 0.00 M M 6.6 16 130 M M 2 1 22 150
18 35 19 27 -6 38 0 0.00 M M 10.4 21 340 M M 5 1 30 320
19 39 13 26 -7 39 0 0.00 M M 8.8 20 180 M M 0 24 190
20 51 24 38 5 27 0 0.00 M M 9.5 15 260 M M 0 21 180
21 54 19 37 4 28 0 0.00 M M 5.0 17 280 M M 0 24 290
22 60 21 41 8 24 0 0.00 M M 11.1 24 220 M M 0 32 220
23 59 35 47 15 18 0 0.00 M M 8.8 18 170 M M 1 128 26 190
24 75 41 58 26 7 0 0.00 M M 13.0 24 220 M M 1 12 32 270
25 61 33 47 15 18 0 0.00 M M 3.6 17 360 M M 0 1 25 350
26 66 35 51 19 14 0 T M M 11.9 25 160 M M 2 18 39 150
27 65 36 51 19 14 0 0.00 M M 10.0 24 300 M M 0 36 300
28 64 25 45 13 20 0 0.06 M M 13.8 24 160 M M 3 1 34 170
29 36 22 29 -3 36 0 0.00 M M 8.4 16 40 M M 7 22 20
30 50 28 39 7 26 0 0.00 M M 7.0 15 160 M M 5 18 21 160
31 64 28 46 15 19 0 0.00 M M 12.1 22 340 M M 2 18 30 350
================================================================================
SM 1813 959 620 0 0.22 M 334.4 M 50
================================================================================
AV 58.5 30.9 10.8 FASTST M M 2 MAX(MPH)
MISC ----> 49 220 70 230
================================================================================
NOTES:
# LAST OF SEVERAL OCCURRENCES
COLUMN 17 PEAK WIND IN M.P.H.
PRELIMINARY LOCAL CLIMATOLOGICAL DATA (WS FORM: F-6) , PAGE 2
STATION: EMPORIA KS
MONTH: DECEMBER
YEAR: 2021
LATITUDE: 38 19 N
LONGITUDE: 96 12 W
[TEMPERATURE DATA] [PRECIPITATION DATA] SYMBOLS USED IN COLUMN 16
AVERAGE MONTHLY: 44.7 TOTAL FOR MONTH: 0.22 1 = FOG OR MIST
DPTR FM NORMAL: 10.4 DPTR FM NORMAL: -1.08 2 = FOG REDUCING VISIBILITY
HIGHEST: 79 ON 2 GRTST 24HR 0.16 ON 15-15 TO 1/4 MILE OR LESS
LOWEST: 13 ON 19 3 = THUNDER
SNOW, ICE PELLETS, HAIL 4 = ICE PELLETS
TOTAL MONTH: M 5 = HAIL
GRTST 24HR M ON M 6 = FREEZING RAIN OR DRIZZLE
GRTST DEPTH: M ON M 7 = DUSTSTORM OR SANDSTORM:
VSBY 1/2 MILE OR LESS
8 = SMOKE OR HAZE
[NO. OF DAYS WITH] [WEATHER - DAYS WITH] 9 = BLOWING SNOW
X = TORNADO
MAX 32 OR BELOW: 0 0.01 INCH OR MORE: 2
MAX 90 OR ABOVE: 0 0.10 INCH OR MORE: 1
MIN 32 OR BELOW: 17 0.50 INCH OR MORE: 0
MIN 0 OR BELOW: 0 1.00 INCH OR MORE: 0
[HDD (BASE 65) ]
TOTAL THIS MO. 620 CLEAR (SCALE 0-3) 25
DPTR FM NORMAL -333 PTCLDY (SCALE 4-7) 6
TOTAL FM JUL 1 1257 CLOUDY (SCALE 8-10) 0
DPTR FM NORMAL -634
[CDD (BASE 65) ]
TOTAL THIS MO. 0
DPTR FM NORMAL 0 [PRESSURE DATA]
TOTAL FM JAN 1 1705 HIGHEST SLP 30.44 ON 19
DPTR FM NORMAL 272 LOWEST SLP 29.32 ON 10
[REMARKS]
#FINAL-12-21#