000
CXUS53 KTOP 010800
CF6EMP
PRELIMINARY LOCAL CLIMATOLOGICAL DATA (WS FORM: F-6)
STATION: Emporia KS
MONTH: APRIL
YEAR: 2020
LATITUDE: 38 19 N
LONGITUDE: 96 12 W
TEMPERATURE IN F: :PCPN: SNOW: WIND :SUNSHINE: SKY :PK WND
================================================================================
1 2 3 4 5 6A 6B 7 8 9 10 11 12 13 14 15 16 17 18
12Z AVG MX 2MIN
DY MAX MIN AVG DEP HDD CDD WTR SNW DPTH SPD SPD DIR MIN PSBL S-S WX SPD DR
================================================================================
1 72 43 58 7 7 0 0.00 M M 15.2 29 160 M M 0 40 160
2 71 33 52 1 13 0 T M M 16.4 25 180 M M 5 36 190
3 42 27 35 -17 30 0 0.05 M M 14.2 24 340 M M 8 136 33 340
4 49 29 39 -13 26 0 0.00 M M 10.0 17 30 M M 9 8 22 20
5 60 40 50 -2 15 0 0.00 M M 7.5 17 160 M M 8 18 23 170
6 73 55 64 11 1 0 0.00 M M 14.7 26 190 M M 7 8 36 180
7 82 60 71 18 0 6 0.00 M M 9.6 20 210 M M 7 18 26 180
8 89 49 69 16 0 4 0.00 M M 11.2 28 350 M M 2 18 42 360
9 62 33 48 -6 17 0 0.00 M M 11.9 26 340 M M 2 39 340
10 60 29 45 -9 20 0 0.00 M M 10.5 20 170 M M 4 8 26 170
11 83 46 65 11 0 0 0.03 M M 19.1 31 200 M M 1 3 41 170
12 62 32 47 -8 18 0 0.07 M M 18.6 36 350 M M 10 1 55 350
13 47 26 37 -18 28 0 0.00 M M 10.4 23 340 M M 2 36 340
14 53 29 41 -14 24 0 0.00 M M 9.5 23 210 M M 5 34 240
15 59 31 45 -11 20 0 0.00 M M 8.1 24 210 M M 2 8 34 220
16 53 36 45 -11 20 0 0.63 M M 12.2 25 320 M M 5 13 34 330
17 47 33 40 -16 25 0 0.19 M M 10.5 20 10 M M 7 1 32 10
18 65 33 49 -8 16 0 0.00 M M 13.1 25 180 M M 0 32 200
19 70 49 60 3 5 0 0.00 M M 8.1 20 30 M M 3 8 27 70
20 72 45 59 2 6 0 0.01 M M 10.5 26 340 M M 2 3 43 340
21 76 47 62 4 3 0 0.00 M M 6.0 14 130 M M 1 8 20 140
22 62 53 58 0 7 0 0.47 M M 8.8 29 130 M M 9 1 39 130
23 78 53 66 8 0 1 0.00 M M 5.6 13 220 M M 5 1 18 220
24 67 51 59 0 6 0 0.46 M M 11.6 24 320 M M 5 13 35 330
25 69 48 59 0 6 0 0.00 M M 9.8 20 340 M M 2 1 28 330
26 74 42 58 -1 7 0 0.00 M M 6.1 15 130 M M 2 24 150
27 78 53 66 6 0 1 M M M 12.9 28 190 M M 1 39 210
28 77 52 65 5 0 0 0.01 M M 11.4 25 340 0 0 0 43 340
29 70 50 60 0 5 0 0.00 M M 17.1 31 330 M M 3 44 340
30 76 48 62 1 3 0 0.00 M M 6.7 12 160 M M 0 17 330
================================================================================
SM 1998 1255 328 12 1.92 M 337.3 0 117
================================================================================
AV 66.6 41.8 11.2 FASTST 0 0 4 MAX(MPH)
MISC ----> # 36 350 # 55 350
================================================================================
NOTES:
# LAST OF SEVERAL OCCURRENCES
COLUMN 17 PEAK WIND IN M.P.H.
PRELIMINARY LOCAL CLIMATOLOGICAL DATA (WS FORM: F-6) , PAGE 2
STATION: Emporia KS
MONTH: APRIL
YEAR: 2020
LATITUDE: 38 19 N
LONGITUDE: 96 12 W
[TEMPERATURE DATA] [PRECIPITATION DATA] SYMBOLS USED IN COLUMN 16
AVERAGE MONTHLY: 54.2 TOTAL FOR MONTH: 1.92 1 = FOG OR MIST
DPTR FM NORMAL: -1.6 DPTR FM NORMAL: -1.46 2 = FOG REDUCING VISIBILITY
HIGHEST: 89 ON 8 GRTST 24HR 0.63 ON 16-16 TO 1/4 MILE OR LESS
LOWEST: 26 ON 13 3 = THUNDER
SNOW, ICE PELLETS, HAIL 4 = ICE PELLETS
TOTAL MONTH: M 5 = HAIL
GRTST 24HR M ON M 6 = FREEZING RAIN OR DRIZZLE
GRTST DEPTH: M ON M 7 = DUSTSTORM OR SANDSTORM:
VSBY 1/2 MILE OR LESS
8 = SMOKE OR HAZE
[NO. OF DAYS WITH] [WEATHER - DAYS WITH] 9 = BLOWING SNOW
X = TORNADO
MAX 32 OR BELOW: 0 0.01 INCH OR MORE: 9
MAX 90 OR ABOVE: 0 0.10 INCH OR MORE: 4
MIN 32 OR BELOW: 7 0.50 INCH OR MORE: 1
MIN 0 OR BELOW: 0 1.00 INCH OR MORE: 0
[HDD (BASE 65) ]
TOTAL THIS MO. 328 CLEAR (SCALE 0-3) 15
DPTR FM NORMAL 31 PTCLDY (SCALE 4-7) 12
TOTAL FM JUL 1 4478 CLOUDY (SCALE 8-10) 3
DPTR FM NORMAL -251
[CDD (BASE 65) ]
TOTAL THIS MO. 12
DPTR FM NORMAL -9 [PRESSURE DATA]
TOTAL FM JAN 1 12 HIGHEST SLP 0.00 ON M
DPTR FM NORMAL -11 LOWEST SLP 29.42 ON 11
[REMARKS]
#FINAL-04-20#