000
CXUS53 KMKX 010910
CF6ENW
PRELIMINARY LOCAL CLIMATOLOGICAL DATA (WS FORM: F-6)
STATION: KENOSHA WI
MONTH: NOVEMBER
YEAR: 2022
LATITUDE: 42 35 N
LONGITUDE: 87 56 W
TEMPERATURE IN F: :PCPN: SNOW: WIND :SUNSHINE: SKY :PK WND
================================================================================
1 2 3 4 5 6A 6B 7 8 9 10 11 12 13 14 15 16 17 18
12Z AVG MX 2MIN
DY MAX MIN AVG DEP HDD CDD WTR SNW DPTH SPD SPD DIR MIN PSBL S-S WX SPD DR
================================================================================
1 70 39 55 9 10 0 0.00 M M 6.1 13 240 M M 0 18 16 270
2 72 39 56 10 9 0 0.00 M M 6.9 14 200 M M 0 18 18 170
3 72 51 62 17 3 0 0.00 M M 12.7 23 200 M M 0 18 34 220
4 67 59 63 18 2 0 0.45 M M 9.7 21 210 M M 7 138 31 210
5 67 44 56 12 9 0 0.16 M M 20.4 38 220 M M 9 1 57 220
6 61 44 53 9 12 0 0.00 M M 13.1 26 240 M M 0 36 240
7 53 35 44 0 21 0 0.00 M M 9.1 17 300 M M 0 25 270
8 52 41 47 4 18 0 0.00 M M 13.4 21 110 M M 0 28 100
9 71 48 60 17 5 0 0.00 M M 10.1 17 210 M M 2 23 190
10 77 61 69 27 0 4 0.00 M M 13.8 24 210 M M 1 33 210
11 63 33 48 6 17 0 0.00 M M 12.8 21 300 M M 7 30 310
12 37 33 35 -7 30 0 0.00 M M 9.7 16 280 M M 10 22 290
13 39 24 32 -9 33 0 0.00 M M 7.3 16 310 M M 6 23 310
14 43 22 33 -8 32 0 0.00 M M 5.3 15 130 M M 3 20 110
15 40 34 37 -3 28 0 0.44 M M 7.0 17 100 M M 10 12 25 100
16 36 30 33 -7 32 0 0.01 M M 8.4 12 330 M M 8 1 M M
17 32 30 31 -8 34 0 M M M 16.4 21 240 M M 10 8 32 240
18 29 22 26 -13 39 0 T M M 17.3 28 250 M M 10 8 36 260
19 29 15 22 -16 43 0 T M M 16.0 25 290 M M 8 8 36 280
20 34 10 22 -16 43 0 0.00 M M 12.4 21 220 M M 1 34 210
21 46 25 36 -2 29 0 0.00 M M 12.6 25 250 M M 0 37 230
22 49 22 36 -1 29 0 0.00 M M 5.8 17 260 M M 0 18 25 270
23 58 29 44 7 21 0 0.00 M M 5.6 13 240 M M 0 8 16 240
24 52 34 43 7 22 0 T M M 6.9 17 310 M M 5 18 27 310
25 52 33 43 7 22 0 0.00 M M 10.1 16 300 M M 0 18 23 310
26 56 36 46 10 19 0 0.00 M M 10.7 22 240 M M 0 32 230
27 48 31 40 5 25 0 0.07 M M 9.2 22 20 M M 5 1 30 10
28 47 22 35 0 30 0 0.00 M M 6.0 14 200 M M 2 18 20 200
29 58 35 47 12 18 0 0.00 M M 15.5 33 280 M M 8 18 45 280
30 35 18 27 -7 38 0 0.00 M M 21.9 32 270 M M 6 46 270
================================================================================
SM 1545 999 673 4 1.13 M 332.2 M 118
================================================================================
AV 51.5 33.3 11.1 FASTST M M 4 MAX(MPH)
MISC ----> 38 220 57 220
================================================================================
NOTES:
# LAST OF SEVERAL OCCURRENCES
COLUMN 17 PEAK WIND IN M.P.H.
PRELIMINARY LOCAL CLIMATOLOGICAL DATA (WS FORM: F-6) , PAGE 2
STATION: KENOSHA WI
MONTH: NOVEMBER
YEAR: 2022
LATITUDE: 42 35 N
LONGITUDE: 87 56 W
[TEMPERATURE DATA] [PRECIPITATION DATA] SYMBOLS USED IN COLUMN 16
AVERAGE MONTHLY: 42.4 TOTAL FOR MONTH: 1.13 1 = FOG OR MIST
DPTR FM NORMAL: 2.3 DPTR FM NORMAL: -0.92 2 = FOG REDUCING VISIBILITY
HIGHEST: 77 ON 10 GRTST 24HR 0.56 ON 4- 5 TO 1/4 MILE OR LESS
LOWEST: 10 ON 20 3 = THUNDER
SNOW, ICE PELLETS, HAIL 4 = ICE PELLETS
TOTAL MONTH: M 5 = HAIL
GRTST 24HR M ON M 6 = FREEZING RAIN OR DRIZZLE
GRTST DEPTH: M ON M 7 = DUSTSTORM OR SANDSTORM:
VSBY 1/2 MILE OR LESS
8 = SMOKE OR HAZE
[NO. OF DAYS WITH] [WEATHER - DAYS WITH] 9 = BLOWING SNOW
X = TORNADO
MAX 32 OR BELOW: 3 0.01 INCH OR MORE: 5
MAX 90 OR ABOVE: 0 0.10 INCH OR MORE: 3
MIN 32 OR BELOW: 13 0.50 INCH OR MORE: 0
MIN 0 OR BELOW: 0 1.00 INCH OR MORE: 0
[HDD (BASE 65) ]
TOTAL THIS MO. 673 CLEAR (SCALE 0-3) 15
DPTR FM NORMAL -76 PTCLDY (SCALE 4-7) 10
TOTAL FM JUL 1 1214 CLOUDY (SCALE 8-10) 5
DPTR FM NORMAL -56
[CDD (BASE 65) ]
TOTAL THIS MO. 4
DPTR FM NORMAL 4 [PRESSURE DATA]
TOTAL FM JAN 1 824 HIGHEST SLP 30.69 ON 8
DPTR FM NORMAL 103 LOWEST SLP 29.32 ON 5
[REMARKS]
#FINAL-11-22#