000
CXUS53 KMKX 010910
CF6ENW
PRELIMINARY LOCAL CLIMATOLOGICAL DATA (WS FORM: F-6)
STATION: KENOSHA WI
MONTH: DECEMBER
YEAR: 2021
LATITUDE: 42 35 N
LONGITUDE: 87 56 W
TEMPERATURE IN F: :PCPN: SNOW: WIND :SUNSHINE: SKY :PK WND
================================================================================
1 2 3 4 5 6A 6B 7 8 9 10 11 12 13 14 15 16 17 18
12Z AVG MX 2MIN
DY MAX MIN AVG DEP HDD CDD WTR SNW DPTH SPD SPD DIR MIN PSBL S-S WX SPD DR
================================================================================
1 50 30 40 6 25 0 0.01 M M 9.6 22 240 M M 6 31 240
2 55 39 47 13 18 0 0.00 M M 11.5 24 250 M M 1 37 320
3 46 33 40 7 25 0 0.13 M M 4.1 13 320 M M 7 12 19 340
4 39 30 35 2 30 0 0.00 M M 6.9 14 300 M M 7 1 19 300
5 41 33 37 5 28 0 0.13 M M 11.4 22 130 M M 10 1 33 140
6 36 12 24 -8 41 0 T M M 18.0 30 290 M M 5 43 270
7 25 8 17 -15 48 0 T M M 6.4 16 310 M M 7 22 310
8 31 24 28 -4 37 0 T M M 5.4 12 340 M M 6 16 210
9 43 24 34 3 31 0 0.00 M M 8.3 22 140 M M 5 31 130
10 46 32 39 8 26 0 1.32 M M 9.0 23 70 M M 6 128 31 60
11 56 31 44 13 21 0 0.01 M M 16.8 38 240 M M 5 1 53 240
12 49 32 41 11 24 0 0.00 M M 14.4 25 240 M M 0 37 230
13 51 30 41 11 24 0 0.00 M M 9.1 21 260 M M 0 28 240
14 51 27 39 9 26 0 T M M 8.1 17 130 M M 3 128 23 200
15 67 50 59 29 6 0 T M M 19.6 44 210 M M 10 18 60 210
16 68 29 49 20 16 0 T M M 23.4 43 240 M M 5 8 64 210
17 37 21 29 0 36 0 0.00 M M 8.3 15 70 M M 3 18 260
18 39 29 34 5 31 0 T M M 9.1 16 330 M M 9 23 330
19 38 28 33 5 32 0 0.00 M M 9.2 18 210 M M 4 26 200
20 41 26 34 6 31 0 0.00 M M 11.6 22 240 M M 0 31 260
21 40 19 30 2 35 0 0.00 M M 11.6 28 260 M M 4 42 270
22 29 15 22 -6 43 0 0.00 M M 8.1 20 300 M M 4 28 300
23 44 26 35 7 30 0 0.00 0.0 0 5.8 15 190 M M 5 18 20 170
24 51 25 38 11 27 0 0.02 M M 6.5 15 180 M M 7 128 22 180
25 51 26 39 12 26 0 0.04 M M 6.5 14 350 M M 5 18 20 330
26 43 22 33 6 32 0 T M M 9.7 26 110 M M 4 3 36 100
27 44 30 37 10 28 0 0.37 M M 13.6 26 280 M M 7 13 39 270
28 37 27 32 6 33 0 0.30 M M 7.3 17 100 M M 7 1 23 90
29 37 26 32 6 33 0 T M M 7.5 17 290 M M 8 18 22 270
30 37 26 32 6 33 0 0.00 M M 5.8 12 330 M M 10 18 15 340
31 39 33 36 10 29 0 0.03 M M 8.0 20 360 M M 10 18 27 350
================================================================================
SM 1361 843 905 0 2.36 0.0 310.6 M 170
================================================================================
AV 43.9 27.2 10.0 FASTST M M 5 MAX(MPH)
MISC ----> 44 210 64 210
================================================================================
NOTES:
# LAST OF SEVERAL OCCURRENCES
COLUMN 17 PEAK WIND IN M.P.H.
PRELIMINARY LOCAL CLIMATOLOGICAL DATA (WS FORM: F-6) , PAGE 2
STATION: KENOSHA WI
MONTH: DECEMBER
YEAR: 2021
LATITUDE: 42 35 N
LONGITUDE: 87 56 W
[TEMPERATURE DATA] [PRECIPITATION DATA] SYMBOLS USED IN COLUMN 16
AVERAGE MONTHLY: 35.5 TOTAL FOR MONTH: 2.36 1 = FOG OR MIST
DPTR FM NORMAL: 6.0 DPTR FM NORMAL: 0.83 2 = FOG REDUCING VISIBILITY
HIGHEST: 68 ON 16 GRTST 24HR 1.33 ON 10-11 TO 1/4 MILE OR LESS
LOWEST: 8 ON 7 3 = THUNDER
SNOW, ICE PELLETS, HAIL 4 = ICE PELLETS
TOTAL MONTH: 0.0 INCH 5 = HAIL
GRTST 24HR 0.0 6 = FREEZING RAIN OR DRIZZLE
GRTST DEPTH: 0 7 = DUSTSTORM OR SANDSTORM:
VSBY 1/2 MILE OR LESS
8 = SMOKE OR HAZE
[NO. OF DAYS WITH] [WEATHER - DAYS WITH] 9 = BLOWING SNOW
X = TORNADO
MAX 32 OR BELOW: 3 0.01 INCH OR MORE: 10
MAX 90 OR ABOVE: 0 0.10 INCH OR MORE: 5
MIN 32 OR BELOW: 26 0.50 INCH OR MORE: 1
MIN 0 OR BELOW: 0 1.00 INCH OR MORE: 1
[HDD (BASE 65) ]
TOTAL THIS MO. 905 CLEAR (SCALE 0-3) 6
DPTR FM NORMAL -195 PTCLDY (SCALE 4-7) 20
TOTAL FM JUL 1 1953 CLOUDY (SCALE 8-10) 5
DPTR FM NORMAL -418
[CDD (BASE 65) ]
TOTAL THIS MO. 0
DPTR FM NORMAL 0 [PRESSURE DATA]
TOTAL FM JAN 1 1050 HIGHEST SLP 30.38 ON 19
DPTR FM NORMAL 329 LOWEST SLP 29.09 ON 11
[REMARKS]
#FINAL-12-21#