495
CXUS53 KDMX 041529
CF6EST
PRELIMINARY LOCAL CLIMATOLOGICAL DATA (WS FORM: F-6)
STATION: ESTHERVILLE IA
MONTH: JULY
YEAR: 2020
LATITUDE: 43 24 N
LONGITUDE: 94 45 W
TEMPERATURE IN F: :PCPN: SNOW: WIND :SUNSHINE: SKY :PK WND
================================================================================
1 2 3 4 5 6A 6B 7 8 9 10 11 12 13 14 15 16 17 18
12Z AVG MX 2MIN
DY MAX MIN AVG DEP HDD CDD WTR SNW DPTH SPD SPD DIR MIN PSBL S-S WX SPD DR
================================================================================
1 82 66 74 2 0 9 0.22 0.0 0 9.1 21 60 M M 3 13 26 50
2 85 64 75 3 0 10 0.00 0.0 0 6.5 13 80 M M 0 1 19 140
3 86 65 76 4 0 11 0.00 0.0 0 5.1 13 140 M M 1 1 17 170
4 87 64 76 4 0 11 0.00 0.0 0 3.3 16 150 M M 1 20 140
5 86 64 75 3 0 10 0.00 0.0 0 5.0 12 180 M M 0 1 15 170
6 86 65 76 4 0 11 0.18 0.0 0 7.4 30 320 M M 3 13 41 320
7 84 67 76 4 0 11 T 0.0 0 5.4 18 30 M M 0 1 23 30
8 88 68 78 6 0 13 0.00 0.0 0 9.7 22 190 M M 0 1 32 180
9 78 66 72 0 0 7 0.52 0.0 0 5.3 20 90 M M 2 13 28 80
10 82 59 71 -1 0 6 0.00 0.0 0 5.1 9 230 M M 0 16 190
11 83 61 72 0 0 7 0.04 0.0 0 7.3 23 350 M M 2 13 35 330
12 81 57 69 -3 0 4 0.00 0.0 0 5.1 10 360 M M 1 16 10
13 83 58 71 -1 0 6 0.00 0.0 0 12.5 26 170 0 0 0 37 160
14 76 55 66 -6 0 1 T 0.0 0 8.7 22 360 M M 6 27 10
15 75 51 63 -9 2 0 0.00 0.0 0 5.1 13 40 M M 0 17 40
16 83 48 66 -6 0 1 0.00 0.0 0 8.2 15 200 M M 0 1 22 230
17 85 62 74 2 0 9 0.00 0.0 0 10.8 21 160 M M 3 1 30 180
18 89 68 79 7 0 14 0.07 0.0 0 11.3 24 360 M M 3 13 34 360
19 82 60 71 -1 0 6 0.00 0.0 0 8.6 22 320 M M 0 31 310
20 79 59 69 -3 0 4 0.00 0.0 0 5.0 12 150 M M 2 17 140
21 80 58 69 -3 0 4 0.23 0.0 0 7.5 17 360 M M 2 1 26 360
22 78 54 66 -6 0 1 0.00 0.0 0 5.6 10 70 M M 1 12 14 340
23 80 56 68 -4 0 3 0.01 0.0 0 9.9 17 130 M M 2 24 160
24 88 68 78 6 0 13 0.00 0.0 0 12.6 21 180 M M 1 30 190
25 88 73 81 9 0 16 0.25 0.0 0 11.4 21 180 M M 3 1 31 180
26 82 61 72 1 0 7 1.06 0.0 0 8.7 18 70 M M 4 13 28 240
27 80 57 69 -2 0 4 0.00 0.0 0 6.6 14 310 M M 0 18 270
28 84 61 73 2 0 8 0.00 0.0 0 9.1 22 240 M M 6 3 32 240
29 79 63 71 0 0 6 0.00 0.0 0 5.8 13 70 M M 2 16 80
30 76 56 66 -5 0 1 0.00 0.0 0 9.9 21 50 M M 0 29 60
31 79 52 66 -5 0 1 0.00 0.0 0 4.8 12 50 M M 1 15 10
================================================================================
SM 2554 1886 2 215 2.58 0.0 236.4 0 49
================================================================================
AV 82.4 60.8 7.6 FASTST 0 0 2 MAX(MPH)
MISC ----> # 30 320 # 41 320
================================================================================
NOTES:
# LAST OF SEVERAL OCCURRENCES
COLUMN 17 PEAK WIND IN M.P.H.
PRELIMINARY LOCAL CLIMATOLOGICAL DATA (WS FORM: F-6) , PAGE 2
STATION: ESTHERVILLE IA
MONTH: JULY
YEAR: 2020
LATITUDE: 43 24 N
LONGITUDE: 94 45 W
[TEMPERATURE DATA] [PRECIPITATION DATA] SYMBOLS USED IN COLUMN 16
AVERAGE MONTHLY: 71.6 TOTAL FOR MONTH: 2.58 1 = FOG OR MIST
DPTR FM NORMAL: -0.2 DPTR FM NORMAL: -1.37 2 = FOG REDUCING VISIBILITY
HIGHEST: 89 ON 18 GRTST 24HR 1.06 ON 26-26 TO 1/4 MILE OR LESS
LOWEST: 48 ON 16 3 = THUNDER
SNOW, ICE PELLETS, HAIL 4 = ICE PELLETS
TOTAL MONTH: 0.0 INCH 5 = HAIL
GRTST 24HR 0.0 6 = FREEZING RAIN OR DRIZZLE
GRTST DEPTH: 0 7 = DUSTSTORM OR SANDSTORM:
VSBY 1/2 MILE OR LESS
8 = SMOKE OR HAZE
[NO. OF DAYS WITH] [WEATHER - DAYS WITH] 9 = BLOWING SNOW
X = TORNADO
MAX 32 OR BELOW: 0 0.01 INCH OR MORE: 9
MAX 90 OR ABOVE: 0 0.10 INCH OR MORE: 6
MIN 32 OR BELOW: 0 0.50 INCH OR MORE: 2
MIN 0 OR BELOW: 0 1.00 INCH OR MORE: 1
[HDD (BASE 65) ]
TOTAL THIS MO. 2 CLEAR (SCALE 0-3) 28
DPTR FM NORMAL -7 PTCLDY (SCALE 4-7) 3
TOTAL FM JUL 1 2 CLOUDY (SCALE 8-10) 0
DPTR FM NORMAL -7
[CDD (BASE 65) ]
TOTAL THIS MO. 215
DPTR FM NORMAL -4 [PRESSURE DATA]
TOTAL FM JAN 1 439 HIGHEST SLP 30.12 ON 23
DPTR FM NORMAL 47 LOWEST SLP 29.68 ON 18
[REMARKS]
#FINAL-07-20#