000
CXUS56 KPQR 032109
CF6EUG
PRELIMINARY LOCAL CLIMATOLOGICAL DATA (WS FORM: F-6)
STATION: EUGENE OR
MONTH: APRIL
YEAR: 2023
LATITUDE: 44 7 N
LONGITUDE: 123 13 W
TEMPERATURE IN F: :PCPN: SNOW: WIND :SUNSHINE: SKY :PK WND
================================================================================
1 2 3 4 5 6A 6B 7 8 9 10 11 12 13 14 15 16 17 18
12Z AVG MX 2MIN
DY MAX MIN AVG DEP HDD CDD WTR SNW DPTH SPD SPD DIR MIN PSBL S-S WX SPD DR
================================================================================
1 52 39 46 -3 19 0 0.52 0.0 0 11.9 30 290 M M 9 1 37 280
2 48 36 42 -7 23 0 0.46 0.0 0 9.2 24 270 M M 8 18 33 300
3 50 34 42 -7 23 0 0.15 0.0 0 8.5 24 310 M M 7 15 42 300
4 50 37 44 -5 21 0 0.05 0.0 0 7.9 20 250 M M 8 8 21 250
5 54 39 47 -2 18 0 0.10 0.0 0 9.5 18 190 M M 10 22 190
6 58 46 52 3 13 0 0.26 0.0 0 8.6 14 160 M M 10 18 170
7 60 46 53 4 12 0 0.28 0.0 0 7.8 20 270 M M 9 1 25 220
8 62 40 51 2 14 0 0.00 0.0 0 4.5 9 260 M M 9 12 250
9 57 50 54 4 11 0 0.22 0.0 0 6.2 16 130 M M 10 1 19 130
10 54 44 49 -1 16 0 1.04 0.0 0 6.7 16 10 M M 10 1 19 350
11 53 40 47 -3 18 0 0.07 0.0 0 8.6 30 190 M M 7 36 190
12 52 35 44 -6 21 0 0.12 0.0 0 7.5 22 210 M M 8 1 27 210
13 57 35 46 -4 19 0 0.00 0.0 0 4.2 10 320 M M 7 13 320
14 63 38 51 1 14 0 0.00 0.0 0 3.8 10 330 M M 5 12 330
15 60 41 51 1 14 0 0.00 0.0 0 6.5 12 250 M M 7 16 240
16 52 42 47 -3 18 0 0.13 0.0 0 9.3 20 250 M M 8 1 25 270
17 51 37 44 -7 21 0 0.35 0.0 0 12.5 31 210 M M 8 18 39 240
18 51 36 44 -7 21 0 0.13 0.0 0 12.4 26 200 M M 9 1 32 200
19 53 38 46 -5 19 0 0.23 0.0 0 9.8 26 290 M M 8 1 29 290
20 50 41 46 -5 19 0 0.28 0.0 0 10.9 22 170 M M 10 1 25 170
21 58 49 54 3 11 0 0.11 0.0 0 3.5 8 210 M M 10 1 10 210
22 72 51 62 10 3 0 0.15 0.0 0 4.5 15 280 M M 9 12 19 290
23 56 47 52 0 13 0 0.04 0.0 0 9.9 17 230 M M 9 1 20 220
24 61 42 52 0 13 0 0.01 0.0 0 5.6 14 270 M M 7 16 260
25 66 38 52 0 13 0 0.00 0.0 0 6.9 16 20 M M 3 1 22 10
26 75 41 58 6 7 0 0.00 0.0 0 5.0 16 10 M M 4 20 20
27 77 47 62 9 3 0 0.00 0.0 0 7.6 17 20 M M 2 22 10
28 87 50 69 16 0 4 0.00 0.0 0 5.7 14 280 M M 1 8 16 280
29 83 50 67 14 0 2 0.00 0.0 0 7.1 17 260 M M 2 21 260
30 65 49 57 4 8 0 T 0.0 0 6.6 16 240 M M 8 20 240
================================================================================
SM 1787 1258 425 6 4.70 0.0 228.7 M 222
================================================================================
AV 59.6 41.9 7.6 FASTST M M 7 MAX(MPH)
MISC ----> 31 210 42 300
================================================================================
NOTES:
# LAST OF SEVERAL OCCURRENCES
COLUMN 17 PEAK WIND IN M.P.H.
PRELIMINARY LOCAL CLIMATOLOGICAL DATA (WS FORM: F-6) , PAGE 2
STATION: EUGENE OR
MONTH: APRIL
YEAR: 2023
LATITUDE: 44 7 N
LONGITUDE: 123 13 W
[TEMPERATURE DATA] [PRECIPITATION DATA] SYMBOLS USED IN COLUMN 16
AVERAGE MONTHLY: 50.8 TOTAL FOR MONTH: 4.70 1 = FOG OR MIST
DPTR FM NORMAL: 0.0 DPTR FM NORMAL: 1.38 2 = FOG REDUCING VISIBILITY
HIGHEST: 87 ON 28 GRTST 24HR 1.04 ON 9-10 TO 1/4 MILE OR LESS
LOWEST: 34 ON 3 3 = THUNDER
SNOW, ICE PELLETS, HAIL 4 = ICE PELLETS
TOTAL MONTH: 0.0 INCH 5 = HAIL
GRTST 24HR 0.0 6 = FREEZING RAIN OR DRIZZLE
GRTST DEPTH: 0 7 = DUSTSTORM OR SANDSTORM:
VSBY 1/2 MILE OR LESS
8 = SMOKE OR HAZE
[NO. OF DAYS WITH] [WEATHER - DAYS WITH] 9 = BLOWING SNOW
X = TORNADO
MAX 32 OR BELOW: 0 0.01 INCH OR MORE: 20
MAX 90 OR ABOVE: 0 0.10 INCH OR MORE: 16
MIN 32 OR BELOW: 0 0.50 INCH OR MORE: 2
MIN 0 OR BELOW: 0 1.00 INCH OR MORE: 1
[HDD (BASE 65) ]
TOTAL THIS MO. 425 CLEAR (SCALE 0-3) 4
DPTR FM NORMAL -6 PTCLDY (SCALE 4-7) 10
TOTAL FM JUL 1 4219 CLOUDY (SCALE 8-10) 16
DPTR FM NORMAL 31
[CDD (BASE 65) ]
TOTAL THIS MO. 6
DPTR FM NORMAL 6 [PRESSURE DATA]
TOTAL FM JAN 1 6 HIGHEST SLP 30.44 ON 21
DPTR FM NORMAL 6 LOWEST SLP 29.77 ON 17
[REMARKS]
#FINAL-04-23#