000
CXUS56 KSLC 060544
CF6EVW
PRELIMINARY LOCAL CLIMATOLOGICAL DATA (WS FORM: F-6)
STATION: EVANSTON WY
MONTH: MAY
YEAR: 2022
LATITUDE: 41 16 N
LONGITUDE: 111 2 W
TEMPERATURE IN F: :PCPN: SNOW: WIND :SUNSHINE: SKY :PK WND
================================================================================
1 2 3 4 5 6A 6B 7 8 9 10 11 12 13 14 15 16 17 18
12Z AVG MX 2MIN
DY MAX MIN AVG DEP HDD CDD WTR SNW DPTH SPD SPD DIR MIN PSBL S-S WX SPD DR
================================================================================
1 57 34 46 2 19 0 T M M 9.4 26 240 M M 6 3 36 220
2 62 36 49 5 16 0 T M M 12.9 32 240 M M 7 12 46 220
3 42 28 35 -9 30 0 0.05 M M 13.4 22 260 M M 9 128 30 260
4 46 30 38 -7 27 0 0.02 M M 9.5 17 230 M M 8 12 22 220
5 65 32 49 4 16 0 0.00 M M 11.7 24 240 M M 0 35 240
6 65 45 55 9 10 0 0.00 M M 15.0 36 250 M M 3 50 250
7 59 37 48 2 17 0 T M M 16.9 46 220 M M 5 8 69 220
8 53 28 41 -5 24 0 0.01 M M 11.4 41 250 M M 5 1 60 250
9 36 23 30 -16 35 0 0.03 M M 14.7 30 250 M M 6 12 44 240
10 54 26 40 -7 25 0 0.00 M M 12.6 33 230 M M 5 45 250
11 61 31 46 -1 19 0 0.00 M M 8.3 23 210 M M 3 40 330
12 48 31 40 -8 25 0 0.01 M M 14.4 35 250 M M 5 12 55 240
13 56 28 42 -6 23 0 0.00 M M 17.2 35 260 M M 2 53 270
14 66 36 51 3 14 0 0.00 M M 15.0 30 260 M M 1 48 240
15 74 39 57 9 8 0 0.00 M M 6.6 22 260 M M 0 32 280
16 77 46 62 13 3 0 0.00 M M 11.2 29 250 M M 0 42 250
17 67 45 56 7 9 0 T M M 8.4 25 220 M M 4 35 220
18 69 42 56 6 9 0 0.00 M M 12.2 26 250 M M 0 42 240
19 65 32 49 -1 16 0 T M M 18.8 47 230 M M 6 64 240
20 45 27 36 -14 29 0 T M M 10.2 26 70 M M 7 8 36 350
21 50 25 38 -12 27 0 0.00 M M 9.2 23 90 M M 2 31 80
22 58 28 43 -8 22 0 T M M 11.6 29 350 M M 5 41 270
23 55 25 40 -11 25 0 0.00 M M 5.9 15 300 M M 4 21 330
24 58 32 45 -6 20 0 0.00 M M 9.7 25 280 M M 3 34 260
25 69 33 51 -1 14 0 0.00 M M 8.5 22 250 M M 0 32 270
26 80 43 62 10 3 0 0.00 M M 9.0 23 240 M M 0 29 230
27 74 53 64 12 1 0 0.00 M M 11.9 25 290 M M 3 3 34 280
28 57 39 48 -4 17 0 0.06 M M 11.4 32 320 M M 6 13 44 310
29 47 33 40 -13 25 0 0.69 M M 12.8 30 250 M M 8 1238 40 230
30 48 32 40 -13 25 0 T M M 12.6 23 260 M M 8 128 30 220
31 53 33 43 -10 22 0 0.06 M M 5.8 20 20 M M 6 13 27 30
================================================================================
SM 1816 1052 575 0 0.93 M 358.2 M 127
================================================================================
AV 58.6 33.9 11.6 FASTST M M 4 MAX(MPH)
MISC ----> 47 230 69 220
================================================================================
NOTES:
# LAST OF SEVERAL OCCURRENCES
COLUMN 17 PEAK WIND IN M.P.H.
PRELIMINARY LOCAL CLIMATOLOGICAL DATA (WS FORM: F-6) , PAGE 2
STATION: EVANSTON WY
MONTH: MAY
YEAR: 2022
LATITUDE: 41 16 N
LONGITUDE: 111 2 W
[TEMPERATURE DATA] [PRECIPITATION DATA] SYMBOLS USED IN COLUMN 16
AVERAGE MONTHLY: 46.3 TOTAL FOR MONTH: 0.93 1 = FOG OR MIST
DPTR FM NORMAL: -2.4 DPTR FM NORMAL: -0.82 2 = FOG REDUCING VISIBILITY
HIGHEST: 80 ON 26 GRTST 24HR 0.74 ON 28-29 TO 1/4 MILE OR LESS
LOWEST: 23 ON 9 3 = THUNDER
SNOW, ICE PELLETS, HAIL 4 = ICE PELLETS
TOTAL MONTH: M 5 = HAIL
GRTST 24HR M ON M 6 = FREEZING RAIN OR DRIZZLE
GRTST DEPTH: M ON M 7 = DUSTSTORM OR SANDSTORM:
VSBY 1/2 MILE OR LESS
8 = SMOKE OR HAZE
[NO. OF DAYS WITH] [WEATHER - DAYS WITH] 9 = BLOWING SNOW
X = TORNADO
MAX 32 OR BELOW: 0 0.01 INCH OR MORE: 8
MAX 90 OR ABOVE: 0 0.10 INCH OR MORE: 1
MIN 32 OR BELOW: 16 0.50 INCH OR MORE: 1
MIN 0 OR BELOW: 0 1.00 INCH OR MORE: 0
[HDD (BASE 65) ]
TOTAL THIS MO. 575 CLEAR (SCALE 0-3) 13
DPTR FM NORMAL 69 PTCLDY (SCALE 4-7) 15
TOTAL FM JUL 1 7906 CLOUDY (SCALE 8-10) 3
DPTR FM NORMAL -298
[CDD (BASE 65) ]
TOTAL THIS MO. 0
DPTR FM NORMAL -1 [PRESSURE DATA]
TOTAL FM JAN 1 0 HIGHEST SLP 30.19 ON 12
DPTR FM NORMAL -1 LOWEST SLP 29.39 ON 8
[REMARKS]
#FINAL-05-22#