000
CXUS53 KIND 010600
CF6EYE
PRELIMINARY LOCAL CLIMATOLOGICAL DATA (WS FORM: F-6)
STATION: INDIANAPOLIS EAGLE CREEK IN
MONTH: APRIL
YEAR: 2021
LATITUDE: 39 49 N
LONGITUDE: 86 18 W
TEMPERATURE IN F: :PCPN: SNOW: WIND :SUNSHINE: SKY :PK WND
================================================================================
1 2 3 4 5 6A 6B 7 8 9 10 11 12 13 14 15 16 17 18
12Z AVG MX 2MIN
DY MAX MIN AVG DEP HDD CDD WTR SNW DPTH SPD SPD DIR MIN PSBL S-S WX SPD DR
================================================================================
1 39 27 33 -15 32 0 T M M 12.8 22 310 M M 4 32 300
2 48 22 35 -14 30 0 0.00 M M 3.1 9 170 M M 0 14 180
3 65 33 49 0 16 0 0.00 M M 7.6 20 200 M M 0 30 240
4 73 43 58 8 7 0 0.00 M M 3.4 12 260 M M 0 19 270
5 77 47 62 12 3 0 0.00 M M 5.6 17 210 M M 0 28 200
6 78 52 65 15 0 0 0.00 M M 5.3 16 200 M M 1 8 27 210
7 79 52 66 16 0 1 0.06 M M 6.1 24 270 M M 5 3 38 270
8 66 56 61 10 4 0 0.28 M M 8.7 17 220 M M 7 1 32 240
9 78 51 65 14 0 0 T M M 7.8 22 200 M M 3 37 210
10 65 50 58 6 7 0 1.39 M M 5.1 18 240 M M 6 1 34 240
11 51 47 49 -3 16 0 0.29 M M 9.2 17 240 M M 10 1 30 280
12 66 49 58 6 7 0 0.02 M M 10.4 23 300 M M 6 1 31 300
13 65 44 55 3 10 0 0.00 M M 6.1 18 290 M M 3 26 290
14 60 43 52 -1 13 0 0.00 M M 8.7 22 300 M M 2 31 270
15 55 39 47 -6 18 0 0.00 M M 9.0 20 290 M M 4 29 300
16 61 38 50 -3 15 0 0.00 M M 4.9 12 10 M M 1 22 340
17 61 44 53 -1 12 0 T M M 6.7 17 330 M M 5 24 310
18 64 39 52 -2 13 0 T M M 3.8 16 290 M M 4 20 290
19 67 41 54 0 11 0 0.00 M M 8.2 20 330 M M 1 30 280
20 43 31 37 -18 28 0 0.29 M M 9.0 18 340 M M 8 1 23 20
21 47 27 37 -18 28 0 0.03 M M 8.1 25 310 M M 6 13 35 310
22 53 34 44 -11 21 0 T M M 8.2 21 300 M M 5 31 270
23 60 36 48 -8 17 0 0.00 M M 4.0 15 200 M M 6 23 200
24 55 46 51 -5 14 0 T M M 3.3 9 120 M M 8 1 13 130
25 59 44 52 -4 13 0 0.00 M M 8.1 18 340 M M 2 18 25 340
26 76 40 58 2 7 0 0.00 M M 8.1 20 190 M M 0 31 190
27 83 60 72 15 0 7 0.00 M M 10.4 23 200 M M 0 36 200
28 72 65 69 12 0 4 0.66 M M 5.8 15 200 M M 6 1 23 210
29 67 51 59 2 6 0 1.06 M M 8.8 20 310 M M 8 18 26 310
30 67 43 55 -3 10 0 0.00 M M 11.6 30 290 M M 0 49 310
================================================================================
SM 1900 1294 358 12 4.08 M 217.9 M 111
================================================================================
AV 63.3 43.1 7.3 FASTST M M 4 MAX(MPH)
MISC ----> 30 290 49 310
================================================================================
NOTES:
# LAST OF SEVERAL OCCURRENCES
COLUMN 17 PEAK WIND IN M.P.H.
PRELIMINARY LOCAL CLIMATOLOGICAL DATA (WS FORM: F-6) , PAGE 2
STATION: INDIANAPOLIS EAGLE CREEK IN
MONTH: APRIL
YEAR: 2021
LATITUDE: 39 49 N
LONGITUDE: 86 18 W
[TEMPERATURE DATA] [PRECIPITATION DATA] SYMBOLS USED IN COLUMN 16
AVERAGE MONTHLY: 53.2 TOTAL FOR MONTH: 4.08 1 = FOG OR MIST
DPTR FM NORMAL: 0.1 DPTR FM NORMAL: 0.18 2 = FOG REDUCING VISIBILITY
HIGHEST: 83 ON 27 GRTST 24HR 1.72 ON 28-29 TO 1/4 MILE OR LESS
LOWEST: 22 ON 2 3 = THUNDER
SNOW, ICE PELLETS, HAIL 4 = ICE PELLETS
TOTAL MONTH: M 5 = HAIL
GRTST 24HR M ON M 6 = FREEZING RAIN OR DRIZZLE
GRTST DEPTH: M ON M 7 = DUSTSTORM OR SANDSTORM:
VSBY 1/2 MILE OR LESS
8 = SMOKE OR HAZE
[NO. OF DAYS WITH] [WEATHER - DAYS WITH] 9 = BLOWING SNOW
X = TORNADO
MAX 32 OR BELOW: 0 0.01 INCH OR MORE: 9
MAX 90 OR ABOVE: 0 0.10 INCH OR MORE: 6
MIN 32 OR BELOW: 4 0.50 INCH OR MORE: 3
MIN 0 OR BELOW: 0 1.00 INCH OR MORE: 2
[HDD (BASE 65) ]
TOTAL THIS MO. 358 CLEAR (SCALE 0-3) 14
DPTR FM NORMAL -12 PTCLDY (SCALE 4-7) 13
TOTAL FM JUL 1 4860 CLOUDY (SCALE 8-10) 3
DPTR FM NORMAL -334
[CDD (BASE 65) ]
TOTAL THIS MO. 12
DPTR FM NORMAL -2 [PRESSURE DATA]
TOTAL FM JAN 1 12 HIGHEST SLP M ON M
DPTR FM NORMAL -3 LOWEST SLP 29.34 ON 11
[REMARKS]
#FINAL-04-21#