108
CXAK56 PAFG 010956
CF6FAI
PRELIMINARY LOCAL CLIMATOLOGICAL DATA (WS FORM: F-6)
STATION: FAIRBANKS AK
MONTH: DECEMBER
YEAR: 2020
LATITUDE: 64 49 N
LONGITUDE: 147 52 W
TEMPERATURE IN F: :PCPN: SNOW: WIND :SUNSHINE: SKY :PK WND
================================================================================
1 2 3 4 5 6A 6B 7 8 9 10 11 12 13 14 15 16 17 18
12Z AVG MX 2MIN
DY MAX MIN AVG DEP HDD CDD WTR SNW DPTH SPD SPD DIR MIN PSBL S-S WX SPD DR
================================================================================
1 39 5 22 24 43 0 0.00 0.0 14 4.7 10 30 M M 8 13 30
2 37 1 19 21 46 0 0.02 0.5 14 3.3 14 200 M M 8 1 18 250
3 16 1 9 11 56 0 0.01 0.4 14 3.0 13 250 M M 9 1 16 250
4 7 -20 -6 -4 71 0 T T 14 0.7 6 90 M M 6 1 7 100
5 -1 -18 -9 -6 74 0 T 0.1 14 2.0 8 40 M M 9 1 8 40
6 9 -21 -6 -3 71 0 0.00 0.0 14 5.9 12 50 M M 7 12 80
7 6 -7 0 3 65 0 0.00 0.0 14 4.9 10 40 M M 7 12 40
8 4 -6 -1 2 66 0 T T 13 0.8 6 190 M M 7 6 190
9 9 -6 2 5 63 0 T T 13 2.9 10 40 M M 8 11 50
10 3 -16 -6 -3 71 0 0.03 0.9 14 0.8 8 40 M M 9 1 9 40
11 -8 -23 -15 -12 80 0 0.00 0.0 14 2.7 9 40 M M 3 11 40
12 -4 -18 -11 -8 76 0 0.00 0.0 14 5.8 10 40 M M 3 11 40
13 12 -9 2 5 63 0 T T 14 11.2 23 50 M M 8 29 50
14 15 9 12 16 53 0 T 0.1 14 12.3 22 50 M M 10 1 29 50
15 14 7 11 15 54 0 T 0.0 14 6.3 10 10 M M 10 1 13 10
16 10 -7 2 6 63 0 0.00 0.0 14 10.0 17 20 M M 9 21 30
17 -6 -20 -13 -9 78 0 0.00 0.0 14 8.2 12 60 M M 2 14 60
18 -11 -22 -16 -12 81 0 0.00 0.0 14 5.8 10 30 M M 5 12 50
19 -3 -18 -10 -6 75 0 0.02 T 14 4.4 9 10 M M 8 1 11 20
20 0 -13 -6 -2 71 0 0.10 0.8 15 1.7 8 50 M M 9 1 9 70
21 0 -17 -8 -3 73 0 T 0.2 15 2.7 8 70 M M 8 1 10 80
22 35 -3 16 21 49 0 0.00 0.0 15 4.4 15 70 M M 9 22 70
23 29 11 20 25 45 0 0.04 0.6 15 3.6 14 190 M M 10 1 16 200
24 15 -10 3 8 62 0 0.00 0.0 15 1.3 7 30 M M 3 8 7 20
25 11 -9 1 6 64 0 0.00 0.0 15 0.9 8 40 M M 8 9 50
26 7 -11 -2 4 67 0 0.00 0.0 15 0.6 6 20 M M 6 7 10
27 9 -13 -2 4 67 0 0.00 0.0 15 1.5 7 50 M M 5 9 100
28 20 2 11 17 54 0 0.00 0.0 15 3.7 9 60 M M 7 11 40
29 19 -8 6 12 59 0 0.00 0.0 15 1.5 9 40 M M 4 10 60
30 1 -10 -4 2 69 0 0.00 0.0 15 1.0 8 50 M M 5 9 50
31 2 -14 -6 1 71 0 0.00 0.0 15 0.4 5 40 M M 3 5 50
================================================================================
SM 296 -283 2000 0 0.22 3.6 119.0 M 213
================================================================================
AV 9.5 -9.1 3.8 FASTST M M 7 MAX(MPH)
MISC ----> 23 50 # 29 50
================================================================================
NOTES:
# LAST OF SEVERAL OCCURRENCES
COLUMN 17 PEAK WIND IN M.P.H.
PRELIMINARY LOCAL CLIMATOLOGICAL DATA (WS FORM: F-6) , PAGE 2
STATION: FAIRBANKS AK
MONTH: DECEMBER
YEAR: 2020
LATITUDE: 64 49 N
LONGITUDE: 147 52 W
[TEMPERATURE DATA] [PRECIPITATION DATA] SYMBOLS USED IN COLUMN 16
AVERAGE MONTHLY: 0.2 TOTAL FOR MONTH: 0.22 1 = FOG OR MIST
DPTR FM NORMAL: 4.3 DPTR FM NORMAL: -0.42 2 = FOG REDUCING VISIBILITY
HIGHEST: 39 ON 1 GRTST 24HR 0.11 ON 19-20 TO 1/4 MILE OR LESS
LOWEST: -23 ON 11 3 = THUNDER
SNOW, ICE PELLETS, HAIL 4 = ICE PELLETS
TOTAL MONTH: 3.6 INCHES 5 = HAIL
GRTST 24HR 0.9 ON 10-10 6 = FREEZING RAIN OR DRIZZLE
GRTST DEPTH: 15 ON 31,30 7 = DUSTSTORM OR SANDSTORM:
VSBY 1/2 MILE OR LESS
8 = SMOKE OR HAZE
[NO. OF DAYS WITH] [WEATHER - DAYS WITH] 9 = BLOWING SNOW
X = TORNADO
MAX 32 OR BELOW: 28 0.01 INCH OR MORE: 6
MAX 90 OR ABOVE: 0 0.10 INCH OR MORE: 1
MIN 32 OR BELOW: 31 0.50 INCH OR MORE: 0
MIN 0 OR BELOW: 24 1.00 INCH OR MORE: 0
[HDD (BASE 65) ]
TOTAL THIS MO. 2000 CLEAR (SCALE 0-3) 4
DPTR FM NORMAL -141 PTCLDY (SCALE 4-7) 15
TOTAL FM JUL 1 5829 CLOUDY (SCALE 8-10) 12
DPTR FM NORMAL -443
[CDD (BASE 65) ]
TOTAL THIS MO. 0
DPTR FM NORMAL 0 [PRESSURE DATA]
TOTAL FM JAN 1 13 HIGHEST SLP M ON M
DPTR FM NORMAL -48 LOWEST SLP 28.82 ON 1
[REMARKS]
#FINAL-12-20#