000
CXUS53 KFGF 010815
CF6FAR
PRELIMINARY LOCAL CLIMATOLOGICAL DATA (WS FORM: F-6)
STATION: FARGO HECTOR INTL AP ND
MONTH: SEPTEMBER
YEAR: 2021
LATITUDE: 46 54 N
LONGITUDE: 96 48 W
TEMPERATURE IN F: :PCPN: SNOW: WIND :SUNSHINE: SKY :PK WND
================================================================================
1 2 3 4 5 6A 6B 7 8 9 10 11 12 13 14 15 16 17 18
12Z AVG MX 2MIN
DY MAX MIN AVG DEP HDD CDD WTR SNW DPTH SPD SPD DIR MIN PSBL S-S WX SPD DR
================================================================================
1 80 60 70 5 0 5 0.00 0.0 0 12.7 21 180 M M 1 30 140
2 70 60 65 0 0 0 2.10 0.0 0 13.6 22 140 M M 9 13 33 160
3 76 59 68 3 0 3 0.02 0.0 0 4.0 15 170 M M 6 1 21 170
4 79 55 67 3 0 2 T 0.0 0 9.9 30 290 M M 4 40 290
5 76 49 63 -1 2 0 0.00 0.0 0 4.4 17 310 M M 1 24 300
6 87 53 70 6 0 5 0.00 0.0 0 11.7 24 330 M M 0 36 10
7 78 53 66 2 0 1 0.00 0.0 0 13.4 28 290 M M 1 3 36 330
8 77 50 64 1 1 0 0.00 0.0 0 10.6 23 340 M M 1 32 320
9 77 45 61 -2 4 0 0.00 0.0 0 5.8 15 150 M M 0 23 140
10 85 58 72 10 0 7 0.00 0.0 0 10.0 15 210 M M 0 24 140
11 72 56 64 2 1 0 0.00 0.0 0 12.6 25 350 M M 1 37 350
12 73 49 61 -1 4 0 0.00 0.0 0 5.2 12 310 M M 3 15 300
13 67 54 61 0 4 0 0.37 0.0 0 7.3 17 170 M M 7 1 22 170
14 75 50 63 2 2 0 0.00 0.0 0 8.0 20 290 M M 5 12 27 300
15 77 47 62 2 3 0 0.00 0.0 0 11.5 21 160 M M 2 38 180
16 75 50 63 3 2 0 0.00 0.0 0 10.7 25 20 M M 3 35 10
17 70 45 58 -2 7 0 T 0.0 0 10.4 26 270 M M 1 34 260
18 78 49 64 5 1 0 0.00 0.0 0 15.7 29 170 M M 0 40 170
19 83 67 75 16 0 10 T 0.0 0 13.6 25 200 M M 3 3 35 200
20 67 52 60 2 5 0 0.24 0.0 0 13.1 36 300 M M 7 1 48 280
21 67 47 57 -1 8 0 0.00 0.0 0 8.0 14 290 M M 1 18 300
22 75 45 60 2 5 0 0.00 0.0 0 12.9 24 210 M M 0 31 220
23 77 51 64 7 1 0 T 0.0 0 11.5 21 170 M M 0 27 170
24 64 42 53 -4 12 0 T 0.0 0 14.1 25 310 M M 2 35 290
25 77 41 59 3 6 0 0.00 0.0 0 9.0 15 230 M M 2 21 260
26 84 51 68 12 0 3 0.00 0.0 0 8.2 15 10 M M 0 19 340
27 80 44 62 7 3 0 0.00 0.0 0 7.4 18 160 M M 0 27 160
28 90 59 75 20 0 10 0.00 0.0 0 15.2 24 170 M M 0 32 180
29 88 65 77 23 0 12 T 0.0 0 12.1 21 170 M M 0 31 160
30 75 58 67 13 0 2 0.41 0.0 0 3.6 15 200 M M 6 1 20 130
================================================================================
SM 2299 1564 71 60 3.14 0.0 306.2 M 66
================================================================================
AV 76.6 52.1 10.2 FASTST M M 2 MAX(MPH)
MISC ----> 36 300 48 280
================================================================================
NOTES:
# LAST OF SEVERAL OCCURRENCES
COLUMN 17 PEAK WIND IN M.P.H.
PRELIMINARY LOCAL CLIMATOLOGICAL DATA (WS FORM: F-6) , PAGE 2
STATION: FARGO HECTOR INTL AP ND
MONTH: SEPTEMBER
YEAR: 2021
LATITUDE: 46 54 N
LONGITUDE: 96 48 W
[TEMPERATURE DATA] [PRECIPITATION DATA] SYMBOLS USED IN COLUMN 16
AVERAGE MONTHLY: 64.4 TOTAL FOR MONTH: 3.14 1 = FOG OR MIST
DPTR FM NORMAL: 4.4 DPTR FM NORMAL: 0.46 2 = FOG REDUCING VISIBILITY
HIGHEST: 90 ON 28 GRTST 24HR 2.10 ON 2- 2 TO 1/4 MILE OR LESS
LOWEST: 41 ON 25 3 = THUNDER
SNOW, ICE PELLETS, HAIL 4 = ICE PELLETS
TOTAL MONTH: 0.0 INCH 5 = HAIL
GRTST 24HR 0.0 6 = FREEZING RAIN OR DRIZZLE
GRTST DEPTH: 0 7 = DUSTSTORM OR SANDSTORM:
VSBY 1/2 MILE OR LESS
8 = SMOKE OR HAZE
[NO. OF DAYS WITH] [WEATHER - DAYS WITH] 9 = BLOWING SNOW
X = TORNADO
MAX 32 OR BELOW: 0 0.01 INCH OR MORE: 5
MAX 90 OR ABOVE: 1 0.10 INCH OR MORE: 4
MIN 32 OR BELOW: 0 0.50 INCH OR MORE: 1
MIN 0 OR BELOW: 0 1.00 INCH OR MORE: 1
[HDD (BASE 65) ]
TOTAL THIS MO. 71 CLEAR (SCALE 0-3) 23
DPTR FM NORMAL -127 PTCLDY (SCALE 4-7) 6
TOTAL FM JUL 1 75 CLOUDY (SCALE 8-10) 1
DPTR FM NORMAL -172
[CDD (BASE 65) ]
TOTAL THIS MO. 60
DPTR FM NORMAL 11 [PRESSURE DATA]
TOTAL FM JAN 1 852 HIGHEST SLP M ON M
DPTR FM NORMAL 314 LOWEST SLP 29.52 ON 19
[REMARKS]
#FINAL-09-21#