000
CXUS53 KFGF 010815
CF6FGF
PRELIMINARY LOCAL CLIMATOLOGICAL DATA (WS FORM: F-6)
STATION: GRAND FORKS UNIV. (NWS) ND
MONTH: OCTOBER
YEAR: 2022
LATITUDE: 47 55 N
LONGITUDE: 97 6 W
TEMPERATURE IN F: :PCPN: SNOW: WIND :SUNSHINE: SKY :PK WND
================================================================================
1 2 3 4 5 6A 6B 7 8 9 10 11 12 13 14 15 16 17 18
12Z AVG MX 2MIN
DY MAX MIN AVG DEP HDD CDD WTR SNW DPTH SPD SPD DIR MIN PSBL S-S WX SPD DR
================================================================================
1 72 52 62 10 3 0 T 0.0 0 M M M M M M M M
2 71 54 63 12 2 0 0.02 0.0 0 M M M M M M M M
3 72 56 64 13 1 0 0.02 0.0 0 M M M M M M M M
4 73 53 63 13 2 0 0.00 0.0 0 M M M M M M M M
5 77 42 60 10 5 0 T 0.0 0 M M M M M M M M
6 49 29 39 -10 26 0 0.00 0.0 0 M M M M M M M M
7 51 23 37 -12 28 0 0.00 0.0 0 M M M M M M M M
8 67 38 53 5 12 0 0.00 0.0 0 M M M M M M M M
9 62 36 49 1 16 0 0.00 0.0 0 M M M M M M M M
10 69 34 52 5 13 0 0.00 0.0 0 M M M M M M M M
11 75 46 61 14 4 0 T 0.0 0 M M M M M M M M
12 53 39 46 0 19 0 T 0.0 0 M M M M M M M M
13 39 32 36 -10 29 0 0.01 T 0 M M M M M M M M
14 44 33 39 -6 26 0 0.02 T 0 M M M M M M M M
15 48 37 43 -1 22 0 T 0.0 0 M M M M M M M M
16 39 25 32 -12 33 0 0.00 0.0 0 M M M M M M M M
17 38 16 27 -16 38 0 0.00 0.0 0 M M M M M M M M
18 41 13 27 -16 38 0 0.00 0.0 0 M M M M M M M M
19 62 24 43 1 22 0 0.00 0.0 0 M M M M M M M M
20 68 30 49 7 16 0 0.00 0.0 0 M M M M M M M M
21 64 42 53 12 12 0 T 0.0 0 M M M M M M M M
22 59 45 52 11 13 0 T 0.0 0 M M M M M M M M
23 76 39 58 18 7 0 0.00 0.0 0 M M M M M M M M
24 66 32 49 9 16 0 0.11 T 0 M M M M M M M M
25 41 33 37 -2 28 0 0.03 T 0 M M M M M M M M
26 47 32 40 2 25 0 0.00 0.0 0 M M M M M M M M
27 56 32 44 6 21 0 0.00 0.0 0 M M M M M M M M
28 63 36 50 13 15 0 0.00 0.0 0 M M M M M M M M
29 56 34 45 8 20 0 0.00 0.0 0 M M M M M M M M
30 59 28 44 8 21 0 0.00 0.0 0 M M M M M M M M
31 62 34 48 12 17 0 0.00 0.0 0 M M M M M M M M
================================================================================
SM 1819 1099 550 0 0.21 T M M M
================================================================================
AV 58.7 35.5 M FASTST M M M MAX(MPH)
MISC ----> M M M M
================================================================================
NOTES:
# LAST OF SEVERAL OCCURRENCES
COLUMN 17 PEAK WIND IN M.P.H.
PRELIMINARY LOCAL CLIMATOLOGICAL DATA (WS FORM: F-6) , PAGE 2
STATION: GRAND FORKS UNIV. (NWS) ND
MONTH: OCTOBER
YEAR: 2022
LATITUDE: 47 55 N
LONGITUDE: 97 6 W
[TEMPERATURE DATA] [PRECIPITATION DATA] SYMBOLS USED IN COLUMN 16
AVERAGE MONTHLY: 47.1 TOTAL FOR MONTH: 0.21 1 = FOG OR MIST
DPTR FM NORMAL: 3.3 DPTR FM NORMAL: -1.79 2 = FOG REDUCING VISIBILITY
HIGHEST: 77 ON 5 GRTST 24HR 0.11 ON 24-24 TO 1/4 MILE OR LESS
LOWEST: 13 ON 18 3 = THUNDER
SNOW, ICE PELLETS, HAIL 4 = ICE PELLETS
TOTAL MONTH: T 5 = HAIL
GRTST 24HR T ON 13-13 6 = FREEZING RAIN OR DRIZZLE
GRTST DEPTH: 0 7 = DUSTSTORM OR SANDSTORM:
VSBY 1/2 MILE OR LESS
8 = SMOKE OR HAZE
[NO. OF DAYS WITH] [WEATHER - DAYS WITH] 9 = BLOWING SNOW
X = TORNADO
MAX 32 OR BELOW: 0 0.01 INCH OR MORE: 6
MAX 90 OR ABOVE: 0 0.10 INCH OR MORE: 1
MIN 32 OR BELOW: 12 0.50 INCH OR MORE: 0
MIN 0 OR BELOW: 0 1.00 INCH OR MORE: 0
[HDD (BASE 65) ]
TOTAL THIS MO. 550 CLEAR (SCALE 0-3) 0
DPTR FM NORMAL -109 PTCLDY (SCALE 4-7) 0
TOTAL FM JUL 1 706 CLOUDY (SCALE 8-10) 31
DPTR FM NORMAL -244
[CDD (BASE 65) ]
TOTAL THIS MO. 0
DPTR FM NORMAL -2 [PRESSURE DATA]
TOTAL FM JAN 1 539 HIGHEST SLP M ON M
DPTR FM NORMAL 108 LOWEST SLP M ON M
[REMARKS]
#FINAL-10-22#