000
CXUS56 KFGZ 010910
CF6FLG
PRELIMINARY LOCAL CLIMATOLOGICAL DATA (WS FORM: F-6)
STATION: FLAGSTAFF AZ AIRPORT
MONTH: JANUARY
YEAR: 2023
LATITUDE: 35 7 N
LONGITUDE: 111 40 W
TEMPERATURE IN F: :PCPN: SNOW: WIND :SUNSHINE: SKY :PK WND
================================================================================
1 2 3 4 5 6A 6B 7 8 9 10 11 12 13 14 15 16 17 18
12Z AVG MX 2MIN
DY MAX MIN AVG DEP HDD CDD WTR SNW DPTH SPD SPD DIR MIN PSBL S-S WX SPD DR
================================================================================
1 40 28 34 5 31 0 1.63 9.4 1 14.8 24 210 M M 10 12 36 220
2 29 24 27 -3 38 0 0.16 2.7 10 12.8 22 250 M M 10 12 29 230
3 33 24 29 -1 36 0 0.10 1.1 9 10.9 21 240 M M 9 18 28 240
4 38 22 30 0 35 0 T 0.2 7 2.9 12 240 M M 8 128 15 270
5 41 17 29 -1 36 0 0.04 0.3 6 7.6 25 210 M M 2 1 32 210
6 43 15 29 -1 36 0 T 0.1 6 5.6 17 220 M M 3 21 190
7 49 10 30 0 35 0 0.00 0.0 6 2.5 12 80 M M 0 8 15 80
8 46 17 32 2 33 0 0.00 0.0 5 3.1 18 210 M M 0 22 210
9 46 18 32 2 33 0 0.00 0.0 5 6.0 21 210 M M 2 25 240
10 43 27 35 5 30 0 0.14 1.2 5 14.1 31 240 M M 2 45 260
11 43 19 31 1 34 0 T T 5 5.0 25 240 M M 2 38 240
12 42 13 28 -2 37 0 0.00 0.0 5 4.9 16 60 M M 0 23 110
13 53 17 35 5 30 0 0.00 0.0 5 1.6 8 40 M M 0 9 40
14 44 26 35 5 30 0 0.15 2.9 6 12.0 28 220 M M 4 43 230
15 33 29 31 1 34 0 1.07 14.8 18 13.3 29 220 M M 9 12 38 220
16 34 29 32 1 33 0 0.81 7.2 21 13.9 23 220 M M 10 12 31 210
17 34 25 30 -1 35 0 0.85 10.8 29 11.0 23 240 M M 10 12 33 240
18 39 7 23 -8 42 0 0.05 1.2 29 6.5 14 230 M M 4 18 19 250
19 31 4 18 -13 47 0 T T 26 6.8 17 200 M M 5 128 23 190
20 26 8 17 -14 48 0 0.55 6.0 30 6.2 18 230 M M 7 128 23 220
21 36 -5 16 -15 49 0 0.00 0.0 28 1.0 8 100 M M 0 1 10 40
22 31 1 16 -15 49 0 0.11 1.9 26 6.0 21 230 M M 3 12 23 230
23 30 18 24 -7 41 0 0.05 0.6 27 13.1 26 40 M M 8 18 34 30
24 43 6 25 -6 40 0 T T 24 2.7 12 35 M M 0 18 330
25 31 1 16 -15 49 0 0.00 0.0 23 8.6 26 60 M M 0 35 60
26 28 8 18 -13 47 0 0.00 0.0 22 11.3 28 50 M M 0 36 40
27 40 0 20 -11 45 0 0.00 0.0 21 5.2 18 220 M M 0 22 220
28 41 7 24 -7 41 0 0.00 0.0 21 6.7 20 220 M M 0 24 240
29 37 15 26 -5 39 0 0.00 0.0 19 14.1 32 220 M M 0 40 220
30 32 26 29 -2 36 0 0.16 1.0 19 10.0 23 230 M M 10 128 29 230
31 32 18 25 -6 40 0 T T 20 8.0 16 70 M M 5 1 22 70
================================================================================
SM 1168 474 1189 0 5.87 61.4 248.2 M 123
================================================================================
AV 37.7 15.3 8.0 FASTST M M 4 MAX(MPH)
MISC ----> 32 220 45 260
================================================================================
NOTES:
# LAST OF SEVERAL OCCURRENCES
COLUMN 17 PEAK WIND IN M.P.H.
PRELIMINARY LOCAL CLIMATOLOGICAL DATA (WS FORM: F-6) , PAGE 2
STATION: FLAGSTAFF AZ AIRPORT
MONTH: JANUARY
YEAR: 2023
LATITUDE: 35 7 N
LONGITUDE: 111 40 W
[TEMPERATURE DATA] [PRECIPITATION DATA] SYMBOLS USED IN COLUMN 16
AVERAGE MONTHLY: 26.5 TOTAL FOR MONTH: 5.87 1 = FOG OR MIST
DPTR FM NORMAL: -4.0 DPTR FM NORMAL: 3.82 2 = FOG REDUCING VISIBILITY
HIGHEST: 53 ON 13 GRTST 24HR 1.63 ON 1- 1 TO 1/4 MILE OR LESS
LOWEST: -5 ON 21 3 = THUNDER
SNOW, ICE PELLETS, HAIL 4 = ICE PELLETS
TOTAL MONTH: 61.4 INCHES 5 = HAIL
GRTST 24HR 14.8 ON 15-15 6 = FREEZING RAIN OR DRIZZLE
GRTST DEPTH: 30 ON 20 7 = DUSTSTORM OR SANDSTORM:
VSBY 1/2 MILE OR LESS
8 = SMOKE OR HAZE
[NO. OF DAYS WITH] [WEATHER - DAYS WITH] 9 = BLOWING SNOW
X = TORNADO
MAX 32 OR BELOW: 9 0.01 INCH OR MORE: 14
MAX 90 OR ABOVE: 0 0.10 INCH OR MORE: 11
MIN 32 OR BELOW: 31 0.50 INCH OR MORE: 5
MIN 0 OR BELOW: 2 1.00 INCH OR MORE: 2
[HDD (BASE 65) ]
TOTAL THIS MO. 1189 CLEAR (SCALE 0-3) 16
DPTR FM NORMAL 119 PTCLDY (SCALE 4-7) 8
TOTAL FM JUL 1 3762 CLOUDY (SCALE 8-10) 7
DPTR FM NORMAL -30
[CDD (BASE 65) ]
TOTAL THIS MO. 0
DPTR FM NORMAL 0 [PRESSURE DATA]
TOTAL FM JAN 1 0 HIGHEST SLP M ON M
DPTR FM NORMAL 0 LOWEST SLP 29.49 ON 1
[REMARKS]
#FINAL-01-23#