000
CXUS56 KFGZ 131207
CF6FLG
PRELIMINARY LOCAL CLIMATOLOGICAL DATA (WS FORM: F-6)
STATION: FLAGSTAFF AZ AIRPORT
MONTH: APRIL
YEAR: 2022
LATITUDE: 35 7 N
LONGITUDE: 111 40 W
TEMPERATURE IN F: :PCPN: SNOW: WIND :SUNSHINE: SKY :PK WND
================================================================================
1 2 3 4 5 6A 6B 7 8 9 10 11 12 13 14 15 16 17 18
12Z AVG MX 2MIN
DY MAX MIN AVG DEP HDD CDD WTR SNW DPTH SPD SPD DIR MIN PSBL S-S WX SPD DR
================================================================================
1 62 26 44 3 21 0 0.00 0.0 0 3.0 16 190 M M 1 21 210
2 61 28 45 4 20 0 0.00 0.0 0 6.1 22 210 M M 0 28 210
3 59 29 44 3 21 0 0.00 0.0 0 5.8 18 230 M M 1 25 240
4 63 28 46 4 19 0 0.00 0.0 0 4.9 16 250 M M 1 23 280
5 69 36 53 11 12 0 0.00 0.0 0 9.6 29 240 M M 0 40 230
6 60 28 44 2 21 0 0.00 0.0 0 8.8 24 40 M M 0 32 40
7 60 31 46 4 19 0 0.00 0.0 0 14.1 25 50 M M 0 33 60
8 68 31 50 8 15 0 0.00 0.0 0 6.9 18 80 M M 0 24 60
9 68 27 48 6 17 0 0.00 0.0 0 12.7 35 230 M M 0 44 220
10 61 36 49 6 16 0 0.00 0.0 0 11.7 29 220 M M 0 40 230
11 57 33 45 2 20 0 0.00 0.0 0 23.1 41 210 M M 1 54 220
12 45 26 36 -7 29 0 0.02 T 0 18.6 39 220 M M 4 52 230
13 51 16 34 -9 31 0 0.00 0.0 0 7.8 23 250 M M 0 33 250
14 58 20 39 -4 26 0 0.00 0.0 0 9.3 26 220 M M 0 36 210
15 63 26 45 1 20 0 0.00 0.0 0 13.5 30 220 M M 0 39 220
16 64 27 46 2 19 0 0.00 0.0 0 15.5 41 220 M M 0 52 220
17 70 25 48 4 17 0 0.00 0.0 0 5.2 20 200 M M 0 26 210
18 69 27 48 4 17 0 0.00 0.0 0 6.4 28 210 M M 0 32 210
19 67 42 55 11 10 0 0.00 0.0 0 18.7 36 230 M M 2 49 220
20 66 36 51 7 14 0 0.00 0.0 0 11.4 26 220 M M 0 33 220
21 65 31 48 3 17 0 0.00 0.0 0 14.6 31 220 M M 0 39 230
22 50 30 40 -5 25 0 T T 0 17.5 41 230 M M 5 8 55 220
23 55 24 40 -5 25 0 0.00 0.0 0 4.6 16 300 M M 0 35 240
24 57 20 39 -6 26 0 0.00 0.0 0 4.4 16 90 M M 0 24 110
25 64 24 44 -2 21 0 0.00 0.0 0 6.2 18 80 M M 0 26 80
26 66 27 47 1 18 0 0.00 0.0 0 7.9 24 240 M M 0 32 230
27 65 30 48 2 17 0 0.00 0.0 0 10.4 29 220 M M 0 40 220
28 64 28 46 0 19 0 0.00 0.0 0 12.2 30 210 M M 0 37 210
29 67 34 51 4 14 0 0.00 0.0 0 6.9 18 280 M M 0 35 280
30 69 25 47 0 18 0 0.00 0.0 0 6.4 22 210 M M 0 30 230
================================================================================
SM 1863 851 584 0 0.02 T 304.2 M 15
================================================================================
AV 62.1 28.4 10.1 FASTST M M 1 MAX(MPH)
MISC ----> # 41 210 55 220
================================================================================
NOTES:
# LAST OF SEVERAL OCCURRENCES
COLUMN 17 PEAK WIND IN M.P.H.
PRELIMINARY LOCAL CLIMATOLOGICAL DATA (WS FORM: F-6) , PAGE 2
STATION: FLAGSTAFF AZ AIRPORT
MONTH: APRIL
YEAR: 2022
LATITUDE: 35 7 N
LONGITUDE: 111 40 W
[TEMPERATURE DATA] [PRECIPITATION DATA] SYMBOLS USED IN COLUMN 16
AVERAGE MONTHLY: 45.2 TOTAL FOR MONTH: 0.02 1 = FOG OR MIST
DPTR FM NORMAL: 1.5 DPTR FM NORMAL: -0.87 2 = FOG REDUCING VISIBILITY
HIGHEST: 70 ON 17 GRTST 24HR 0.02 ON 12-12 TO 1/4 MILE OR LESS
LOWEST: 16 ON 13 3 = THUNDER
SNOW, ICE PELLETS, HAIL 4 = ICE PELLETS
TOTAL MONTH: T 5 = HAIL
GRTST 24HR T ON 12-12 6 = FREEZING RAIN OR DRIZZLE
GRTST DEPTH: 0 7 = DUSTSTORM OR SANDSTORM:
VSBY 1/2 MILE OR LESS
8 = SMOKE OR HAZE
[NO. OF DAYS WITH] [WEATHER - DAYS WITH] 9 = BLOWING SNOW
X = TORNADO
MAX 32 OR BELOW: 0 0.01 INCH OR MORE: 1
MAX 90 OR ABOVE: 0 0.10 INCH OR MORE: 0
MIN 32 OR BELOW: 24 0.50 INCH OR MORE: 0
MIN 0 OR BELOW: 0 1.00 INCH OR MORE: 0
[HDD (BASE 65) ]
TOTAL THIS MO. 584 CLEAR (SCALE 0-3) 28
DPTR FM NORMAL -55 PTCLDY (SCALE 4-7) 2
TOTAL FM JUL 1 6028 CLOUDY (SCALE 8-10) 0
DPTR FM NORMAL -146
[CDD (BASE 65) ]
TOTAL THIS MO. 0
DPTR FM NORMAL 0 [PRESSURE DATA]
TOTAL FM JAN 1 0 HIGHEST SLP 30.32 ON 7
DPTR FM NORMAL 0 LOWEST SLP 29.41 ON 12
[REMARKS]
#FINAL-04-22#