000
CXUS56 KFGZ 020436
CF6FLG
PRELIMINARY LOCAL CLIMATOLOGICAL DATA (WS FORM: F-6)
STATION: FLAGSTAFF AZ AIRPORT
MONTH: FEBRUARY
YEAR: 2022
LATITUDE: 35 7 N
LONGITUDE: 111 40 W
TEMPERATURE IN F: :PCPN: SNOW: WIND :SUNSHINE: SKY :PK WND
================================================================================
1 2 3 4 5 6A 6B 7 8 9 10 11 12 13 14 15 16 17 18
12Z AVG MX 2MIN
DY MAX MIN AVG DEP HDD CDD WTR SNW DPTH SPD SPD DIR MIN PSBL S-S WX SPD DR
================================================================================
1 42 26 34 3 31 0 0.00 0.0 0 5.8 18 230 M M 7 22 190
2 30 15 23 -8 42 0 0.00 0.0 0 10.8 24 60 M M 2 31 70
3 28 12 20 -12 45 0 0.00 0.0 0 14.0 24 80 M M 0 35 60
4 36 18 27 -5 38 0 0.00 0.0 0 12.6 24 60 M M 0 33 40
5 44 6 25 -7 40 0 0.00 0.0 0 7.2 21 70 M M 0 28 80
6 40 15 28 -4 37 0 0.00 0.0 0 14.8 38 40 M M 0 47 40
7 45 20 33 1 32 0 0.00 0.0 0 8.0 22 70 M M 0 28 80
8 53 12 33 1 32 0 0.00 0.0 0 7.7 23 50 M M 0 31 60
9 54 24 39 7 26 0 0.00 0.0 0 8.1 20 60 M M 0 27 60
10 55 26 41 9 24 0 0.00 0.0 0 10.4 30 50 M M 0 8 40 60
11 60 19 40 8 25 0 0.00 0.0 0 4.7 17 40 M M 0 22 70
12 52 20 36 4 29 0 0.00 0.0 0 10.1 26 70 M M 0 35 70
13 60 13 37 5 28 0 0.00 0.0 0 2.0 16 220 M M 0 20 200
14 58 14 36 4 29 0 0.00 0.0 0 6.8 22 210 M M 0 26 230
15 50 27 39 7 26 0 0.00 0.0 0 13.0 33 220 M M 3 43 220
16 42 22 32 -1 33 0 0.16 2.3 T 9.1 26 220 M M 7 128 32 220
17 38 10 24 -9 41 0 0.00 0.0 0 7.3 24 60 M M 0 31 60
18 46 9 28 -5 37 0 0.00 0.0 0 4.7 16 70 M M 0 22 70
19 55 15 35 2 30 0 0.00 0.0 0 3.6 10 200 M M 0 15 80
20 52 19 36 3 29 0 0.00 0.0 0 7.9 26 220 M M 0 32 220
21 43 31 37 4 28 0 0.00 0.0 0 23.4 37 210 M M 4 48 220
22 32 28 30 -4 35 0 0.26 2.4 0 20.7 36 230 M M 10 128 54 230
23 29 13 21 -13 44 0 0.65 10.5 4 15.0 37 200 M M 10 12 52 200
24 35 5 20 -14 45 0 T 0.0 8 6.2 15 210 M M 2 22 240
25 38 -4 17 -17 48 0 0.00 0.0 8 2.9 15 210 M M 0 18 19 210
26 34 3 19 -15 46 0 0.00 0.0 7 8.0 18 50 M M 0 23 60
27 41 1 21 -13 44 0 0.00 0.0 6 5.4 20 60 M M 0 23 80
28 47 18 33 -2 32 0 0.00 0.0 6 8.2 20 50 M M 0 27 80
================================================================================
SM 1239 437 976 0 1.07 15.2 258.4 M 45
================================================================================
AV 44.3 15.6 9.2 FASTST M M 2 MAX(MPH)
MISC ----> 38 40 54 230
================================================================================
NOTES:
# LAST OF SEVERAL OCCURRENCES
COLUMN 17 PEAK WIND IN M.P.H.
PRELIMINARY LOCAL CLIMATOLOGICAL DATA (WS FORM: F-6) , PAGE 2
STATION: FLAGSTAFF AZ AIRPORT
MONTH: FEBRUARY
YEAR: 2022
LATITUDE: 35 7 N
LONGITUDE: 111 40 W
[TEMPERATURE DATA] [PRECIPITATION DATA] SYMBOLS USED IN COLUMN 16
AVERAGE MONTHLY: 29.9 TOTAL FOR MONTH: 1.07 1 = FOG OR MIST
DPTR FM NORMAL: -2.7 DPTR FM NORMAL: -1.10 2 = FOG REDUCING VISIBILITY
HIGHEST: 60 ON 13,11 GRTST 24HR 0.76 ON 22-23 TO 1/4 MILE OR LESS
LOWEST: -4 ON 25 3 = THUNDER
SNOW, ICE PELLETS, HAIL 4 = ICE PELLETS
TOTAL MONTH: 15.2 INCHES 5 = HAIL
GRTST 24HR 10.5 ON 23-23 6 = FREEZING RAIN OR DRIZZLE
GRTST DEPTH: 8 ON 25,24 7 = DUSTSTORM OR SANDSTORM:
VSBY 1/2 MILE OR LESS
8 = SMOKE OR HAZE
[NO. OF DAYS WITH] [WEATHER - DAYS WITH] 9 = BLOWING SNOW
X = TORNADO
MAX 32 OR BELOW: 4 0.01 INCH OR MORE: 3
MAX 90 OR ABOVE: 0 0.10 INCH OR MORE: 3
MIN 32 OR BELOW: 28 0.50 INCH OR MORE: 1
MIN 0 OR BELOW: 1 1.00 INCH OR MORE: 0
[HDD (BASE 65) ]
TOTAL THIS MO. 976 CLEAR (SCALE 0-3) 23
DPTR FM NORMAL 70 PTCLDY (SCALE 4-7) 3
TOTAL FM JUL 1 4570 CLOUDY (SCALE 8-10) 2
DPTR FM NORMAL -128
[CDD (BASE 65) ]
TOTAL THIS MO. 0
DPTR FM NORMAL 0 [PRESSURE DATA]
TOTAL FM JAN 1 0 HIGHEST SLP 30.59 ON 27
DPTR FM NORMAL 0 LOWEST SLP 29.57 ON 21
[REMARKS]
#FINAL-02-22#