000
CXUS56 KFGZ 010910
CF6FLG
PRELIMINARY LOCAL CLIMATOLOGICAL DATA (WS FORM: F-6)
STATION: FLAGSTAFF AZ AIRPORT
MONTH: NOVEMBER
YEAR: 2021
LATITUDE: 35 7 N
LONGITUDE: 111 40 W
TEMPERATURE IN F: :PCPN: SNOW: WIND :SUNSHINE: SKY :PK WND
================================================================================
1 2 3 4 5 6A 6B 7 8 9 10 11 12 13 14 15 16 17 18
12Z AVG MX 2MIN
DY MAX MIN AVG DEP HDD CDD WTR SNW DPTH SPD SPD DIR MIN PSBL S-S WX SPD DR
================================================================================
1 59 32 46 4 19 0 0.00 0.0 0 5.9 20 230 M M 0 24 220
2 61 30 46 4 19 0 0.00 0.0 0 3.3 14 190 M M 1 17 190
3 60 26 43 1 22 0 0.00 0.0 0 3.5 16 50 M M 0 22 60
4 66 24 45 4 20 0 0.00 0.0 0 2.0 15 220 M M 0 18 220
5 67 27 47 6 18 0 0.00 0.0 0 2.2 14 220 M M 0 19 210
6 65 27 46 5 19 0 0.00 0.0 0 5.5 21 220 M M 0 26 210
7 62 30 46 6 19 0 0.00 0.0 0 6.8 23 210 M M 0 27 210
8 60 29 45 5 20 0 0.00 0.0 0 7.7 25 230 M M 0 31 230
9 57 26 42 2 23 0 0.00 0.0 0 7.2 24 220 M M 1 31 210
10 61 28 45 5 20 0 0.00 0.0 0 4.5 14 340 M M 0 22 20
11 56 23 40 1 25 0 0.00 0.0 0 7.5 21 60 M M 0 29 60
12 58 28 43 4 22 0 0.00 0.0 0 9.3 21 70 M M 0 27 60
13 65 23 44 6 21 0 0.00 0.0 0 2.2 14 60 M M 0 20 70
14 68 21 45 7 20 0 0.00 0.0 0 1.9 12 70 M M 0 14 100
15 68 23 46 8 19 0 0.00 0.0 0 3.0 16 210 M M 0 20 220
16 57 24 41 4 24 0 0.00 0.0 0 5.0 17 220 M M 1 8 22 220
17 59 21 40 3 25 0 0.00 0.0 0 2.9 13 70 M M 0 8 16 110
18 58 17 38 1 27 0 0.00 0.0 0 2.8 16 230 M M 0 23 210
19 57 25 41 5 24 0 0.00 0.0 0 3.8 18 220 M M 0 22 220
20 56 23 40 4 25 0 0.00 0.0 0 3.4 17 220 M M 0 24 210
21 49 25 37 1 28 0 0.00 0.0 0 11.9 24 60 M M 0 32 40
22 53 18 36 1 29 0 0.00 0.0 0 4.6 16 80 M M 0 21 70
23 45 27 36 1 29 0 0.16 0.0 0 4.5 15 200 M M 8 1 19 260
24 47 28 38 3 27 0 0.00 0.0 0 9.2 25 60 M M 3 36 70
25 40 26 33 -1 32 0 0.00 0.0 0 15.2 24 50 M M 0 33 30
26 49 19 34 0 31 0 0.00 0.0 0 4.6 15 80 M M 0 19 90
27 58 17 38 4 27 0 0.00 0.0 0 4.1 18 70 M M 0 24 70
28 58 22 40 7 25 0 0.00 0.0 0 3.0 12 70 M M 0 15 90
29 61 20 41 8 24 0 0.00 0.0 0 2.3 10 90 M M 0 13 70
30 59 19 39 6 26 0 0.00 0.0 0 6.9 23 50 M M 0 29 60
================================================================================
SM 1739 728 709 0 0.16 0.0 156.7 M 14
================================================================================
AV 58.0 24.3 5.2 FASTST M M 0 MAX(MPH)
MISC ----> # 25 230 36 70
================================================================================
NOTES:
# LAST OF SEVERAL OCCURRENCES
COLUMN 17 PEAK WIND IN M.P.H.
PRELIMINARY LOCAL CLIMATOLOGICAL DATA (WS FORM: F-6) , PAGE 2
STATION: FLAGSTAFF AZ AIRPORT
MONTH: NOVEMBER
YEAR: 2021
LATITUDE: 35 7 N
LONGITUDE: 111 40 W
[TEMPERATURE DATA] [PRECIPITATION DATA] SYMBOLS USED IN COLUMN 16
AVERAGE MONTHLY: 41.1 TOTAL FOR MONTH: 0.16 1 = FOG OR MIST
DPTR FM NORMAL: 3.6 DPTR FM NORMAL: -1.39 2 = FOG REDUCING VISIBILITY
HIGHEST: 68 ON 15,14 GRTST 24HR 0.16 ON 23-23 TO 1/4 MILE OR LESS
LOWEST: 17 ON 27,18 3 = THUNDER
SNOW, ICE PELLETS, HAIL 4 = ICE PELLETS
TOTAL MONTH: 0.0 INCH 5 = HAIL
GRTST 24HR 0.0 6 = FREEZING RAIN OR DRIZZLE
GRTST DEPTH: 0 7 = DUSTSTORM OR SANDSTORM:
VSBY 1/2 MILE OR LESS
8 = SMOKE OR HAZE
[NO. OF DAYS WITH] [WEATHER - DAYS WITH] 9 = BLOWING SNOW
X = TORNADO
MAX 32 OR BELOW: 0 0.01 INCH OR MORE: 1
MAX 90 OR ABOVE: 0 0.10 INCH OR MORE: 1
MIN 32 OR BELOW: 30 0.50 INCH OR MORE: 0
MIN 0 OR BELOW: 0 1.00 INCH OR MORE: 0
[HDD (BASE 65) ]
TOTAL THIS MO. 709 CLEAR (SCALE 0-3) 29
DPTR FM NORMAL -115 PTCLDY (SCALE 4-7) 1
TOTAL FM JUL 1 1533 CLOUDY (SCALE 8-10) 0
DPTR FM NORMAL -103
[CDD (BASE 65) ]
TOTAL THIS MO. 0
DPTR FM NORMAL 0 [PRESSURE DATA]
TOTAL FM JAN 1 251 HIGHEST SLP M ON M
DPTR FM NORMAL 105 LOWEST SLP 29.90 ON 23
[REMARKS]
#FINAL-11-21#