000
CXUS56 KFGZ 010910
CF6FLG
PRELIMINARY LOCAL CLIMATOLOGICAL DATA (WS FORM: F-6)
STATION: FLAGSTAFF AZ AIRPORT
MONTH: JUNE
YEAR: 2021
LATITUDE: 35 7 N
LONGITUDE: 111 40 W
TEMPERATURE IN F: :PCPN: SNOW: WIND :SUNSHINE: SKY :PK WND
================================================================================
1 2 3 4 5 6A 6B 7 8 9 10 11 12 13 14 15 16 17 18
12Z AVG MX 2MIN
DY MAX MIN AVG DEP HDD CDD WTR SNW DPTH SPD SPD DIR MIN PSBL S-S WX SPD DR
================================================================================
1 79 38 59 3 6 0 0.00 0.0 0 4.5 16 230 M M 1 24 220
2 79 41 60 3 5 0 0.00 0.0 0 4.9 20 250 M M 1 29 250
3 81 52 67 10 0 2 0.00 0.0 0 7.3 24 230 M M 2 32 250
4 82 49 66 9 0 1 T 0.0 0 6.5 23 230 M M 3 30 230
5 85 55 70 12 0 5 0.00 0.0 0 9.6 26 220 M M 0 36 230
6 78 46 62 4 3 0 0.00 0.0 0 9.2 28 220 M M 0 34 220
7 75 36 56 -2 9 0 T 0.0 0 8.3 24 230 M M 0 28 230
8 74 36 55 -3 10 0 T 0.0 0 9.3 23 220 M M 0 29 210
9 76 40 58 -1 7 0 0.00 0.0 0 8.9 23 220 M M 0 28 220
10 77 47 62 3 3 0 0.00 0.0 0 12.7 30 220 M M 0 8 40 210
11 82 34 58 -2 7 0 0.00 0.0 0 5.9 20 220 M M 0 25 200
12 85 36 61 1 4 0 0.00 0.0 0 4.7 20 200 M M 0 26 210
13 89 37 63 3 2 0 0.00 0.0 0 8.6 24 220 M M 0 33 210
14 92 50 71 11 0 6 0.00 0.0 0 3.5 17 220 M M 0 23 220
15 94 49 72 11 0 7 0.00 0.0 0 4.3 18 200 M M 0 25 90
16 92 53 73 12 0 8 0.01 0.0 0 4.5 17 260 M M 0 8 22 270
17 92 56 74 13 0 9 T 0.0 0 4.5 21 220 M M 1 32 360
18 91 60 76 14 0 11 0.00 0.0 0 5.6 20 360 M M 0 26 210
19 89 52 71 9 0 6 T 0.0 0 3.9 18 240 M M 1 24 330
20 91 54 73 11 0 8 0.00 0.0 0 9.4 31 220 M M 2 40 230
21 84 53 69 6 0 4 0.00 0.0 0 9.8 22 210 M M 3 8 29 240
22 85 60 73 10 0 8 0.00 0.0 0 8.6 20 240 M M 2 8 28 250
23 71 53 62 -1 3 0 T 0.0 0 6.7 21 230 M M 4 25 230
24 77 50 64 1 1 0 0.00 0.0 0 8.9 25 210 M M 5 8 31 210
25 77 47 62 -2 3 0 0.00 0.0 0 4.9 18 220 M M 2 8 24 220
26 80 43 62 -2 3 0 0.01 0.0 0 3.8 22 80 M M 3 32 80
27 83 57 70 6 0 5 0.00 0.0 0 12.7 25 40 M M 1 32 40
28 79 50 65 1 0 0 0.00 0.0 0 8.2 23 40 M M 1 35 40
29 76 52 64 -1 1 0 0.24 0.0 0 6.7 22 40 M M 3 3 31 40
30 71 45 58 -7 7 0 0.34 0.0 0 2.6 16 240 M M 5 1 23 220
================================================================================
SM 2466 1431 74 80 0.60 0.0 209.0 M 40
================================================================================
AV 82.2 47.7 7.0 FASTST M M 1 MAX(MPH)
MISC ----> 31 220 # 40 210
================================================================================
NOTES:
# LAST OF SEVERAL OCCURRENCES
COLUMN 17 PEAK WIND IN M.P.H.
PRELIMINARY LOCAL CLIMATOLOGICAL DATA (WS FORM: F-6) , PAGE 2
STATION: FLAGSTAFF AZ AIRPORT
MONTH: JUNE
YEAR: 2021
LATITUDE: 35 7 N
LONGITUDE: 111 40 W
[TEMPERATURE DATA] [PRECIPITATION DATA] SYMBOLS USED IN COLUMN 16
AVERAGE MONTHLY: 65.0 TOTAL FOR MONTH: 0.60 1 = FOG OR MIST
DPTR FM NORMAL: 4.1 DPTR FM NORMAL: 0.30 2 = FOG REDUCING VISIBILITY
HIGHEST: 94 ON 15 GRTST 24HR 0.58 ON 29-30 TO 1/4 MILE OR LESS
LOWEST: 34 ON 11 3 = THUNDER
SNOW, ICE PELLETS, HAIL 4 = ICE PELLETS
TOTAL MONTH: 0.0 INCH 5 = HAIL
GRTST 24HR 0.0 6 = FREEZING RAIN OR DRIZZLE
GRTST DEPTH: 0 7 = DUSTSTORM OR SANDSTORM:
VSBY 1/2 MILE OR LESS
8 = SMOKE OR HAZE
[NO. OF DAYS WITH] [WEATHER - DAYS WITH] 9 = BLOWING SNOW
X = TORNADO
MAX 32 OR BELOW: 0 0.01 INCH OR MORE: 4
MAX 90 OR ABOVE: 6 0.10 INCH OR MORE: 2
MIN 32 OR BELOW: 0 0.50 INCH OR MORE: 0
MIN 0 OR BELOW: 0 1.00 INCH OR MORE: 0
[HDD (BASE 65) ]
TOTAL THIS MO. 74 CLEAR (SCALE 0-3) 26
DPTR FM NORMAL -74 PTCLDY (SCALE 4-7) 4
TOTAL FM JUL 1 6373 CLOUDY (SCALE 8-10) 0
DPTR FM NORMAL -373
[CDD (BASE 65) ]
TOTAL THIS MO. 80
DPTR FM NORMAL 58 [PRESSURE DATA]
TOTAL FM JAN 1 80 HIGHEST SLP M ON M
DPTR FM NORMAL 57 LOWEST SLP 29.73 ON 18
[REMARKS]
#FINAL-06-21#