590
CXUS56 KFGZ 010900
CF6FLG
PRELIMINARY LOCAL CLIMATOLOGICAL DATA (WS FORM: F-6)
STATION: FLAGSTAFF AZ AIRPORT
MONTH: JUNE
YEAR: 2020
LATITUDE: 35 7 N
LONGITUDE: 111 40 W
TEMPERATURE IN F: :PCPN: SNOW: WIND :SUNSHINE: SKY :PK WND
================================================================================
1 2 3 4 5 6A 6B 7 8 9 10 11 12 13 14 15 16 17 18
12Z AVG MX 2MIN
DY MAX MIN AVG DEP HDD CDD WTR SNW DPTH SPD SPD DIR MIN PSBL S-S WX SPD DR
================================================================================
1 80 41 61 5 4 0 0.00 0.0 0 6.8 22 220 M M 0 27 210
2 84 46 65 9 0 0 0.00 0.0 0 3.6 16 80 M M 2 19 80
3 84 48 66 10 0 1 T 0.0 0 5.3 21 210 M M 3 26 210
4 85 45 65 9 0 0 0.00 0.0 0 6.3 20 220 M M 0 30 230
5 84 49 67 10 0 2 0.00 0.0 0 7.7 30 220 M M 1 39 230
6 69 49 59 2 6 0 T 0.0 0 17.3 33 220 M M 2 50 220
7 69 47 58 1 7 0 0.00 0.0 0 18.8 37 210 M M 0 50 210
8 59 32 46 -12 19 0 0.00 0.0 0 11.4 30 220 M M 0 39 230
9 70 30 50 -8 15 0 0.00 0.0 0 10.9 29 60 M M 0 40 60
10 79 32 56 -2 9 0 0.00 0.0 0 5.4 20 230 M M 0 26 190
11 82 33 58 0 7 0 0.00 0.0 0 6.2 24 210 M M 0 31 240
12 82 42 62 3 3 0 0.00 0.0 0 10.3 32 230 M M 0 42 220
13 79 39 59 0 6 0 0.00 0.0 0 14.2 38 230 M M 0 49 220
14 76 35 56 -3 9 0 0.00 0.0 0 9.5 29 220 M M 0 38 220
15 78 38 58 -2 7 0 0.00 0.0 0 9.2 26 230 M M 0 8 37 230
16 77 40 59 -1 6 0 0.00 0.0 0 15.9 36 220 M M 0 45 230
17 77 47 62 2 3 0 0.00 0.0 0 13.3 28 220 M M 0 37 220
18 77 42 60 -1 5 0 0.00 0.0 0 7.4 22 220 M M 0 8 28 220
19 79 41 60 -1 5 0 0.00 0.0 0 5.1 23 220 M M 1 30 210
20 82 40 61 0 4 0 0.00 0.0 0 6.1 21 220 M M 0 32 210
21 85 49 67 5 0 2 0.00 0.0 0 6.5 23 220 M M 0 27 220
22 86 51 69 7 0 4 0.00 0.0 0 6.3 23 210 M M 0 8 28 210
23 88 52 70 8 0 5 0.00 0.0 0 6.5 24 220 M M 1 33 340
24 86 52 69 7 0 4 0.00 0.0 0 8.4 22 220 M M 0 30 230
25 82 52 67 4 0 2 0.00 0.0 0 9.2 24 220 M M 0 8 31 220
26 84 48 66 3 0 1 0.00 0.0 0 8.4 22 230 M M 0 30 220
27 83 45 64 1 1 0 0.00 0.0 0 9.1 25 220 M M 0 32 220
28 76 47 62 -2 3 0 0.00 0.0 0 18.0 37 220 M M 0 45 230
29 71 51 61 -3 4 0 0.00 0.0 0 22.6 38 220 M M 3 48 210
30 73 35 54 -10 11 0 0.00 0.0 0 6.2 23 220 M M 1 29 210
================================================================================
SM 2366 1298 134 21 T 0.0 291.9 M 14
================================================================================
AV 78.9 43.3 9.7 FASTST M M 0 MAX(MPH)
MISC ----> # 38 230 # 50 220
================================================================================
NOTES:
# LAST OF SEVERAL OCCURRENCES
COLUMN 17 PEAK WIND IN M.P.H.
PRELIMINARY LOCAL CLIMATOLOGICAL DATA (WS FORM: F-6) , PAGE 2
STATION: FLAGSTAFF AZ AIRPORT
MONTH: JUNE
YEAR: 2020
LATITUDE: 35 7 N
LONGITUDE: 111 40 W
[TEMPERATURE DATA] [PRECIPITATION DATA] SYMBOLS USED IN COLUMN 16
AVERAGE MONTHLY: 61.1 TOTAL FOR MONTH: T 1 = FOG OR MIST
DPTR FM NORMAL: 1.2 DPTR FM NORMAL: -0.36 2 = FOG REDUCING VISIBILITY
HIGHEST: 88 ON 23 GRTST 24HR T ON 6- 6 TO 1/4 MILE OR LESS
LOWEST: 30 ON 9 3 = THUNDER
SNOW, ICE PELLETS, HAIL 4 = ICE PELLETS
TOTAL MONTH: 0.0 INCH 5 = HAIL
GRTST 24HR 0.0 6 = FREEZING RAIN OR DRIZZLE
GRTST DEPTH: 0 7 = DUSTSTORM OR SANDSTORM:
VSBY 1/2 MILE OR LESS
8 = SMOKE OR HAZE
[NO. OF DAYS WITH] [WEATHER - DAYS WITH] 9 = BLOWING SNOW
X = TORNADO
MAX 32 OR BELOW: 0 0.01 INCH OR MORE: 0
MAX 90 OR ABOVE: 0 0.10 INCH OR MORE: 0
MIN 32 OR BELOW: 3 0.50 INCH OR MORE: 0
MIN 0 OR BELOW: 0 1.00 INCH OR MORE: 0
[HDD (BASE 65) ]
TOTAL THIS MO. 134 CLEAR (SCALE 0-3) 30
DPTR FM NORMAL -36 PTCLDY (SCALE 4-7) 0
TOTAL FM JUL 1 6592 CLOUDY (SCALE 8-10) 0
DPTR FM NORMAL -351
[CDD (BASE 65) ]
TOTAL THIS MO. 21
DPTR FM NORMAL 4 [PRESSURE DATA]
TOTAL FM JAN 1 25 HIGHEST SLP M ON M
DPTR FM NORMAL 8 LOWEST SLP 29.58 ON M
[REMARKS]
#FINAL-06-20#