953
CXUS56 KFGZ 010900
CF6FLG
PRELIMINARY LOCAL CLIMATOLOGICAL DATA (WS FORM: F-6)
STATION: FLAGSTAFF AZ AIRPORT
MONTH: MAY
YEAR: 2020
LATITUDE: 35 7 N
LONGITUDE: 111 40 W
TEMPERATURE IN F: :PCPN: SNOW: WIND :SUNSHINE: SKY :PK WND
================================================================================
1 2 3 4 5 6A 6B 7 8 9 10 11 12 13 14 15 16 17 18
12Z AVG MX 2MIN
DY MAX MIN AVG DEP HDD CDD WTR SNW DPTH SPD SPD DIR MIN PSBL S-S WX SPD DR
================================================================================
1 74 33 54 6 11 0 0.00 0.0 0 8.7 29 220 M M 0 36 210
2 71 34 53 5 12 0 0.00 0.0 0 11.5 30 220 M M 0 41 220
3 71 34 53 5 12 0 0.00 0.0 0 10.7 29 220 M M 0 39 200
4 74 33 54 6 11 0 0.00 0.0 0 3.7 16 210 M M 0 20 330
5 76 31 54 5 11 0 0.00 0.0 0 4.5 18 220 M M 0 23 70
6 79 33 56 7 9 0 0.00 0.0 0 7.8 25 210 M M 0 34 220
7 80 33 57 8 8 0 0.00 0.0 0 3.3 24 220 M M 0 32 220
8 76 33 55 5 10 0 0.00 M M 6.1 25 230 M M 0 36 220
9 76 35 56 6 9 0 0.00 0.0 0 5.9 22 220 M M 1 27 320
10 73 39 56 6 9 0 0.13 0.0 0 7.1 23 230 M M 4 13 29 210
11 70 39 55 5 10 0 0.17 0.0 0 11.9 29 200 M M 3 1 37 200
12 67 37 52 1 13 0 0.00 0.0 0 13.5 33 220 M M 0 41 220
13 64 37 51 0 14 0 0.00 0.0 0 12.8 29 210 M M 0 42 220
14 67 31 49 -2 16 0 0.00 0.0 0 7.8 24 210 M M 0 33 210
15 69 34 52 1 13 0 0.00 0.0 0 6.5 22 210 M M 1 26 220
16 73 39 56 4 9 0 0.00 0.0 0 5.2 20 230 M M 0 8 29 240
17 72 40 56 4 9 0 0.00 0.0 0 9.3 26 200 M M 0 35 230
18 72 36 54 2 11 0 0.00 0.0 0 12.6 31 230 M M 0 42 220
19 65 34 50 -2 15 0 0.00 0.0 0 18.3 40 220 M M 0 54 220
20 62 26 44 -9 21 0 0.00 0.0 0 5.6 23 220 M M 0 29 240
21 67 26 47 -6 18 0 0.00 0.0 0 4.7 20 220 M M 0 25 220
22 67 30 49 -4 16 0 0.00 0.0 0 12.1 30 220 M M 0 40 230
23 66 37 52 -1 13 0 0.00 0.0 0 11.4 30 210 M M 0 8 35 220
24 68 33 51 -3 14 0 0.00 0.0 0 5.5 18 240 M M 0 24 250
25 71 34 53 -1 12 0 0.00 0.0 0 7.3 22 40 M M 0 27 60
26 78 30 54 0 11 0 0.00 0.0 0 4.1 20 210 M M 0 25 220
27 83 39 61 7 4 0 0.00 0.0 0 4.1 15 250 M M 1 22 250
28 84 50 67 12 0 2 0.00 0.0 0 3.8 15 220 M M 1 21 70
29 84 49 67 12 0 2 0.00 0.0 0 5.2 20 210 M M 1 25 210
30 82 47 65 10 0 0 T 0.0 0 8.5 29 220 M M 0 40 220
31 82 47 65 10 0 0 0.00 0.0 0 9.5 30 220 M M 0 39 200
================================================================================
SM 2263 1113 321 4 0.30 0.0 249.0 M 12
================================================================================
AV 73.0 35.9 8.0 FASTST M M 0 MAX(MPH)
MISC ----> # 40 220 # 54 220
================================================================================
NOTES:
# LAST OF SEVERAL OCCURRENCES
COLUMN 17 PEAK WIND IN M.P.H.
PRELIMINARY LOCAL CLIMATOLOGICAL DATA (WS FORM: F-6) , PAGE 2
STATION: FLAGSTAFF AZ AIRPORT
MONTH: MAY
YEAR: 2020
LATITUDE: 35 7 N
LONGITUDE: 111 40 W
[TEMPERATURE DATA] [PRECIPITATION DATA] SYMBOLS USED IN COLUMN 16
AVERAGE MONTHLY: 54.5 TOTAL FOR MONTH: 0.30 1 = FOG OR MIST
DPTR FM NORMAL: 2.9 DPTR FM NORMAL: -0.33 2 = FOG REDUCING VISIBILITY
HIGHEST: 84 ON 29,28 GRTST 24HR 0.17 ON 11-11 TO 1/4 MILE OR LESS
LOWEST: 26 ON 21,20 3 = THUNDER
SNOW, ICE PELLETS, HAIL 4 = ICE PELLETS
TOTAL MONTH: 0.0 INCH 5 = HAIL
GRTST 24HR 0.0 6 = FREEZING RAIN OR DRIZZLE
GRTST DEPTH: 0 7 = DUSTSTORM OR SANDSTORM:
VSBY 1/2 MILE OR LESS
8 = SMOKE OR HAZE
[NO. OF DAYS WITH] [WEATHER - DAYS WITH] 9 = BLOWING SNOW
X = TORNADO
MAX 32 OR BELOW: 0 0.01 INCH OR MORE: 2
MAX 90 OR ABOVE: 0 0.10 INCH OR MORE: 2
MIN 32 OR BELOW: 6 0.50 INCH OR MORE: 0
MIN 0 OR BELOW: 0 1.00 INCH OR MORE: 0
[HDD (BASE 65) ]
TOTAL THIS MO. 321 CLEAR (SCALE 0-3) 29
DPTR FM NORMAL -96 PTCLDY (SCALE 4-7) 2
TOTAL FM JUL 1 6458 CLOUDY (SCALE 8-10) 0
DPTR FM NORMAL -315
[CDD (BASE 65) ]
TOTAL THIS MO. 4
DPTR FM NORMAL 4 [PRESSURE DATA]
TOTAL FM JAN 1 4 HIGHEST SLP M ON M
DPTR FM NORMAL 4 LOWEST SLP 29.72 ON M
[REMARKS]
#FINAL-05-20#