000
CXUS56 KFGZ 010910
CF6FLG
PRELIMINARY LOCAL CLIMATOLOGICAL DATA (WS FORM: F-6)
STATION: FLAGSTAFF AZ AIRPORT
MONTH: OCTOBER
YEAR: 2023
LATITUDE: 35 7 N
LONGITUDE: 111 40 W
TEMPERATURE IN F: :PCPN: SNOW: WIND :SUNSHINE: SKY :PK WND
================================================================================
1 2 3 4 5 6A 6B 7 8 9 10 11 12 13 14 15 16 17 18
12Z AVG MX 2MIN
DY MAX MIN AVG DEP HDD CDD WTR SNW DPTH SPD SPD DIR MIN PSBL S-S WX SPD DR
================================================================================
1 60 46 53 0 12 0 0.25 0.0 0 13.3 31 220 M M 6 1 46 200
2 60 39 50 -2 15 0 0.01 0.0 0 7.9 18 220 M M 4 25 230
3 64 30 47 -5 18 0 0.00 0.0 0 2.5 17 220 M M 1 24 230
4 69 29 49 -3 16 0 0.00 0.0 0 6.5 17 40 M M 0 23 40
5 72 38 55 4 10 0 0.00 0.0 0 6.9 18 50 M M 0 27 60
6 75 33 54 3 11 0 0.00 0.0 0 3.5 14 40 M M 0 24 100
7 75 36 56 5 9 0 0.02 0.0 0 4.7 25 90 M M 2 3 37 90
8 74 41 58 8 7 0 0.61 0.0 0 2.9 16 150 M M 5 38 22 150
9 71 35 53 3 12 0 0.15 0.0 0 2.9 22 30 M M 2 3 36 30
10 70 36 53 3 12 0 0.00 0.0 0 8.0 24 220 M M 1 33 220
11 66 43 55 6 10 0 0.00 0.0 0 15.4 31 210 M M 1 41 210
12 62 29 46 -3 19 0 0.00 0.0 0 4.1 13 240 M M 0 21 230
13 64 25 45 -3 20 0 0.00 0.0 0 3.5 15 200 M M 0 21 200
14 69 29 49 1 16 0 0.00 0.0 0 2.0 13 220 M M 0 18 230
15 73 30 52 4 13 0 0.00 0.0 0 3.3 13 70 M M 0 19 70
16 78 32 55 8 10 0 0.00 0.0 0 2.0 14 20 M M 1 17 10
17 76 36 56 9 9 0 0.00 0.0 0 2.1 16 210 M M 2 23 240
18 76 36 56 9 9 0 0.00 0.0 0 3.0 16 60 M M 0 8 21 70
19 78 33 56 10 9 0 0.00 0.0 0 2.7 14 70 M M 0 8 19 80
20 78 33 56 10 9 0 0.00 0.0 0 2.7 14 200 M M 0 8 23 150
21 74 35 55 9 10 0 0.00 0.0 0 4.6 20 200 M M 0 29 220
22 70 34 52 6 13 0 0.00 0.0 0 6.8 23 230 M M 0 38 220
23 64 41 53 8 12 0 0.00 0.0 0 9.2 24 220 M M 1 33 220
24 62 35 49 4 16 0 0.00 0.0 0 4.4 18 220 M M 2 23 180
25 61 32 47 2 18 0 0.00 0.0 0 6.7 23 210 M M 0 32 220
26 61 35 48 4 17 0 0.00 0.0 0 10.5 25 220 M M 3 33 210
27 61 32 47 3 18 0 0.00 0.0 0 6.9 23 220 M M 2 31 270
28 59 34 47 3 18 0 0.00 0.0 0 9.1 28 220 M M 3 36 220
29 47 23 35 -8 30 0 0.00 0.0 0 10.0 22 60 M M 0 33 70
30 48 27 38 -5 27 0 0.00 0.0 0 11.9 21 80 M M 0 30 70
31 54 24 39 -4 26 0 0.00 0.0 0 7.8 16 50 M M 0 8 24 50
================================================================================
SM 2071 1041 451 0 1.04 0.0 187.8 M 36
================================================================================
AV 66.8 33.6 6.1 FASTST M M 1 MAX(MPH)
MISC ----> # 31 220 46 200
================================================================================
NOTES:
# LAST OF SEVERAL OCCURRENCES
COLUMN 17 PEAK WIND IN M.P.H.
PRELIMINARY LOCAL CLIMATOLOGICAL DATA (WS FORM: F-6) , PAGE 2
STATION: FLAGSTAFF AZ AIRPORT
MONTH: OCTOBER
YEAR: 2023
LATITUDE: 35 7 N
LONGITUDE: 111 40 W
[TEMPERATURE DATA] [PRECIPITATION DATA] SYMBOLS USED IN COLUMN 16
AVERAGE MONTHLY: 50.2 TOTAL FOR MONTH: 1.04 1 = FOG OR MIST
DPTR FM NORMAL: 2.6 DPTR FM NORMAL: -0.48 2 = FOG REDUCING VISIBILITY
HIGHEST: 78 ON 20,19 GRTST 24HR 0.63 ON 7- 8 TO 1/4 MILE OR LESS
LOWEST: 23 ON 29 3 = THUNDER
SNOW, ICE PELLETS, HAIL 4 = ICE PELLETS
TOTAL MONTH: 0.0 INCH 5 = HAIL
GRTST 24HR 0.0 6 = FREEZING RAIN OR DRIZZLE
GRTST DEPTH: 0 7 = DUSTSTORM OR SANDSTORM:
VSBY 1/2 MILE OR LESS
8 = SMOKE OR HAZE
[NO. OF DAYS WITH] [WEATHER - DAYS WITH] 9 = BLOWING SNOW
X = TORNADO
MAX 32 OR BELOW: 0 0.01 INCH OR MORE: 5
MAX 90 OR ABOVE: 0 0.10 INCH OR MORE: 3
MIN 32 OR BELOW: 12 0.50 INCH OR MORE: 1
MIN 0 OR BELOW: 0 1.00 INCH OR MORE: 0
[HDD (BASE 65) ]
TOTAL THIS MO. 451 CLEAR (SCALE 0-3) 27
DPTR FM NORMAL -90 PTCLDY (SCALE 4-7) 4
TOTAL FM JUL 1 632 CLOUDY (SCALE 8-10) 0
DPTR FM NORMAL -181
[CDD (BASE 65) ]
TOTAL THIS MO. 0
DPTR FM NORMAL 0 [PRESSURE DATA]
TOTAL FM JAN 1 276 HIGHEST SLP M ON M
DPTR FM NORMAL 130 LOWEST SLP 29.46 ON 11
[REMARKS]
#FINAL-10-23#