000
CXUS52 KMFL 011030
CF6FLL
PRELIMINARY LOCAL CLIMATOLOGICAL DATA (WS FORM: F-6)
STATION: FORT LAUDERDALE
MONTH: JUNE
YEAR: 2023
LATITUDE: 26 4 N
LONGITUDE: 80 9 W
TEMPERATURE IN F: :PCPN: SNOW: WIND :SUNSHINE: SKY :PK WND
================================================================================
1 2 3 4 5 6A 6B 7 8 9 10 11 12 13 14 15 16 17 18
12Z AVG MX 2MIN
DY MAX MIN AVG DEP HDD CDD WTR SNW DPTH SPD SPD DIR MIN PSBL S-S WX SPD DR
================================================================================
1 88 74 81 0 0 16 0.02 0.0 0 4.3 17 40 M M 7 3 22 40
2 87 70 79 -2 0 14 0.38 0.0 0 3.5 22 280 M M 7 13 29 280
3 87 69 78 -4 0 13 0.69 0.0 0 4.1 43 150 M M 5 123 69 150
4 86 72 79 -3 0 14 0.08 0.0 0 7.1 18 60 M M 6 13 24 50
5 88 73 81 -1 0 16 0.01 0.0 0 8.9 20 50 M M 5 25 40
6 82 70 76 -6 0 11 0.91 0.0 0 8.4 31 120 M M 7 123 42 170
7 87 74 81 -1 0 16 0.54 0.0 0 5.1 21 180 M M 6 13 29 310
8 89 74 82 0 0 17 0.30 0.0 0 7.5 24 260 M M 6 13 32 260
9 87 74 81 -1 0 16 0.30 0.0 0 6.8 18 150 M M 5 13 22 40
10 89 75 82 0 0 17 0.04 0.0 0 5.9 16 140 M M 3 13 21 140
11 88 74 81 -1 0 16 0.72 0.0 0 7.2 22 210 M M 5 13 27 250
12 89 75 82 0 0 17 0.09 0.0 0 6.9 25 170 M M 6 13 30 200
13 90 75 83 1 0 18 0.80 0.0 0 5.5 22 140 M M 7 13 25 140
14 90 75 83 1 0 18 T 0.0 0 7.5 21 130 M M 5 3 24 140
15 91 79 85 2 0 20 0.00 0.0 0 8.6 21 130 M M 4 24 130
16 94 77 86 3 0 21 0.13 0.0 0 7.7 20 260 M M 7 3 27 230
17 92 73 83 0 0 18 1.79 0.0 0 5.8 35 250 M M 7 138 43 250
18 91 73 82 -1 0 17 0.10 0.0 0 9.3 26 270 M M 6 38 270
19 94 74 84 1 0 19 0.62 0.0 0 8.0 22 170 M M 6 13 27 170
20 90 71 81 -2 0 16 0.47 0.0 0 8.1 21 140 M M 5 13 26 330
21 89 71 80 -3 0 15 T 0.0 0 7.5 17 160 M M 6 22 140
22 89 76 83 0 0 18 0.04 0.0 0 7.5 16 140 M M 7 3 21 130
23 90 80 85 2 0 20 0.00 0.0 0 7.4 18 130 M M 6 3 24 130
24 91 74 83 0 0 18 0.32 0.0 0 6.9 22 300 M M 7 13 28 300
25 87 74 81 -2 0 16 1.52 0.0 0 3.0 18 160 M M 8 13 23 150
26 88 76 82 -1 0 17 0.09 0.0 0 4.6 15 130 M M 4 13 18 100
27 91 78 85 2 0 20 0.00 0.0 0 5.8 17 130 M M 2 21 130
28 92 76 84 1 0 19 0.03 0.0 0 7.1 15 140 M M 5 3 19 290
29 91 76 84 1 0 19 0.72 0.0 0 4.3 20 120 M M 7 138 25 170
30 90 78 84 1 0 19 0.03 0.0 0 3.8 17 120 M M 6 13 20 120
================================================================================
SM 2677 2230 0 511 10.74 0.0 194.1 M 173
================================================================================
AV 89.2 74.3 6.5 FASTST M M 6 MAX(MPH)
MISC ----> 43 150 69 150
================================================================================
NOTES:
# LAST OF SEVERAL OCCURRENCES
COLUMN 17 PEAK WIND IN M.P.H.
PRELIMINARY LOCAL CLIMATOLOGICAL DATA (WS FORM: F-6) , PAGE 2
STATION: FORT LAUDERDALE
MONTH: JUNE
YEAR: 2023
LATITUDE: 26 4 N
LONGITUDE: 80 9 W
[TEMPERATURE DATA] [PRECIPITATION DATA] SYMBOLS USED IN COLUMN 16
AVERAGE MONTHLY: 81.8 TOTAL FOR MONTH: 10.74 1 = FOG OR MIST
DPTR FM NORMAL: -0.7 DPTR FM NORMAL: 1.19 2 = FOG REDUCING VISIBILITY
HIGHEST: 94 ON 19,16 GRTST 24HR 1.92 ON 16-17 TO 1/4 MILE OR LESS
LOWEST: 69 ON 3 3 = THUNDER
SNOW, ICE PELLETS, HAIL 4 = ICE PELLETS
TOTAL MONTH: 0.0 INCH 5 = HAIL
GRTST 24HR 0.0 6 = FREEZING RAIN OR DRIZZLE
GRTST DEPTH: 0 7 = DUSTSTORM OR SANDSTORM:
VSBY 1/2 MILE OR LESS
8 = SMOKE OR HAZE
[NO. OF DAYS WITH] [WEATHER - DAYS WITH] 9 = BLOWING SNOW
X = TORNADO
MAX 32 OR BELOW: 0 0.01 INCH OR MORE: 25
MAX 90 OR ABOVE: 14 0.10 INCH OR MORE: 16
MIN 32 OR BELOW: 0 0.50 INCH OR MORE: 9
MIN 0 OR BELOW: 0 1.00 INCH OR MORE: 2
[HDD (BASE 65) ]
TOTAL THIS MO. 0 CLEAR (SCALE 0-3) 2
DPTR FM NORMAL 0 PTCLDY (SCALE 4-7) 28
TOTAL FM JUL 1 72 CLOUDY (SCALE 8-10) 0
DPTR FM NORMAL -50
[CDD (BASE 65) ]
TOTAL THIS MO. 511
DPTR FM NORMAL -14 [PRESSURE DATA]
TOTAL FM JAN 1 2259 HIGHEST SLP 30.06 ON 23
DPTR FM NORMAL 361 LOWEST SLP 29.63 ON 4
[REMARKS]
#FINAL-06-23#