000
CXUS52 KMFL 011130
CF6FLL
PRELIMINARY LOCAL CLIMATOLOGICAL DATA (WS FORM: F-6)
STATION: FORT LAUDERDALE
MONTH: FEBRUARY
YEAR: 2024
LATITUDE: 26 4 N
LONGITUDE: 80 9 W
TEMPERATURE IN F: :PCPN: SNOW: WIND :SUNSHINE: SKY :PK WND
================================================================================
1 2 3 4 5 6A 6B 7 8 9 10 11 12 13 14 15 16 17 18
12Z AVG MX 2MIN
DY MAX MIN AVG DEP HDD CDD WTR SNW DPTH SPD SPD DIR MIN PSBL S-S WX SPD DR
================================================================================
1 74 54 64 -5 1 0 0.00 0.0 0 6.3 13 340 M M 5 17 340
2 77 60 69 0 0 4 0.00 0.0 0 5.6 13 130 M M 5 17 140
3 77 57 67 -2 0 2 0.00 0.0 0 5.9 18 130 M M 3 25 130
4 75 65 70 1 0 5 0.25 0.0 0 11.7 25 130 M M 5 1 32 130
5 67 59 63 -6 2 0 0.03 0.0 0 5.8 17 340 M M 6 27 340
6 70 55 63 -7 2 0 0.00 0.0 0 13.0 23 320 M M 7 37 290
7 76 55 66 -4 0 1 0.00 0.0 0 10.5 21 20 M M 2 31 10
8 76 60 68 -2 0 3 0.00 0.0 0 9.0 20 100 M M 7 24 100
9 76 69 73 3 0 8 0.00 0.0 0 11.6 20 120 M M 8 27 140
10 78 69 74 4 0 9 0.00 0.0 0 13.1 20 130 M M 7 25 130
11 81 72 77 7 0 12 T 0.0 0 13.1 22 140 M M 6 28 150
12 85 73 79 9 0 14 0.00 0.0 0 12.6 24 190 M M 5 37 210
13 81 62 72 2 0 7 0.34 0.0 0 8.1 15 250 M M 5 1 27 300
14 78 57 68 -2 0 3 0.00 0.0 0 9.3 16 40 M M 3 22 100
15 78 67 73 3 0 8 0.00 0.0 0 10.1 18 120 M M 4 26 120
16 79 69 74 3 0 9 0.00 0.0 0 7.7 17 130 M M 6 23 160
17 84 67 76 5 0 11 T 0.0 0 6.9 17 240 M M 7 27 240
18 74 62 68 -3 0 3 2.23 0.0 0 7.8 26 300 M M 9 1 43 290
19 70 57 64 -7 1 0 0.00 0.0 0 9.8 20 320 M M 8 1 31 310
20 72 52 62 -9 3 0 0.00 0.0 0 6.4 15 330 M M 1 23 350
21 75 53 64 -7 1 0 0.00 0.0 0 7.9 16 340 M M 2 21 360
22 76 54 65 -6 0 0 0.00 0.0 0 6.7 16 100 M M 3 21 100
23 80 59 70 -1 0 5 0.00 0.0 0 9.5 23 240 M M 3 32 210
24 77 60 69 -2 0 4 0.07 0.0 0 8.4 20 250 M M 5 1 31 270
25 77 53 65 -6 0 0 0.00 0.0 0 4.8 13 90 M M 0 21 360
26 77 57 67 -4 0 2 0.00 0.0 0 6.9 13 100 M M 2 21 140
27 78 62 70 -1 0 5 0.00 0.0 0 8.9 17 110 M M 3 25 110
28 80 70 75 3 0 10 0.00 0.0 0 11.3 22 140 M M 5 28 170
29 81 69 75 3 0 10 0.00 0.0 0 6.5 13 120 M M 6 M M
================================================================================
SM 2229 1778 10 135 2.92 0.0 255.2 M 138
================================================================================
AV 76.9 61.3 8.8 FASTST M M 5 MAX(MPH)
MISC ----> 26 300 43 290
================================================================================
NOTES:
# LAST OF SEVERAL OCCURRENCES
COLUMN 17 PEAK WIND IN M.P.H.
PRELIMINARY LOCAL CLIMATOLOGICAL DATA (WS FORM: F-6) , PAGE 2
STATION: FORT LAUDERDALE
MONTH: FEBRUARY
YEAR: 2024
LATITUDE: 26 4 N
LONGITUDE: 80 9 W
[TEMPERATURE DATA] [PRECIPITATION DATA] SYMBOLS USED IN COLUMN 16
AVERAGE MONTHLY: 69.1 TOTAL FOR MONTH: 2.92 1 = FOG OR MIST
DPTR FM NORMAL: -1.2 DPTR FM NORMAL: 0.54 2 = FOG REDUCING VISIBILITY
HIGHEST: 85 ON 12 GRTST 24HR 2.23 ON 18-18 TO 1/4 MILE OR LESS
LOWEST: 52 ON 20 3 = THUNDER
SNOW, ICE PELLETS, HAIL 4 = ICE PELLETS
TOTAL MONTH: 0.0 INCH 5 = HAIL
GRTST 24HR 0.0 6 = FREEZING RAIN OR DRIZZLE
GRTST DEPTH: 0 7 = DUSTSTORM OR SANDSTORM:
VSBY 1/2 MILE OR LESS
8 = SMOKE OR HAZE
[NO. OF DAYS WITH] [WEATHER - DAYS WITH] 9 = BLOWING SNOW
X = TORNADO
MAX 32 OR BELOW: 0 0.01 INCH OR MORE: 5
MAX 90 OR ABOVE: 0 0.10 INCH OR MORE: 3
MIN 32 OR BELOW: 0 0.50 INCH OR MORE: 1
MIN 0 OR BELOW: 0 1.00 INCH OR MORE: 1
[HDD (BASE 65) ]
TOTAL THIS MO. 10 CLEAR (SCALE 0-3) 7
DPTR FM NORMAL -15 PTCLDY (SCALE 4-7) 20
TOTAL FM JUL 1 37 CLOUDY (SCALE 8-10) 2
DPTR FM NORMAL -78
[CDD (BASE 65) ]
TOTAL THIS MO. 135
DPTR FM NORMAL -40 [PRESSURE DATA]
TOTAL FM JAN 1 319 HIGHEST SLP 30.25 ON 20
DPTR FM NORMAL -9 LOWEST SLP 29.47 ON 5
[REMARKS]
#FINAL-02-24#