000
CXUS52 KMFL 031028
CF6FLL
PRELIMINARY LOCAL CLIMATOLOGICAL DATA (WS FORM: F-6)
STATION: FORT LAUDERDALE
MONTH: DECEMBER
YEAR: 2020
LATITUDE: 26 4 N
LONGITUDE: 80 9 W
TEMPERATURE IN F: :PCPN: SNOW: WIND :SUNSHINE: SKY :PK WND
================================================================================
1 2 3 4 5 6A 6B 7 8 9 10 11 12 13 14 15 16 17 18
12Z AVG MX 2MIN
DY MAX MIN AVG DEP HDD CDD WTR SNW DPTH SPD SPD DIR MIN PSBL S-S WX SPD DR
================================================================================
1 68 54 61 -12 4 0 T 0.0 0 9.9 16 360 M M 3 22 320
2 74 51 63 -10 2 0 0.00 0.0 0 8.1 12 40 M M 3 23 60
3 77 61 69 -4 0 4 0.00 0.0 0 12.2 18 100 M M 7 21 90
4 80 71 76 3 0 11 0.00 0.0 0 10.1 18 140 M M 8 20 160
5 82 68 75 2 0 10 0.00 0.0 0 3.6 8 280 M M 5 8 280
6 85 67 76 4 0 11 0.00 M 0 5.7 9 120 M M 6 M M
7 78 61 70 -2 0 5 0.73 0.0 0 9.5 20 180 M M 7 13 27 180
8 65 53 59 -13 6 0 0.00 0.0 0 9.1 14 330 M M 2 21 310
9 65 47 56 -16 9 0 0.00 M M 7.3 15 330 M M 0 21 300
10 72 49 61 -11 4 0 0.00 M M 4.7 12 360 M M 3 17 20
11 78 59 69 -3 0 4 0.07 0.0 M 7.8 22 110 M M 8 1 24 110
12 82 71 77 5 0 12 0.07 0.0 M 10.7 25 140 M M 7 1 30 130
13 83 68 76 5 0 11 0.00 0.0 M 4.4 13 140 M M 3 16 120
14 85 67 76 5 0 11 0.00 0.0 M 5.7 14 270 M M 3 20 220
15 81 71 76 5 0 11 0.00 0.0 0 4.5 12 130 M M 7 17 120
16 83 70 77 6 0 12 0.00 0.0 0 6.5 18 160 M M 6 23 160
17 84 63 74 3 0 9 0.00 0.0 0 7.8 20 280 M M 4 25 270
18 72 53 63 -8 2 0 0.00 0.0 0 8.6 17 40 M M 3 25 50
19 78 56 67 -3 0 2 0.00 0.0 M 8.0 17 90 M M 5 21 80
20 82 68 75 5 0 10 T 0.0 M 8.5 16 160 M M 4 20 140
21 77 62 70 0 0 5 T 0.0 M 7.1 15 330 M M 3 20 300
22 77 60 69 -1 0 4 0.00 0.0 M 8.6 16 50 M M 4 21 60
23 79 60 70 0 0 5 0.00 0.0 M 10.0 20 90 M M 6 25 90
24 83 73 78 8 0 13 0.05 0.0 M 12.1 23 160 M M 8 1 30 150
25 75 50 63 -7 2 0 0.04 0.0 0 10.7 24 300 M M 5 1 32 300
26 65 46 56 -14 9 0 0.00 0.0 0 6.4 12 340 M M 3 16 340
27 75 50 63 -6 2 0 0.17 0.0 0 7.7 17 100 M M 4 1 21 110
28 78 60 69 0 0 4 T 0.0 M 9.8 20 70 M M 7 25 50
29 78 66 72 3 0 7 0.00 0.0 M 15.0 24 80 M M 5 31 60
30 80 72 76 7 0 11 T 0.0 0 21.1 29 120 M M 7 36 120
31 81 73 77 8 0 12 0.00 0.0 M 19.7 28 120 M M 5 36 120
================================================================================
SM 2402 1900 40 184 1.13 0.0 280.9 M 151
================================================================================
AV 77.5 61.3 9.1 FASTST M M 5 MAX(MPH)
MISC ----> 29 120 # 36 120
================================================================================
NOTES:
# LAST OF SEVERAL OCCURRENCES
COLUMN 17 PEAK WIND IN M.P.H.
PRELIMINARY LOCAL CLIMATOLOGICAL DATA (WS FORM: F-6) , PAGE 2
STATION: FORT LAUDERDALE
MONTH: DECEMBER
YEAR: 2020
LATITUDE: 26 4 N
LONGITUDE: 80 9 W
[TEMPERATURE DATA] [PRECIPITATION DATA] SYMBOLS USED IN COLUMN 16
AVERAGE MONTHLY: 69.4 TOTAL FOR MONTH: 1.13 1 = FOG OR MIST
DPTR FM NORMAL: -1.6 DPTR FM NORMAL: -1.33 2 = FOG REDUCING VISIBILITY
HIGHEST: 85 ON 14, 6 GRTST 24HR 0.73 ON 7- 7 TO 1/4 MILE OR LESS
LOWEST: 46 ON 26 3 = THUNDER
SNOW, ICE PELLETS, HAIL 4 = ICE PELLETS
TOTAL MONTH: 0.0 INCH 5 = HAIL
GRTST 24HR 0.0 6 = FREEZING RAIN OR DRIZZLE
GRTST DEPTH: 0 7 = DUSTSTORM OR SANDSTORM:
VSBY 1/2 MILE OR LESS
8 = SMOKE OR HAZE
[NO. OF DAYS WITH] [WEATHER - DAYS WITH] 9 = BLOWING SNOW
X = TORNADO
MAX 32 OR BELOW: 0 0.01 INCH OR MORE: 6
MAX 90 OR ABOVE: 0 0.10 INCH OR MORE: 2
MIN 32 OR BELOW: 0 0.50 INCH OR MORE: 1
MIN 0 OR BELOW: 0 1.00 INCH OR MORE: 0
[HDD (BASE 65) ]
TOTAL THIS MO. 40 CLEAR (SCALE 0-3) 9
DPTR FM NORMAL 10 PTCLDY (SCALE 4-7) 22
TOTAL FM JUL 1 40 CLOUDY (SCALE 8-10) 0
DPTR FM NORMAL 10
[CDD (BASE 65) ]
TOTAL THIS MO. 184
DPTR FM NORMAL -32 [PRESSURE DATA]
TOTAL FM JAN 1 5193 HIGHEST SLP 30.26 ON 29
DPTR FM NORMAL 464 LOWEST SLP 29.74 ON 7
[REMARKS]
#FINAL-12-20#