000
CXUS52 KILM 011229
CLMFLO
CLIMATE REPORT
NATIONAL WEATHER SERVICE WILMINGTON NC
829 AM EDT SAT APR 01 2023
...................................
...THE FLORENCE SOUTH CAROLINA CLIMATE SUMMARY FOR THE MONTH OF MARCH 2023...
CLIMATE NORMAL PERIOD 1991 TO 2020
CLIMATE RECORD PERIOD 1948 TO 2023
WEATHER OBSERVED NORMAL DEPART LAST YEAR`S
VALUE DATE(S) VALUE FROM VALUE DATE(S)
NORMAL
................................................................
TEMPERATURE (F)
RECORD
HIGH 92 03/10/1974
03/09/1974
LOW 11 03/03/1980
HIGHEST 87 03/24 MM MM 85 03/03
LOWEST 27 03/21 MM MM 24 03/13
AVG. MAXIMUM 69.4 68.3 1.1 72.4
AVG. MINIMUM 46.2 44.3 1.9 46.2
MEAN 57.8 56.3 1.5 59.3
DAYS MAX >= 90 0 0.0 0.0 0
DAYS MAX <= 32 0 0.0 0.0 0
DAYS MIN <= 32 3 3.9 -0.9 4
DAYS MIN <= 0 0 0.0 0.0 0
PRECIPITATION (INCHES)
RECORD
MAXIMUM 10.96 1971
MINIMUM 0.35 2004
TOTALS 4.66 3.19 1.47 3.94
DAILY AVG. 0.15 0.10 0.05
DAYS >= .01 9 9.2 -0.2
DAYS >= .10 7 6.0 1.0
DAYS >= .50 2 2.2 -0.2
DAYS >= 1.00 1 0.8 0.2
GREATEST
24 HR. TOTAL 3.56 03/26 TO 03/27
DEGREE DAYS
HEATING TOTAL 253 293 -40 202
SINCE 7/1 1885 2213 -328
COOLING TOTAL 36 24 12 33
SINCE 1/1 68 33 35
FREEZE DATES
RECORD
EARLIEST 10/14/1988
LATEST 04/20/1983
EARLIEST 10/19
LATEST 03/28
................................................................
WIND (MPH)
AVERAGE WIND SPEED 7.7
RESULTANT WIND SPEED/DIRECTION 2/280
HIGHEST WIND SPEED/DIRECTION 30/210 DATE 03/03
HIGHEST GUST SPEED/DIRECTION 40/200 DATE 03/03
SKY COVER
AVERAGE SKY COVER 0.31
AVERAGE RH (PERCENT) 63
WEATHER CONDITIONS. NUMBER OF DAYS WITH
THUNDERSTORM 2 MIXED PRECIP MM
HEAVY RAIN 4 RAIN 7
LIGHT RAIN 13 FREEZING RAIN 0
LT FREEZING RAIN 0 HAIL MM
HEAVY SNOW 0 SNOW 0
LIGHT SNOW 0 SLEET MM
FOG 13 FOG W/VIS <= 1/4 MILE 3
HAZE 2
- INDICATES NEGATIVE NUMBERS.
R INDICATES RECORD WAS SET OR TIED.
MM INDICATES DATA IS MISSING.
T INDICATES TRACE AMOUNT.
$$