000
CXUS52 KTBW 052339
CF6FMY
PRELIMINARY LOCAL CLIMATOLOGICAL DATA (WS FORM: F-6)
STATION: FORT MYERS
MONTH: SEPTEMBER
YEAR: 2022
LATITUDE: 26 34 N
LONGITUDE: 81 52 W
TEMPERATURE IN F: :PCPN: SNOW: WIND :SUNSHINE: SKY :PK WND
================================================================================
1 2 3 4 5 6A 6B 7 8 9 10 11 12 13 14 15 16 17 18
12Z AVG MX 2MIN
DY MAX MIN AVG DEP HDD CDD WTR SNW DPTH SPD SPD DIR MIN PSBL S-S WX SPD DR
================================================================================
1 92 77 85 2 0 20 T 0.0 0 3.8 16 220 M M 2 3 24 230
2 91 76 84 1 0 19 0.04 0.0 0 5.7 22 280 M M 2 13 26 280
3 94 76 85 2 0 20 0.27 0.0 0 4.6 25 130 M M 1 138 38 130
4 96 76 86 3 0 21 0.00 0.0 0 5.4 12 110 M M 2 3 17 90
5 96 79 88 5 0 23 0.11 0.0 0 3.5 22 120 M M 2 138 28 130
6 95 79 87 4 0 22 0.00 0.0 0 3.3 15 320 M M 1 3 20 320
7 96 73 85 2 0 20 3.12 0.0 0 5.3 33 30 M M 3 123 47 40
8 89 74 82 -1 0 17 1.08 0.0 0 4.1 20 280 M M 3 13 27 280
9 91 74 83 0 0 18 0.64 0.0 0 5.5 28 250 M M 2 13 37 240
10 93 77 85 3 0 20 T 0.0 0 5.0 20 330 M M 1 13 28 220
11 94 78 86 4 0 21 0.00 0.0 0 5.2 13 260 M M 2 3 18 220
12 92 77 85 3 0 20 0.07 0.0 0 3.4 21 110 M M 2 3 28 110
13 90 75 83 1 0 18 1.00 0.0 0 3.7 20 220 M M 2 13 34 210
14 88 74 81 -1 0 16 0.19 0.0 0 3.7 23 90 M M 1 13 33 110
15 88 76 82 0 0 17 0.01 0.0 0 3.5 14 40 M M 2 3 20 360
16 88 74 81 -1 0 16 1.26 0.0 0 4.8 14 140 M M 4 123 20 140
17 90 74 82 0 0 17 2.70 0.0 0 6.9 17 120 M M 7 123 25 120
18 90 73 82 0 0 17 T 0.0 0 3.6 13 290 M M 3 13 15 300
19 91 76 84 2 0 19 0.00 0.0 0 4.4 18 130 M M 2 25 120
20 94 76 85 3 0 20 0.78 0.0 0 3.9 13 150 M M 2 13 19 170
21 92 77 85 3 0 20 T 0.0 0 5.9 15 20 M M 1 3 19 290
22 92 77 85 3 0 20 T 0.0 0 5.1 13 90 M M 2 3 17 90
23 95 76 86 4 0 21 0.00 0.0 0 4.9 17 350 M M 2 23 350
24 92 78 85 3 0 20 0.00 0.0 0 8.5 16 70 M M 4 24 120
25 94 77 86 4 0 21 T 0.0 0 4.3 16 90 M M 3 3 21 110
26 92 76 84 2 0 19 T 0.0 0 4.9 14 110 M M 2 3 20 110
27 78 75 77 -4 0 12 2.65 0.0 0 11.3 24 70 M M 7 1 34 60
28 82 72 77 -4 0 12 2.53 0.0 0 22.2 44 120 M M 8 13 67 110
29 87 68 78 -3 0 13 0.00 0.0 0 M M M M M M M M
30 M M M M M M 0.00 0.0 0 M M M M M M M M
================================================================================
SM 2642 2190 0 539 16.45 0.0 156.4 M 75
================================================================================
AV 91.1 75.5 5.6 FASTST M M 3 MAX(MPH)
MISC ----> 44 120 67 110
================================================================================
NOTES:
# LAST OF SEVERAL OCCURRENCES
COLUMN 17 PEAK WIND IN M.P.H.
PRELIMINARY LOCAL CLIMATOLOGICAL DATA (WS FORM: F-6) , PAGE 2
STATION: FORT MYERS
MONTH: SEPTEMBER
YEAR: 2022
LATITUDE: 26 34 N
LONGITUDE: 81 52 W
[TEMPERATURE DATA] [PRECIPITATION DATA] SYMBOLS USED IN COLUMN 16
AVERAGE MONTHLY: 83.3 TOTAL FOR MONTH: 16.45 1 = FOG OR MIST
DPTR FM NORMAL: 1.1 DPTR FM NORMAL: 7.45 2 = FOG REDUCING VISIBILITY
HIGHEST: 96 ON 7, 5 GRTST 24HR 4.21 ON 27-28 TO 1/4 MILE OR LESS
LOWEST: 68 ON 29 3 = THUNDER
SNOW, ICE PELLETS, HAIL 4 = ICE PELLETS
TOTAL MONTH: 0.0 INCH 5 = HAIL
GRTST 24HR 0.0 6 = FREEZING RAIN OR DRIZZLE
GRTST DEPTH: 0 7 = DUSTSTORM OR SANDSTORM:
VSBY 1/2 MILE OR LESS
8 = SMOKE OR HAZE
[NO. OF DAYS WITH] [WEATHER - DAYS WITH] 9 = BLOWING SNOW
X = TORNADO
MAX 32 OR BELOW: 0 0.01 INCH OR MORE: 15
MAX 90 OR ABOVE: 22 0.10 INCH OR MORE: 12
MIN 32 OR BELOW: 0 0.50 INCH OR MORE: 9
MIN 0 OR BELOW: 0 1.00 INCH OR MORE: 7
[HDD (BASE 65) ]
TOTAL THIS MO. 0 CLEAR (SCALE 0-3) 21
DPTR FM NORMAL 0 PTCLDY (SCALE 4-7) 7
TOTAL FM JUL 1 0 CLOUDY (SCALE 8-10) 2
DPTR FM NORMAL 0
[CDD (BASE 65) ]
TOTAL THIS MO. 539
DPTR FM NORMAL 25 [PRESSURE DATA]
TOTAL FM JAN 1 3870 HIGHEST SLP M ON M
DPTR FM NORMAL 575 LOWEST SLP 28.56 ON 28
[REMARKS]
#FINAL-09-22#