000
CXUS52 KMLB 050614
CF6FPR
PRELIMINARY LOCAL CLIMATOLOGICAL DATA (WS FORM: F-6)
STATION: FORT PIERCE
MONTH: JUNE
YEAR: 2022
LATITUDE: 27 30 N
LONGITUDE: 80 22 W
TEMPERATURE IN F: :PCPN: SNOW: WIND :SUNSHINE: SKY :PK WND
================================================================================
1 2 3 4 5 6A 6B 7 8 9 10 11 12 13 14 15 16 17 18
12Z AVG MX 2MIN
DY MAX MIN AVG DEP HDD CDD WTR SNW DPTH SPD SPD DIR MIN PSBL S-S WX SPD DR
================================================================================
1 84 73 79 1 0 14 1.60 0.0 0 5.3 16 80 M M 7 138 21 100
2 85 70 78 0 0 13 0.00 0.0 0 7.2 17 120 M M 2 26 90
3 79 68 74 -5 0 9 0.37 0.0 0 7.5 18 140 M M 5 1 22 140
4 79 71 75 -4 0 10 3.87 0.0 0 11.1 32 100 M M 9 1 40 110
5 86 70 78 -1 0 13 T 0.0 0 7.1 13 110 M M 4 1 16 70
6 86 71 79 0 0 14 1.27 0.0 0 6.6 25 140 M M 4 138X 35 250
7 87 69 78 -1 0 13 0.00 0.0 0 4.9 18 130 M M 2 22 130
8 87 68 78 -1 0 13 0.01 0.0 0 6.4 21 280 M M 2 3 27 300
9 91 72 82 3 0 17 1.84 0.0 0 7.4 17 260 M M 2 13 29 220
10 90 71 81 2 0 16 1.52 0.0 0 6.7 25 240 M M 3 13 37 220
11 88 69 79 -1 0 14 0.56 0.0 0 5.3 20 290 M M 2 1238 25 300
12 90 72 81 1 0 16 0.00 0.0 0 4.6 15 230 M M 1 21 230
13 89 74 82 2 0 17 0.00 0.0 0 5.8 18 130 M M 1 21 120
14 90 74 82 2 0 17 0.00 0.0 0 5.7 17 120 M M 1 1 23 120
15 89 74 82 2 0 17 0.00 0.0 0 5.3 16 140 M M 0 1 20 120
16 89 73 81 1 0 16 T 0.0 0 3.7 12 90 M M 1 1 17 100
17 87 74 81 1 0 16 0.00 0.0 0 6.9 15 100 M M 2 19 90
18 91 72 82 2 0 17 0.04 0.0 0 4.8 26 320 M M 1 3 38 320
19 92 70 81 1 0 16 0.00 0.0 0 4.9 15 120 M M 1 17 110
20 89 75 82 2 0 17 0.00 0.0 0 8.5 20 100 M M 2 24 110
21 86 76 81 1 0 16 0.00 0.0 0 6.2 16 70 M M 3 22 70
22 85 68 77 -4 0 12 0.00 0.0 0 6.1 14 90 M M 2 19 70
23 92 64 78 -3 0 13 0.00 0.0 0 6.9 17 130 M M 0 21 130
24 93 75 84 3 0 19 T 0.0 0 6.5 22 130 M M 1 26 290
25 90 74 82 1 0 17 T 0.0 0 4.2 14 100 M M 4 13 18 40
26 88 73 81 0 0 16 0.96 0.0 0 4.2 17 80 M M 4 138 26 300
27 88 73 81 0 0 16 T 0.0 0 7.1 18 110 M M 1 1 25 100
28 88 73 81 0 0 16 0.02 0.0 0 8.3 20 110 M M 2 1 27 120
29 87 74 81 0 0 16 0.01 0.0 0 2.4 17 220 M M 2 138 22 210
30 89 73 81 0 0 16 1.80 0.0 0 4.6 25 340 M M 2 138X 35 340
================================================================================
SM 2634 2153 0 452 13.87 0.0 182.2 M 73
================================================================================
AV 87.8 71.8 6.1 FASTST M M 2 MAX(MPH)
MISC ----> 32 100 40 110
================================================================================
NOTES:
# LAST OF SEVERAL OCCURRENCES
COLUMN 17 PEAK WIND IN M.P.H.
PRELIMINARY LOCAL CLIMATOLOGICAL DATA (WS FORM: F-6) , PAGE 2
STATION: FORT PIERCE
MONTH: JUNE
YEAR: 2022
LATITUDE: 27 30 N
LONGITUDE: 80 22 W
[TEMPERATURE DATA] [PRECIPITATION DATA] SYMBOLS USED IN COLUMN 16
AVERAGE MONTHLY: 79.8 TOTAL FOR MONTH: 13.87 1 = FOG OR MIST
DPTR FM NORMAL: -0.1 DPTR FM NORMAL: 7.18 2 = FOG REDUCING VISIBILITY
HIGHEST: 93 ON 24 GRTST 24HR 4.22 ON 3- 4 TO 1/4 MILE OR LESS
LOWEST: 64 ON 23 3 = THUNDER
SNOW, ICE PELLETS, HAIL 4 = ICE PELLETS
TOTAL MONTH: 0.0 INCH 5 = HAIL
GRTST 24HR 0.0 6 = FREEZING RAIN OR DRIZZLE
GRTST DEPTH: 0 7 = DUSTSTORM OR SANDSTORM:
VSBY 1/2 MILE OR LESS
8 = SMOKE OR HAZE
[NO. OF DAYS WITH] [WEATHER - DAYS WITH] 9 = BLOWING SNOW
X = TORNADO
MAX 32 OR BELOW: 0 0.01 INCH OR MORE: 13
MAX 90 OR ABOVE: 9 0.10 INCH OR MORE: 9
MIN 32 OR BELOW: 0 0.50 INCH OR MORE: 8
MIN 0 OR BELOW: 0 1.00 INCH OR MORE: 6
[HDD (BASE 65) ]
TOTAL THIS MO. 0 CLEAR (SCALE 0-3) 23
DPTR FM NORMAL 0 PTCLDY (SCALE 4-7) 6
TOTAL FM JUL 1 250 CLOUDY (SCALE 8-10) 1
DPTR FM NORMAL -167
[CDD (BASE 65) ]
TOTAL THIS MO. 454
DPTR FM NORMAL 7 [PRESSURE DATA]
TOTAL FM JAN 1 1533 HIGHEST SLP 30.19 ON 21
DPTR FM NORMAL 263 LOWEST SLP 29.57 ON 4
[REMARKS]
#FINAL-06-22#