000
CXUS52 KMLB 010726
CF6FPR
PRELIMINARY LOCAL CLIMATOLOGICAL DATA (WS FORM: F-6)
STATION: FORT PIERCE
MONTH: DECEMBER
YEAR: 2023
LATITUDE: 27 30 N
LONGITUDE: 80 22 W
TEMPERATURE IN F: :PCPN: SNOW: WIND :SUNSHINE: SKY :PK WND
================================================================================
1 2 3 4 5 6A 6B 7 8 9 10 11 12 13 14 15 16 17 18
12Z AVG MX 2MIN
DY MAX MIN AVG DEP HDD CDD WTR SNW DPTH SPD SPD DIR MIN PSBL S-S WX SPD DR
================================================================================
1 83 63 73 5 0 8 T 0.0 0 7.0 18 120 M M 3 25 120
2 84 73 79 11 0 14 T 0.0 0 6.9 15 140 M M 2 21 150
3 86 67 77 10 0 12 0.00 0.0 0 4.0 13 290 M M 3 128 17 250
4 85 65 75 8 0 10 0.00 0.0 0 4.9 16 290 M M 3 12 22 280
5 76 54 65 -2 0 0 0.00 0.0 0 4.2 10 300 M M 1 14 330
6 69 50 60 -7 5 0 0.00 0.0 0 9.8 20 310 M M 1 29 310
7 72 50 61 -6 4 0 0.00 0.0 0 6.3 10 30 M M 2 18 30
8 77 57 67 0 0 2 0.00 0.0 0 3.9 14 120 M M 5 19 110
9 82 66 74 7 0 9 T 0.0 0 8.9 21 140 M M 6 28 140
10 84 65 75 9 0 10 0.00 0.0 0 7.4 23 290 M M 4 29 290
11 69 55 62 -4 3 0 0.00 0.0 0 8.5 16 290 M M 1 24 20
12 76 55 66 0 0 1 T 0.0 0 8.2 17 60 M M 5 26 60
13 76 70 73 7 0 8 0.04 0.0 0 10.4 17 50 M M 6 34 50
14 74 69 72 6 0 7 T 0.0 0 14.7 24 80 M M 10 38 60
15 74 68 71 5 0 6 T 0.0 0 16.0 22 110 M M 9 34 60
16 73 68 71 5 0 6 2.02 0.0 0 19.4 38 120 M M 10 18 52 110
17 75 59 67 1 0 2 0.30 0.0 0 15.0 26 220 M M 9 1 41 170
18 71 52 62 -3 3 0 0.00 0.0 0 9.5 20 270 M M 0 1 26 280
19 69 50 60 -5 5 0 0.00 0.0 0 8.8 14 350 M M 1 25 20
20 71 63 67 2 0 2 T 0.0 0 7.6 16 80 M M 10 24 70
21 73 61 67 2 0 2 0.04 0.0 0 7.3 15 30 M M 8 1 27 30
22 74 59 67 2 0 2 0.51 0.0 0 5.3 16 130 M M 7 1 21 130
23 76 62 69 5 0 4 0.00 0.0 0 6.1 15 60 M M 4 22 50
24 76 61 69 5 0 4 0.32 0.0 0 11.0 23 120 M M 6 8 30 110
25 75 68 72 8 0 7 1.45 0.0 0 11.2 22 120 M M 7 1 29 130
26 77 62 70 6 0 5 0.18 0.0 0 6.2 14 290 M M 5 1 19 270
27 76 59 68 4 0 3 0.00 0.0 0 4.7 17 290 M M 2 1 22 290
28 67 57 62 -2 3 0 0.33 0.0 0 4.0 12 150 M M 7 1 15 150
29 67 50 59 -5 6 0 0.00 0.0 0 6.0 16 290 M M 2 12 23 320
30 65 48 57 -6 8 0 0.00 0.0 0 3.1 12 220 M M 3 1 17 220
31 69 44 57 -6 8 0 0.00 0.0 0 2.6 13 300 M M 0 1 17 280
================================================================================
SM 2321 1850 45 124 5.19 0.0 248.9 M 142
================================================================================
AV 74.9 59.7 8.0 FASTST M M 5 MAX(MPH)
MISC ----> 38 120 52 110
================================================================================
NOTES:
# LAST OF SEVERAL OCCURRENCES
COLUMN 17 PEAK WIND IN M.P.H.
PRELIMINARY LOCAL CLIMATOLOGICAL DATA (WS FORM: F-6) , PAGE 2
STATION: FORT PIERCE
MONTH: DECEMBER
YEAR: 2023
LATITUDE: 27 30 N
LONGITUDE: 80 22 W
[TEMPERATURE DATA] [PRECIPITATION DATA] SYMBOLS USED IN COLUMN 16
AVERAGE MONTHLY: 67.3 TOTAL FOR MONTH: 5.19 1 = FOG OR MIST
DPTR FM NORMAL: 1.8 DPTR FM NORMAL: 2.86 2 = FOG REDUCING VISIBILITY
HIGHEST: 86 ON 3 GRTST 24HR 2.23 ON 16-17 TO 1/4 MILE OR LESS
LOWEST: 44 ON 31 3 = THUNDER
SNOW, ICE PELLETS, HAIL 4 = ICE PELLETS
TOTAL MONTH: 0.0 INCH 5 = HAIL
GRTST 24HR 0.0 6 = FREEZING RAIN OR DRIZZLE
GRTST DEPTH: 0 7 = DUSTSTORM OR SANDSTORM:
VSBY 1/2 MILE OR LESS
8 = SMOKE OR HAZE
[NO. OF DAYS WITH] [WEATHER - DAYS WITH] 9 = BLOWING SNOW
X = TORNADO
MAX 32 OR BELOW: 0 0.01 INCH OR MORE: 9
MAX 90 OR ABOVE: 0 0.10 INCH OR MORE: 7
MIN 32 OR BELOW: 0 0.50 INCH OR MORE: 3
MIN 0 OR BELOW: 0 1.00 INCH OR MORE: 2
[HDD (BASE 65) ]
TOTAL THIS MO. 45 CLEAR (SCALE 0-3) 13
DPTR FM NORMAL -47 PTCLDY (SCALE 4-7) 13
TOTAL FM JUL 1 55 CLOUDY (SCALE 8-10) 5
DPTR FM NORMAL -67
[CDD (BASE 65) ]
TOTAL THIS MO. 124
DPTR FM NORMAL 15 [PRESSURE DATA]
TOTAL FM JAN 1 3992 HIGHEST SLP M ON M
DPTR FM NORMAL 602 LOWEST SLP 29.57 ON 17
[REMARKS]
#FINAL-12-23#