000
CXUS54 KTSA 011204
CF6FSM
PRELIMINARY LOCAL CLIMATOLOGICAL DATA (WS FORM: F-6)
STATION: FORT SMITH ARKANSAS
MONTH: FEBRUARY
YEAR: 2022
LATITUDE: 35 19 N
LONGITUDE: 94 22 W
TEMPERATURE IN F: :PCPN: SNOW: WIND :SUNSHINE: SKY :PK WND
================================================================================
1 2 3 4 5 6A 6B 7 8 9 10 11 12 13 14 15 16 17 18
12Z AVG MX 2MIN
DY MAX MIN AVG DEP HDD CDD WTR SNW DPTH SPD SPD DIR MIN PSBL S-S WX SPD DR
================================================================================
1 65 45 55 13 10 0 0.12 0.0 0 5.4 15 150 M M 8 1 22 130
2 55 31 43 1 22 0 0.59 0.0 0 9.2 23 50 M M 10 126 27 50
3 32 21 27 -15 38 0 0.49 2.5 1 10.0 20 10 M M 10 168 25 20
4 35 20 28 -14 37 0 0.01 T 2 8.1 14 250 M M 5 1 21 340
5 42 17 30 -13 35 0 0.00 0.0 0 3.2 9 80 M M 0 12 150
6 54 25 40 -3 25 0 0.00 0.0 0 4.4 10 40 M M 0 14 40
7 54 28 41 -2 24 0 0.00 0.0 0 4.6 16 280 M M 0 21 330
8 65 27 46 3 19 0 0.00 0.0 0 7.7 22 230 M M 0 27 220
9 66 33 50 6 15 0 0.00 0.0 0 7.3 18 280 M M 0 23 280
10 64 32 48 4 17 0 0.00 0.0 0 3.8 16 260 M M 0 20 250
11 73 31 52 8 13 0 0.00 0.0 0 8.5 23 340 M M 1 31 350
12 53 24 39 -5 26 0 0.00 0.0 0 10.8 22 350 M M 2 28 10
13 56 20 38 -6 27 0 0.00 0.0 0 6.2 21 290 M M 0 28 280
14 71 28 50 5 15 0 0.00 0.0 0 4.5 15 240 M M 0 8 19 260
15 68 34 51 6 14 0 0.00 0.0 0 7.2 21 180 M M 0 8 32 180
16 69 58 64 19 1 0 0.04 0.0 0 7.5 21 180 M M 9 33 180
17 66 28 47 1 18 0 0.29 0.0 0 11.2 26 280 M M 9 13 35 280
18 50 21 36 -10 29 0 0.00 0.0 0 2.7 13 350 M M 1 15 350
19 62 26 44 -2 21 0 0.00 0.0 0 3.2 12 20 M M 0 14 10
20 69 33 51 5 14 0 0.00 0.0 0 7.6 22 210 M M 0 8 30 200
21 74 41 58 11 7 0 0.94 0.0 0 8.8 25 340 M M 6 13 32 190
22 63 27 45 -2 20 0 1.11 0.0 0 13.0 31 270 M M 9 13 39 270
23 28 23 26 -21 39 0 0.95 0.5 0 8.8 17 260 M M 9 12346 22 260
24 31 25 28 -19 37 0 0.08 T 1 7.0 16 300 M M 10 136 22 300
25 33 20 27 -21 38 0 0.00 0.0 1 5.4 17 350 M M 4 22 330
26 39 30 35 -13 30 0 0.00 0.0 0 5.6 13 80 M M 7 18 16 80
27 53 27 40 -8 25 0 0.00 0.0 0 5.9 14 240 M M 1 128 18 280
28 65 26 46 -3 19 0 0.00 0.0 0 2.6 13 260 M M 0 17 260
================================================================================
SM 1555 801 635 0 4.62 3.0 190.2 M 101
================================================================================
AV 55.5 28.6 6.8 FASTST M M 4 MAX(MPH)
MISC ----> 31 270 39 270
================================================================================
NOTES:
# LAST OF SEVERAL OCCURRENCES
COLUMN 17 PEAK WIND IN M.P.H.
PRELIMINARY LOCAL CLIMATOLOGICAL DATA (WS FORM: F-6) , PAGE 2
STATION: FORT SMITH ARKANSAS
MONTH: FEBRUARY
YEAR: 2022
LATITUDE: 35 19 N
LONGITUDE: 94 22 W
[TEMPERATURE DATA] [PRECIPITATION DATA] SYMBOLS USED IN COLUMN 16
AVERAGE MONTHLY: 42.1 TOTAL FOR MONTH: 4.62 1 = FOG OR MIST
DPTR FM NORMAL: -2.9 DPTR FM NORMAL: 1.93 2 = FOG REDUCING VISIBILITY
HIGHEST: 74 ON 21 GRTST 24HR 2.05 ON 21-22 TO 1/4 MILE OR LESS
LOWEST: 17 ON 5 3 = THUNDER
SNOW, ICE PELLETS, HAIL 4 = ICE PELLETS
TOTAL MONTH: 3.0 INCHES 5 = HAIL
GRTST 24HR 2.5 ON 3- 3 6 = FREEZING RAIN OR DRIZZLE
GRTST DEPTH: 2 ON 4 7 = DUSTSTORM OR SANDSTORM:
VSBY 1/2 MILE OR LESS
8 = SMOKE OR HAZE
[NO. OF DAYS WITH] [WEATHER - DAYS WITH] 9 = BLOWING SNOW
X = TORNADO
MAX 32 OR BELOW: 3 0.01 INCH OR MORE: 10
MAX 90 OR ABOVE: 0 0.10 INCH OR MORE: 7
MIN 32 OR BELOW: 22 0.50 INCH OR MORE: 4
MIN 0 OR BELOW: 0 1.00 INCH OR MORE: 1
[HDD (BASE 65) ]
TOTAL THIS MO. 635 CLEAR (SCALE 0-3) 16
DPTR FM NORMAL 74 PTCLDY (SCALE 4-7) 5
TOTAL FM JUL 1 2240 CLOUDY (SCALE 8-10) 7
DPTR FM NORMAL -317
[CDD (BASE 65) ]
TOTAL THIS MO. 0
DPTR FM NORMAL -1 [PRESSURE DATA]
TOTAL FM JAN 1 0 HIGHEST SLP 30.63 ON 25
DPTR FM NORMAL 0 LOWEST SLP 29.62 ON 17
[REMARKS]
#FINAL-02-22#