000
CXUS56 KSGX 011045
CF6FUL
PRELIMINARY LOCAL CLIMATOLOGICAL DATA (WS FORM: F-6)
STATION: FULLERTON AIRPORT CA
MONTH: JUNE
YEAR: 2021
LATITUDE: 33 52 N
LONGITUDE: 117 58 W
TEMPERATURE IN F: :PCPN: SNOW: WIND :SUNSHINE: SKY :PK WND
================================================================================
1 2 3 4 5 6A 6B 7 8 9 10 11 12 13 14 15 16 17 18
12Z AVG MX 2MIN
DY MAX MIN AVG DEP HDD CDD WTR SNW DPTH SPD SPD DIR MIN PSBL S-S WX SPD DR
================================================================================
1 79 63 71 3 0 6 0.00 M M 3.8 13 180 M M 6 8 17 160
2 78 62 70 2 0 5 0.00 M M 4.9 13 200 M M 5 18 17 200
3 79 62 71 2 0 6 0.00 M M 4.6 12 180 M M 5 16 200
4 76 61 69 0 0 4 0.00 M M 4.5 13 210 M M 1 17 200
5 78 60 69 0 0 4 0.00 M M 7.2 10 170 M M 5 11 190
6 73 62 68 -1 0 3 0.00 M M 5.9 13 210 M M 5 18 220
7 70 62 66 -3 0 1 0.00 M M 5.7 12 180 M M 10 16 160
8 77 61 69 0 0 4 0.00 M M 3.9 13 190 M M 4 19 200
9 80 59 70 0 0 5 0.00 M M 4.2 12 250 M M 1 20 260
10 80 57 69 -1 0 4 0.00 M M 4.3 13 210 M M 0 17 200
11 85 58 72 2 0 7 0.00 M M 3.5 13 180 M M 0 19 190
12 86 59 73 3 0 8 0.00 M M 4.7 13 190 M M 0 17 220
13 87 62 75 5 0 10 0.00 M M 4.1 13 190 M M 2 18 210
14 94 62 78 8 0 13 0.00 M M 3.9 10 250 M M 1 M M
15 93 65 79 8 0 14 0.00 M M 3.8 10 140 M M 2 13 170
16 84 67 76 5 0 11 0.00 M M 4.2 12 220 M M 0 16 220
17 81 64 73 2 0 8 0.01 M M 3.1 13 220 M M 1 8 23 130
18 79 65 72 1 0 7 T M M 4.5 12 220 M M 4 17 210
19 80 65 73 2 0 8 0.00 M M 3.8 12 200 M M 3 15 200
20 76 63 70 -2 0 5 0.00 M M 4.8 13 220 M M 3 8 22 180
21 82 62 72 0 0 7 0.00 M M 4.2 10 290 M M 3 14 200
22 82 62 72 0 0 7 0.00 M M 4.8 13 210 M M 2 15 190
23 83 64 74 2 0 9 0.00 M M 4.9 13 170 M M 2 17 170
24 81 61 71 -1 0 6 0.00 M M 3.7 12 290 M M 1 8 15 190
25 83 61 72 -1 0 7 0.00 M M 3.5 12 200 M M 0 17 180
26 84 63 74 1 0 9 0.00 M M 4.1 12 180 M M 0 15 210
27 82 64 73 0 0 8 0.00 M M 4.3 12 220 M M 2 18 18 190
28 82 66 74 1 0 9 0.00 M M 4.6 12 180 M M 2 17 220
29 77 66 72 -1 0 7 0.00 M M 4.4 12 210 M M 5 16 200
30 80 66 73 -1 0 8 0.00 M M 4.2 12 190 M M 5 15 210
================================================================================
SM 2431 1874 0 210 0.01 M 132.1 M 80
================================================================================
AV 81.0 62.5 4.4 FASTST M M 3 MAX(MPH)
MISC ----> # 13 180 23 130
================================================================================
NOTES:
# LAST OF SEVERAL OCCURRENCES
COLUMN 17 PEAK WIND IN M.P.H.
PRELIMINARY LOCAL CLIMATOLOGICAL DATA (WS FORM: F-6) , PAGE 2
STATION: FULLERTON AIRPORT CA
MONTH: JUNE
YEAR: 2021
LATITUDE: 33 52 N
LONGITUDE: 117 58 W
[TEMPERATURE DATA] [PRECIPITATION DATA] SYMBOLS USED IN COLUMN 16
AVERAGE MONTHLY: 71.8 TOTAL FOR MONTH: 0.01 1 = FOG OR MIST
DPTR FM NORMAL: 0.9 DPTR FM NORMAL: -0.07 2 = FOG REDUCING VISIBILITY
HIGHEST: 94 ON 14 GRTST 24HR 0.01 ON 17-17 TO 1/4 MILE OR LESS
LOWEST: 57 ON 10 3 = THUNDER
SNOW, ICE PELLETS, HAIL 4 = ICE PELLETS
TOTAL MONTH: M 5 = HAIL
GRTST 24HR M ON M 6 = FREEZING RAIN OR DRIZZLE
GRTST DEPTH: M ON M 7 = DUSTSTORM OR SANDSTORM:
VSBY 1/2 MILE OR LESS
8 = SMOKE OR HAZE
[NO. OF DAYS WITH] [WEATHER - DAYS WITH] 9 = BLOWING SNOW
X = TORNADO
MAX 32 OR BELOW: 0 0.01 INCH OR MORE: 1
MAX 90 OR ABOVE: 2 0.10 INCH OR MORE: 0
MIN 32 OR BELOW: 0 0.50 INCH OR MORE: 0
MIN 0 OR BELOW: 0 1.00 INCH OR MORE: 0
[HDD (BASE 65) ]
TOTAL THIS MO. 0 CLEAR (SCALE 0-3) 19
DPTR FM NORMAL -2 PTCLDY (SCALE 4-7) 10
TOTAL FM JUL 1 815 CLOUDY (SCALE 8-10) 1
DPTR FM NORMAL -233
[CDD (BASE 65) ]
TOTAL THIS MO. 210
DPTR FM NORMAL 34 [PRESSURE DATA]
TOTAL FM JAN 1 417 HIGHEST SLP 30.09 ON 10
DPTR FM NORMAL 70 LOWEST SLP 29.66 ON 27
[REMARKS]
#FINAL-06-21#