000
CXUS51 KPHI 011246
CLMGED
CLIMATE REPORT
NATIONAL WEATHER SERVICE MOUNT HOLLY NJ
846 AM EDT FRI SEP 01 2023
...................................
...THE GEORGETOWN DE CLIMATE SUMMARY FOR THE MONTH OF AUGUST 2023...
CLIMATE NORMAL PERIOD: 1991 TO 2020
CLIMATE RECORD PERIOD: 1948 TO 2023
WEATHER OBSERVED NORMAL DEPART LAST YEAR`S
VALUE DATE(S) VALUE FROM VALUE
NORMAL
..............................................................
TEMPERATURE (F)
RECORD
HIGH 100 08/03/2006
08/13/2002
08/31/1953
LOW 42 08/30/1986
08/29/1986
08/31/1976
HIGHEST 93 MM MM 97
LOWEST 58 MM MM 62
AVG. MAXIMUM 84.7 85.7 -1.0 89.3
AVG. MINIMUM 66.9 67.7 -0.8 69.1
MEAN 75.8 76.7 -0.9 79.2
DAYS MAX >= 90 6 7.9 -1.9 16
DAYS MAX <= 32 0 0.0 0.0 0
DAYS MIN <= 32 0 0.0 0.0 0
DAYS MIN <= 0 0 0.0 0.0 0
PRECIPITATION (INCHES)
RECORD
MAXIMUM 14.15 1967
MINIMUM 0.14 1995
TOTALS 2.16 3.99 -1.83 2.09
DAILY AVG. 0.07 0.13 -0.06 0.07
DAYS >= .01 11 11.8 -0.8 9
DAYS >= .10 5 5.7 -0.7 4
DAYS >= .50 1 2.8 -1.8 1
DAYS >= 1.00 1 1.7 -0.7 0
GREATEST
24 HR. TOTAL 1.47 08/07 TO 08/07 1.31
DEGREE DAYS
HEATING TOTAL 0 0 0 0
SINCE 7/1 0 0 0 MM
COOLING TOTAL 343 363 -20 452
SINCE 1/1 1090 1170 -80 MM
..............................................................
WIND (MPH)
AVERAGE WIND SPEED 5.7
HIGHEST WIND SPEED/DIRECTION 24/210 DATE 08/10
HIGHEST GUST SPEED/DIRECTION 30/210 DATE 08/10
30/030 08/31
SKY COVER
POSSIBLE SUNSHINE (PERCENT) MM
AVERAGE SKY COVER 0.36
NUMBER OF DAYS FAIR 19
NUMBER OF DAYS PC 9
NUMBER OF DAYS CLOUDY 3
AVERAGE RH (PERCENT) 74
WEATHER CONDITIONS. NUMBER OF DAYS WITH
THUNDERSTORM 4 MIXED PRECIP 0
HEAVY RAIN 4 RAIN 3
LIGHT RAIN 11 FREEZING RAIN 0
LT FREEZING RAIN 0 HEAVY SNOW 0
SNOW 0 LIGHT SNOW 0
SLEET 0 FOG 19
FOG W/VIS <= 1/4 MILE 2 HAZE 1
- INDICATES NEGATIVE NUMBERS.
R INDICATES RECORD WAS SET OR TIED.
MM INDICATES DATA IS MISSING.
T INDICATES TRACE AMOUNT.
$$