000
CXUS54 KSHV 011400
CF6GGG
PRELIMINARY LOCAL CLIMATOLOGICAL DATA (WS FORM: F-6)
STATION: LONGVIEW
MONTH: DECEMBER
YEAR: 2022
LATITUDE: 32 22 N
LONGITUDE: 94 43 W
TEMPERATURE IN F: :PCPN: SNOW: WIND :SUNSHINE: SKY :PK WND
================================================================================
1 2 3 4 5 6A 6B 7 8 9 10 11 12 13 14 15 16 17 18
12Z AVG MX 2MIN
DY MAX MIN AVG DEP HDD CDD WTR SNW DPTH SPD SPD DIR MIN PSBL S-S WX SPD DR
================================================================================
1 59 32 46 -6 19 0 T 0.0 0 6.4 16 100 M M 3 24 100
2 72 52 62 10 3 0 0.00 0.0 0 9.5 18 190 M M 10 18 26 210
3 71 56 64 13 1 0 0.00 0.0 0 8.0 16 220 M M 9 24 230
4 63 51 57 6 8 0 0.01 0.0 0 4.4 13 170 M M 10 16 170
5 75 52 64 13 1 0 0.05 0.0 0 8.9 20 220 M M 7 128 28 210
6 78 67 73 22 0 8 T 0.0 0 9.7 18 220 M M 7 26 220
7 83 64 74 24 0 9 0.00 0.0 0 9.0 21 210 M M 5 26 210
8 79 67 73 23 0 8 0.00 0.0 0 9.1 20 200 M M 7 27 190
9 75 64 70 20 0 5 0.02 0.0 0 4.8 12 230 M M 6 18 17 210
10 78 60 69 19 0 4 0.32 0.0 0 6.8 16 350 M M 7 18 22 200
11 62 57 60 10 5 0 0.04 0.0 0 5.9 15 350 M M 10 1 18 360
12 61 55 58 8 7 0 T 0.0 0 7.8 17 120 M M 10 1 26 130
13 70 56 63 14 2 0 0.69 0.0 0 9.5 25 150 M M 10 13 35 160
14 61 42 52 3 13 0 0.10 0.0 0 6.0 20 330 M M 6 3 26 320
15 56 34 45 -4 20 0 0.00 0.0 0 6.1 16 320 M M 0 23 280
16 47 30 39 -10 26 0 0.01 T 0 3.0 10 330 M M 4 4 16 330
17 53 28 41 -8 24 0 0.00 0.0 0 6.8 17 320 M M 0 24 340
18 54 26 40 -8 25 0 0.00 0.0 0 4.5 13 140 M M 1 15 110
19 45 39 42 -6 23 0 0.71 0.0 0 7.2 13 80 M M 10 1 19 100
20 48 33 41 -7 24 0 0.11 0.0 0 4.4 10 20 M M 8 1 16 30
21 53 28 41 -7 24 0 0.00 0.0 0 4.3 14 150 M M 2 1 18 160
22 50 12 31 -17 34 0 0.01 T 0 15.2 33 320 M M 8 1 45 320
23 25 9 17 -31 48 0 0.00 0.0 0 13.9 23 350 M M 0 32 340
24 39 20 30 -18 35 0 0.00 0.0 0 5.4 13 360 M M 0 17 360
25 48 18 33 -15 32 0 0.00 0.0 0 2.4 10 220 M M 0 13 220
26 52 27 40 -8 25 0 0.00 0.0 0 7.1 15 320 M M 0 20 330
27 49 23 36 -12 29 0 0.00 0.0 0 4.5 14 340 M M 0 20 350
28 70 30 50 2 15 0 0.00 0.0 0 11.4 26 190 M M 1 39 190
29 74 60 67 20 0 2 1.86 0.0 0 9.6 21 210 M M 7 3 29 230
30 65 52 59 12 6 0 0.33 0.0 0 2.9 15 90 M M 8 13 22 90
31 70 49 60 13 5 0 T 0.0 0 6.1 18 200 M M 5 12 23 190
================================================================================
SM 1885 1293 454 36 4.26 T 220.6 M 161
================================================================================
AV 60.8 41.7 7.1 FASTST M M 5 MAX(MPH)
MISC ----> 33 320 45 320
================================================================================
NOTES:
# LAST OF SEVERAL OCCURRENCES
COLUMN 17 PEAK WIND IN M.P.H.
PRELIMINARY LOCAL CLIMATOLOGICAL DATA (WS FORM: F-6) , PAGE 2
STATION: LONGVIEW
MONTH: DECEMBER
YEAR: 2022
LATITUDE: 32 22 N
LONGITUDE: 94 43 W
[TEMPERATURE DATA] [PRECIPITATION DATA] SYMBOLS USED IN COLUMN 16
AVERAGE MONTHLY: 51.3 TOTAL FOR MONTH: 4.26 1 = FOG OR MIST
DPTR FM NORMAL: 2.2 DPTR FM NORMAL: -0.26 2 = FOG REDUCING VISIBILITY
HIGHEST: 83 ON 7 GRTST 24HR 2.19 ON 29-30 TO 1/4 MILE OR LESS
LOWEST: 9 ON 23 3 = THUNDER
SNOW, ICE PELLETS, HAIL 4 = ICE PELLETS
TOTAL MONTH: T 5 = HAIL
GRTST 24HR T ON 16-16 6 = FREEZING RAIN OR DRIZZLE
GRTST DEPTH: 0 7 = DUSTSTORM OR SANDSTORM:
VSBY 1/2 MILE OR LESS
8 = SMOKE OR HAZE
[NO. OF DAYS WITH] [WEATHER - DAYS WITH] 9 = BLOWING SNOW
X = TORNADO
MAX 32 OR BELOW: 1 0.01 INCH OR MORE: 13
MAX 90 OR ABOVE: 0 0.10 INCH OR MORE: 7
MIN 32 OR BELOW: 12 0.50 INCH OR MORE: 3
MIN 0 OR BELOW: 0 1.00 INCH OR MORE: 1
[HDD (BASE 65) ]
TOTAL THIS MO. 454 CLEAR (SCALE 0-3) 10
DPTR FM NORMAL -46 PTCLDY (SCALE 4-7) 13
TOTAL FM JUL 1 866 CLOUDY (SCALE 8-10) 8
DPTR FM NORMAL 1
[CDD (BASE 65) ]
TOTAL THIS MO. 36
DPTR FM NORMAL 28 [PRESSURE DATA]
TOTAL FM JAN 1 3030 HIGHEST SLP 30.77 ON 23
DPTR FM NORMAL 418 LOWEST SLP 29.57 ON 13
[REMARKS]
#FINAL-12-22#